12-08 16:31:22.285 D/CdmaSST ( 2509): [CdmaLteSST] NITZ: Auto updating time of day to Tue Dec 08 16:31:39 EST 2015 NITZ receive delay=828ms gained=17544ms from 15/12/08,21:31:39-20,0
12-08 16:31:22.285 D/CdmaSST ( 2509): [CdmaLteSST] setAndBroadcastNetworkSetTime: time=1449610299828ms
12-08 16:31:39.941 D/SubscriptionController( 2509): [getSubId]- sSlotIdxToSubId.size == 0, return DummySubIds slotIdx=0
12-08 16:31:39.941 D/SubscriptionController( 2509): [getSubId]- sSlotIdxToSubId.size == 0, return DummySubIds slotIdx=0
12-08 16:31:39.943 D/SubscriptionController( 2509): [getPhoneId]- invalid subId return=-1
12-08 16:31:39.944 D/SubscriptionController( 2509): [getSubId]- sSlotIdxToSubId.size == 0, return DummySubIds slotIdx=0
12-08 16:31:39.951 D/SubscriptionController( 2509): [getSubId]- sSlotIdxToSubId.size == 0, return DummySubIds slotIdx=0
12-08 16:31:39.961 D/SubscriptionController( 2509): [getSubId]- sSlotIdxToSubId.size == 0, return DummySubIds slotIdx=0
12-08 16:31:39.963 D/use-Rlog/RLOG-RILMM( 247): RILMM_MDM_DeviceIdentityCDMA_onRequestComplete +
12-08 16:31:39.963 D/use-Rlog/RLOG-RILMM( 247): RILMM_MDM_onRequestComplete +
12-08 16:31:39.963 D/use-Rlog/RLOG-RILMM( 247): RILMM_MDM_onRequestComplete -
12-08 16:31:39.963 D/use-Rlog/RLOG-RILMM( 247): RILMM_MDM_DeviceIdentityCDMA_onRequestComplete -
12-08 16:31:39.963 D/RILJ ( 2509): [3677]< RIL_REQUEST_DEVICE_IDENTITY {990001174413070, 9900011744130701, null, 99000117441307} [SUB0]
12-08 16:31:40.192 D/DCT ( 2509): [0]SubscriptionListener.onSubscriptionInfoChanged
12-08 16:31:40.192 D/SubscriptionController( 2509): [getSubId]- sSlotIdxToSubId.size == 0, return DummySubIds slotIdx=0
12-08 16:31:40.192 D/CdmaSST ( 2509): [CdmaLteSST] SubscriptionListener.onSubscriptionInfoChanged
12-08 16:31:40.192 D/SubscriptionController( 2509): [getSubId]- sSlotIdxToSubId.size == 0, return DummySubIds slotIdx=0
12-08 16:31:40.194 D/DCT ( 2509): [0]handleMessage msg={ when=-816ms what=270369 obj=android.os.AsyncResult@5afc928 target=com.android.internal.telephony.dataconnection.DcTracker }
12-08 16:31:40.194 D/DCT ( 2509): [0]onUpdateIcc: newIccRecords null
12-08 16:31:40.194 D/DCT ( 2509): [0]onReceive: action=android.net.wifi.STATE_CHANGE
12-08 16:31:40.194 D/DCT ( 2509): [0]NETWORK_STATE_CHANGED_ACTION: mIsWifiConnected=false
12-08 16:31:40.194 D/DCT ( 2509): [0]onReceive: action=android.net.wifi.WIFI_STATE_CHANGED
12-08 16:31:40.194 D/DCT ( 2509): [0]WIFI_STATE_CHANGED_ACTION: enabled=true mIsWifiConnected=false
12-08 16:31:40.194 D/DCT ( 2509): [0]SubscriptionListener.onSubscriptionInfoChanged
12-08 16:31:40.194 D/SubscriptionController( 2509): [getSubId]- sSlotIdxToSubId.size == 0, return DummySubIds slotIdx=0
12-08 16:31:40.194 D/DCT ( 2509): [0]handleMessage msg={ when=-793ms what=270337 obj=android.os.AsyncResult@8130641 target=com.android.internal.telephony.dataconnection.DcTracker }
12-08 16:31:40.194 D/DCT ( 2509): [0]onRadioAvailable
12-08 16:31:40.194 D/DCT ( 2509): [0]overall state is IDLE
12-08 16:31:40.194 D/DCT ( 2509): [0]handleMessage msg={ when=-794ms what=270345 obj=android.os.AsyncResult@347a7e6 target=com.android.internal.telephony.dataconnection.DcTracker }
12-08 16:31:40.194 D/DCT ( 2509): [0]onDataConnectionDetached: stop polling and notify detached
12-08 16:31:40.194 D/DCT ( 2509): [0]stopNetStatPoll
12-08 16:31:40.194 D/SubscriptionController( 2509): [getSubId]- sSlotIdxToSubId.size == 0, return DummySubIds slotIdx=0
12-08 16:31:40.199 D/DCT ( 2509): [0]notifyDataConnection: reason=dataDetached
12-08 16:31:40.199 D/SubscriptionController( 2509): [getSubId]- sSlotIdxToSubId.size == 0, return DummySubIds slotIdx=0
12-08 16:31:40.200 D/DCT ( 2509): [0]isDataAllowed: not allowed due to - Attached= false - SIM not loaded - SIM not loaded and not NV subscription
12-08 16:31:40.201 D/SubscriptionController( 2509): [getPhoneId]- invalid subId return=-1
12-08 16:31:40.205 D/SubscriptionController( 2509): [getSubId]- sSlotIdxToSubId.size == 0, return DummySubIds slotIdx=0
12-08 16:31:40.206 D/DCT ( 2509): [0]isDataAllowed: not allowed due to - Attached= false - SIM not loaded - SIM not loaded and not NV subscription
12-08 16:31:40.207 D/SubscriptionController( 2509): [getPhoneId]- invalid subId return=-1
12-08 16:31:40.208 D/SubscriptionController( 2509): [getSubId]- sSlotIdxToSubId.size == 0, return DummySubIds slotIdx=0
12-08 16:31:40.212 D/DCT ( 2509): [0]isDataAllowed: not allowed due to - Attached= false - SIM not loaded - SIM not loaded and not NV subscription
12-08 16:31:40.213 D/SubscriptionController( 2509): [getPhoneId]- invalid subId return=-1
12-08 16:31:40.215 D/SubscriptionController( 2509): [getSubId]- sSlotIdxToSubId.size == 0, return DummySubIds slotIdx=0
12-08 16:31:40.221 D/DCT ( 2509): [0]isDataAllowed: not allowed due to - Attached= false - SIM not loaded - SIM not loaded and not NV subscription
12-08 16:31:40.222 D/SubscriptionController( 2509): [getPhoneId]- invalid subId return=-1
12-08 16:31:40.225 D/SubscriptionController( 2509): [getSubId]- sSlotIdxToSubId.size == 0, return DummySubIds slotIdx=0
12-08 16:31:40.228 D/DCT ( 2509): [0]isDataAllowed: not allowed due to - Attached= false - SIM not loaded - SIM not loaded and not NV subscription
12-08 16:31:40.229 D/SubscriptionController( 2509): [getPhoneId]- invalid subId return=-1
12-08 16:31:40.231 D/SubscriptionController( 2509): [getSubId]- sSlotIdxToSubId.size == 0, return DummySubIds slotIdx=0
12-08 16:31:40.238 D/DCT ( 2509): [0]isDataAllowed: not allowed due to - Attached= false - SIM not loaded - SIM not loaded and not NV subscription
12-08 16:31:40.240 D/SubscriptionController( 2509): [getPhoneId]- invalid subId return=-1
12-08 16:31:40.242 D/SubscriptionController( 2509): [getSubId]- sSlotIdxToSubId.size == 0, return DummySubIds slotIdx=0
12-08 16:31:40.243 D/DCT ( 2509): [0]isDataAllowed: not allowed due to - Attached= false - SIM not loaded - SIM not loaded and not NV subscription
12-08 16:31:40.243 D/SubscriptionController( 2509): [getPhoneId]- invalid subId return=-1
12-08 16:31:40.245 D/SubscriptionController( 2509): [getSubId]- sSlotIdxToSubId.size == 0, return DummySubIds slotIdx=0
12-08 16:31:40.246 D/DCT ( 2509): [0]isDataAllowed: not allowed due to - Attached= false - SIM not loaded - SIM not loaded and not NV subscription
12-08 16:31:40.248 D/SubscriptionController( 2509): [getPhoneId]- invalid subId return=-1
12-08 16:31:40.250 D/DCT ( 2509): [0]handleMessage msg={ when=-849ms what=270348 obj=android.os.AsyncResult@c8ec127 target=com.android.internal.telephony.dataconnection.DcTracker }
12-08 16:31:40.250 D/DCT ( 2509): [0]onRoamingOff
12-08 16:31:40.250 D/SubscriptionController( 2509): [getSubId]- sSlotIdxToSubId.size == 0, return DummySubIds slotIdx=0
12-08 16:31:40.250 D/DCT ( 2509): [0]getDataOnRoamingEnabled: phoneSubId=-2 isDataRoamingEnabled=true
12-08 16:31:40.250 D/DCT ( 2509): [0]notifyDataConnection: reason=roamingOff
12-08 16:31:40.250 D/SubscriptionController( 2509): [getSubId]- sSlotIdxToSubId.size == 0, return DummySubIds slotIdx=0
12-08 16:31:40.251 D/DCT ( 2509): [0]isDataAllowed: not allowed due to - Attached= false - SIM not loaded - SIM not loaded and not NV subscription
12-08 16:31:40.255 D/SubscriptionController( 2509): [getPhoneId]- invalid subId return=-1
12-08 16:31:40.259 D/SubscriptionController( 2509): [getSubId]- sSlotIdxToSubId.size == 0, return DummySubIds slotIdx=0
12-08 16:31:40.260 D/DCT ( 2509): [0]isDataAllowed: not allowed due to - Attached= false - SIM not loaded - SIM not loaded and not NV subscription
12-08 16:31:40.260 D/SubscriptionController( 2509): [getPhoneId]- invalid subId return=-1
12-08 16:31:40.262 D/SubscriptionController( 2509): [getSubId]- sSlotIdxToSubId.size == 0, return DummySubIds slotIdx=0
12-08 16:31:40.264 D/DCT ( 2509): [0]isDataAllowed: not allowed due to - Attached= false - SIM not loaded - SIM not loaded and not NV subscription
12-08 16:31:40.272 D/SubscriptionController( 2509): [getPhoneId]- invalid subId return=-1
12-08 16:31:40.274 D/SubscriptionController( 2509): [getSubId]- sSlotIdxToSubId.size == 0, return DummySubIds slotIdx=0
12-08 16:31:40.275 D/DCT ( 2509): [0]isDataAllowed: not allowed due to - Attached= false - SIM not loaded - SIM not loaded and not NV subscription
12-08 16:31:40.277 D/SubscriptionController( 2509): [getPhoneId]- invalid subId return=-1
12-08 16:31:40.279 D/SubscriptionController( 2509): [getSubId]- sSlotIdxToSubId.size == 0, return DummySubIds slotIdx=0
12-08 16:31:40.280 D/DCT ( 2509): [0]isDataAllowed: not allowed due to - Attached= false - SIM not loaded - SIM not loaded and not NV subscription
12-08 16:31:40.281 D/SubscriptionController( 2509): [getPhoneId]- invalid subId return=-1
12-08 16:31:40.284 D/SubscriptionController( 2509): [getSubId]- sSlotIdxToSubId.size == 0, return DummySubIds slotIdx=0
12-08 16:31:40.285 D/DCT ( 2509): [0]isDataAllowed: not allowed due to - Attached= false - SIM not loaded - SIM not loaded and not NV subscription
12-08 16:31:40.286 D/SubscriptionController( 2509): [getPhoneId]- invalid subId return=-1
12-08 16:31:40.290 D/SubscriptionController( 2509): [getSubId]- sSlotIdxToSubId.size == 0, return DummySubIds slotIdx=0
12-08 16:31:40.291 D/DCT ( 2509): [0]isDataAllowed: not allowed due to - Attached= false - SIM not loaded - SIM not loaded and not NV subscription
12-08 16:31:40.292 D/SubscriptionController( 2509): [getPhoneId]- invalid subId return=-1
12-08 16:31:40.297 D/SubscriptionController( 2509): [getSubId]- sSlotIdxToSubId.size == 0, return DummySubIds slotIdx=0
12-08 16:31:40.298 D/DCT ( 2509): [0]isDataAllowed: not allowed due to - Attached= false - SIM not loaded - SIM not loaded and not NV subscription
12-08 16:31:40.299 D/SubscriptionController( 2509): [getPhoneId]- invalid subId return=-1
12-08 16:31:40.301 D/DCT ( 2509): [0]handleMessage msg={ when=-896ms what=270377 obj=android.os.AsyncResult@2cc4fd4 target=com.android.internal.telephony.dataconnection.DcTracker }
12-08 16:31:40.301 D/DCT ( 2509): [0]setupDataOnConnectableApns: nwTypeChanged
12-08 16:31:40.301 D/DCT ( 2509): [0]setupDataOnConnectableApns: apnContext {mApnType=dun mState=IDLE mWaitingApns={null} mWaitingApnsPermanentFailureCountDown=0 mApnSetting={null} mReason=dataEnabled mDataEnabled=false mDependencyMet=true}
12-08 16:31:40.301 D/DCT ( 2509): [0]setupDataOnConnectableApns: apnContext {mApnType=hipri mState=IDLE mWaitingApns={null} mWaitingApnsPermanentFailureCountDown=0 mApnSetting={null} mReason=dataEnabled mDataEnabled=false mDependencyMet=true}
12-08 16:31:40.302 D/DCT ( 2509): [0]setupDataOnConnectableApns: apnContext {mApnType=supl mState=IDLE mWaitingApns={null} mWaitingApnsPermanentFailureCountDown=0 mApnSetting={null} mReason=dataEnabled mDataEnabled=false mDependencyMet=true}
12-08 16:31:40.302 D/DCT ( 2509): [0]setupDataOnConnectableApns: apnContext {mApnType=cbs mState=IDLE mWaitingApns={null} mWaitingApnsPermanentFailureCountDown=0 mApnSetting={null} mReason=dataEnabled mDataEnabled=false mDependencyMet=true}
12-08 16:31:40.302 D/DCT ( 2509): [0]setupDataOnConnectableApns: apnContext {mApnType=mms mState=IDLE mWaitingApns={null} mWaitingApnsPermanentFailureCountDown=0 mApnSetting={null} mReason=dataEnabled mDataEnabled=false mDependencyMet=true}
12-08 16:31:40.302 D/DCT ( 2509): [0]setupDataOnConnectableApns: apnContext {mApnType=fota mState=IDLE mWaitingApns={null} mWaitingApnsPermanentFailureCountDown=0 mApnSetting={null} mReason=dataEnabled mDataEnabled=false mDependencyMet=true}
12-08 16:31:40.302 D/DCT ( 2509): [0]setupDataOnConnectableApns: apnContext {mApnType=ims mState=IDLE mWaitingApns={null} mWaitingApnsPermanentFailureCountDown=0 mApnSetting={null} mReason=dataEnabled mDataEnabled=false mDependencyMet=true}
12-08 16:31:40.302 D/DCT ( 2509): [0]setupDataOnConnectableApns: apnContext {mApnType=default mState=IDLE mWaitingApns={null} mWaitingApnsPermanentFailureCountDown=0 mApnSetting={null} mReason=dataEnabled mDataEnabled=false mDependencyMet=true}
12-08 16:31:40.302 D/DCT ( 2509): [0]onUpdateIcc: newIccRecords null
12-08 16:31:40.302 D/DCT ( 2509): [0]handleMessage msg={ when=-897ms what=270357 target=com.android.internal.telephony.dataconnection.DcTracker }
12-08 16:31:40.302 D/DCT ( 2509): [0]setupDataOnConnectableApns: nwTypeChanged
12-08 16:31:40.302 D/DCT ( 2509): [0]setupDataOnConnectableApns: apnContext {mApnType=dun mState=IDLE mWaitingApns={null} mWaitingApnsPermanentFailureCountDown=0 mApnSetting={null} mReason=dataEnabled mDataEnabled=false mDependencyMet=true}
12-08 16:31:40.302 D/DCT ( 2509): [0]setupDataOnConnectableApns: apnContext {mApnType=hipri mState=IDLE mWaitingApns={null} mWaitingApnsPermanentFailureCountDown=0 mApnSetting={null} mReason=dataEnabled mDataEnabled=false mDependencyMet=true}
12-08 16:31:40.302 D/DCT ( 2509): [0]setupDataOnConnectableApns: apnContext {mApnType=supl mState=IDLE mWaitingApns={null} mWaitingApnsPermanentFailureCountDown=0 mApnSetting={null} mReason=dataEnabled mDataEnabled=false mDependencyMet=true}
12-08 16:31:40.302 D/DCT ( 2509): [0]setupDataOnConnectableApns: apnContext {mApnType=cbs mState=IDLE mWaitingApns={null} mWaitingApnsPermanentFailureCountDown=0 mApnSetting={null} mReason=dataEnabled mDataEnabled=false mDependencyMet=true}
12-08 16:31:40.302 D/DCT ( 2509): [0]setupDataOnConnectableApns: apnContext {mApnType=mms mState=IDLE mWaitingApns={null} mWaitingApnsPermanentFailureCountDown=0 mApnSetting={null} mReason=dataEnabled mDataEnabled=false mDependencyMet=true}
12-08 16:31:40.302 D/DCT ( 2509): [0]setupDataOnConnectableApns: apnContext {mApnType=fota mState=IDLE mWaitingApns={null} mWaitingApnsPermanentFailureCountDown=0 mApnSetting={null} mReason=dataEnabled mDataEnabled=false mDependencyMet=true}
12-08 16:31:40.303 D/DCT ( 2509): [0]setupDataOnConnectableApns: apnContext {mApnType=ims mState=IDLE mWaitingApns={null} mWaitingApnsPermanentFailureCountDown=0 mApnSetting={null} mReason=dataEnabled mDataEnabled=false mDependencyMet=true}
12-08 16:31:40.303 D/DCT ( 2509): [0]setupDataOnConnectableApns: apnContext {mApnType=default mState=IDLE mWaitingApns={null} mWaitingApnsPermanentFailureCountDown=0 mApnSetting={null} mReason=dataEnabled mDataEnabled=false mDependencyMet=true}
12-08 16:31:40.303 D/DCT ( 2509): [0]onUpdateIcc: newIccRecords null
12-08 16:31:40.303 D/DCT ( 2509): [0]handleMessage msg={ when=-809ms what=270365 target=com.android.internal.telephony.dataconnection.DcTracker }
12-08 16:31:40.303 E/DCT ( 2509): [0]handleMessage: Ignore GSM msgs since GSM phone is inactive
12-08 16:31:40.303 E/GSMPhone( 2509): Received message { when=-806ms what=37 obj=android.os.AsyncResult@348c57d target=com.android.internal.telephony.gsm.GSMPhone }[37] while being destroyed. Ignoring.
12-08 16:31:40.306 D/IccCardProxy( 2509): Icc changed. Reregestering.
12-08 16:31:40.306 D/UiccCardApplication( 2509): Notifying 1 registrant: READY
12-08 16:31:40.306 E/IccCardProxy( 2509): setExternalState: set mPhoneId=0 mExternalState=READY
12-08 16:31:40.306 D/TelephonyManager( 2509): setTelephonyProperty: success phoneId=0 property=gsm.sim.state value: READY propVal=READY
12-08 16:31:40.308 D/SubscriptionController( 2509): [getSubId]- sSlotIdxToSubId.size == 0, return DummySubIds slotIdx=0
12-08 16:31:40.308 D/IccCardProxy( 2509): broadcastIccStateChangedIntent intent ACTION_SIM_STATE_CHANGED value=READY reason=null for mPhoneId=0
12-08 16:31:40.347 D/DctController( 2509): EVENT_PHONE1_DATA_DETACH.
12-08 16:31:40.347 D/DcSwitchSM( 2509): [DcSwitchStateMachine-0] DefaultState: shouldn't happen but ignore msg.what=0x44008
12-08 16:31:40.348 D/SubscriptionController( 2509): [getSubId]- sSlotIdxToSubId.size == 0, return DummySubIds slotIdx=0
12-08 16:31:40.348 D/DctController( 2509): [TNF -2]got request NetworkRequest [ id=1, legacyType=-1, [ Capabilities: INTERNET&NOT_RESTRICTED&TRUSTED&NOT_VPN] ] with score 0
12-08 16:31:40.348 D/SubscriptionController( 2509): [getSubId]- sSlotIdxToSubId.size == 0, return DummySubIds slotIdx=0
12-08 16:31:40.348 D/DctController( 2509): [TNF -2]Cellular needs Network for NetworkRequest [ id=1, legacyType=-1, [ Capabilities: INTERNET&NOT_RESTRICTED&TRUSTED&NOT_VPN] ]
12-08 16:31:40.348 D/SubscriptionController( 2509): [getSubId]- sSlotIdxToSubId.size == 0, return DummySubIds slotIdx=0
12-08 16:31:40.348 D/SubscriptionController( 2509): [getSubId]- sSlotIdxToSubId.size == 0, return DummySubIds slotIdx=0
12-08 16:31:40.348 D/DctController( 2509): [TNF -2]Request not useable, pending request.
12-08 16:31:40.348 E/RIL_ImsSms( 2509): IMS State query failed with exp com.android.internal.telephony.CommandException: REQUEST_NOT_SUPPORTED
12-08 16:31:40.348 D/PhoneProxy( 2509): [PhoneProxy] EVENT_REQUEST_VOICE_RADIO_TECH_DONE: newVoiceTech=6
12-08 16:31:40.348 D/PhoneProxy( 2509): [PhoneProxy] phoneObjectUpdater: newVoiceRadioTech=6
12-08 16:31:40.348 D/TelephonyManager( 2509): getLteOnCdmaMode=1 curVal=1 product_type='' lteOnCdmaProductType=''
12-08 16:31:40.348 D/PhoneProxy( 2509): [PhoneProxy] phoneObjectUpdater: LTE ON CDMA property is set. Use CDMA Phone newVoiceRadioTech=6 mActivePhone=CDMA
12-08 16:31:40.348 D/CdmaSSM ( 2509): CDMA_SUBSCRIPTION_SOURCE event = 2
12-08 16:31:40.348 D/UiccController( 2509): Received EVENT_GET_ICC_STATUS_DONE
12-08 16:31:40.348 D/UiccCard( 2509): 3 applications
12-08 16:31:40.349 D/UiccCardApplication( 2509): APPTYPE_USIM update. New {APPTYPE_USIM,APPSTATE_READY,pin1=PINSTATE_DISABLED,pin2=PINSTATE_ENABLED_NOT_VERIFIED}
12-08 16:31:40.350 D/UiccCardApplication( 2509): APPTYPE_CSIM update. New {APPTYPE_CSIM,APPSTATE_READY,pin1=PINSTATE_DISABLED,pin2=PINSTATE_ENABLED_NOT_VERIFIED}
12-08 16:31:40.350 D/UiccCardApplication( 2509): APPTYPE_ISIM update. New {APPTYPE_ISIM,APPSTATE_DETECTED,pin1=PINSTATE_UNKNOWN,pin2=PINSTATE_UNKNOWN}
12-08 16:31:40.350 D/UiccCard( 2509): Before privilege rules: Handler (com.android.internal.telephony.uicc.UiccCarrierPrivilegeRules) {dd65c72} : CARDSTATE_PRESENT
12-08 16:31:40.350 D/UiccCard( 2509): update: radioState=RADIO_ON mLastRadioState=RADIO_ON
12-08 16:31:40.350 D/UiccController( 2509): Notifying IccChangedRegistrants
12-08 16:31:40.350 D/SIMRecords( 2509): [SIMRecords] fetchSimRecords 0
12-08 16:31:40.350 D/RILJ ( 2509): [3678]> getIMSI: GET_IMSI aid: A0000000871002F310FFFF89080000FF [SUB0]
12-08 16:31:40.353 D/use-Rlog/RLOG-RILMM( 247): RILMM_SIM_GetIMSI_onRequest +
12-08 16:31:40.353 D/use-Rlog/RLOG-RILMM( 247): RILMM_SIM_GetIMSI_onRequest Reading aid from RIL Request
12-08 16:31:40.353 I/use-Rlog/RLOG-RILMM( 247): RILMM_SIM_GetIMSI_onRequest Sending req to LTE Modem- RIL_VERSION: 6
12-08 16:31:40.353 D/use-Rlog/RLOG-RILMM( 247): RILMM_MAIN_send_request Sending Request with token = 716
12-08 16:31:40.353 D/use-Rlog/RLOG-RIL-LTE( 247): RILM_SIM_GetImsi_onRequest +
12-08 16:31:40.353 D/use-Rlog/RLOG-RIL-LTE( 247): RILM_SIM_GetImsi_onRequest -
12-08 16:31:40.353 D/use-Rlog/RLOG-RILMM( 247): RILMM_SIM_GetIMSI_onRequest -
12-08 16:31:40.354 D/RILJ ( 2509): [3679]> iccIO: SIM_IO 0xc0 0x2fe2 path: 3F00,0,0,15 aid: A0000000871002F310FFFF89080000FF [SUB0]
12-08 16:31:40.361 D/use-Rlog/RLOG-RILMM( 247): RILMM_SIM_SimIO_onRequest +
12-08 16:31:40.361 D/use-Rlog/RLOG-RILMM( 247): RILMM_SIM_SimIO_onRequest Reading aid from SIM_IO Req
12-08 16:31:40.361 D/use-Rlog/RLOG-RILMM( 247): RILMM_SIM_SimIO_onRequest Sending req to LTE Modem- RIL_VERSION: 6
12-08 16:31:40.361 D/use-Rlog/RLOG-RILMM( 247): RILMM_SIM_SendRequesttoLTE +
12-08 16:31:40.362 D/use-Rlog/RLOG-RILMM( 247): RILMM_MAIN_send_request Sending Request with token = 717
12-08 16:31:40.362 D/use-Rlog/RLOG-RIL-LTE( 247): RILM_SIM_SimIO_onRequest +
12-08 16:31:40.362 D/use-Rlog/RLOG-RIL-LTE( 247): RILM_SIM_SimIO_onRequest Reading aid from SIM_IO Request
12-08 16:31:40.362 D/use-Rlog/RLOG-RIL-LTE( 247): is_input_ril_sim_io_valid is_input_ril_sim_io_valid = 0
12-08 16:31:40.362 D/use-Rlog/RLOG-RIL-LTE( 247): RILM_SIM_SimIO_onRequest Received AID. RIL_VERSION: 6
12-08 16:31:40.362 D/use-Rlog/RLOG-RIL-LTE( 247): RILM_SIM_SimIO_onRequest -
12-08 16:31:40.362 D/use-Rlog/RLOG-RILMM( 247): RILMM_SIM_SendRequesttoLTE -
12-08 16:31:40.362 D/use-Rlog/RLOG-RILMM( 247): RILMM_SIM_SimIO_onRequest -
12-08 16:31:40.365 D/RILJ ( 2509): [3680]> iccIO: SIM_IO 0xc0 0x6f40 path: 3F007FFF,0,0,15 aid: A0000000871002F310FFFF89080000FF [SUB0]
12-08 16:31:40.370 D/RILJ ( 2509): [3681]> iccIO: SIM_IO 0xc0 0x6fc9 path: 3F007FFF,0,0,15 aid: A0000000871002F310FFFF89080000FF [SUB0]
12-08 16:31:40.371 D/use-Rlog/RLOG-RILMM( 247): RILMM_SIM_SimIO_onRequest +
12-08 16:31:40.371 D/use-Rlog/RLOG-RILMM( 247): RILMM_SIM_SimIO_onRequest Reading aid from SIM_IO Req
12-08 16:31:40.371 D/use-Rlog/RLOG-RILMM( 247): RILMM_SIM_SimIO_onRequest Sending req to LTE Modem- RIL_VERSION: 6
12-08 16:31:40.371 D/use-Rlog/RLOG-RILMM( 247): RILMM_SIM_SendRequesttoLTE +
12-08 16:31:40.371 D/RILJ ( 2509): [3682]> iccIO: SIM_IO 0xc0 0x6fad path: 3F007FFF,0,0,15 aid: A0000000871002F310FFFF89080000FF [SUB0]
12-08 16:31:40.371 D/use-Rlog/RLOG-RILMM( 247): RILMM_MAIN_send_request Sending Request with token = 718
12-08 16:31:40.371 D/use-Rlog/RLOG-RIL-LTE( 247): RILM_SIM_SimIO_onRequest +
12-08 16:31:40.371 D/use-Rlog/RLOG-RIL-LTE( 247): RILM_SIM_SimIO_onRequest Reading aid from SIM_IO Request
12-08 16:31:40.371 D/use-Rlog/RLOG-RIL-LTE( 247): is_input_ril_sim_io_valid is_input_ril_sim_io_valid = 0
12-08 16:31:40.371 D/use-Rlog/RLOG-RIL-LTE( 247): RILM_SIM_SimIO_onRequest Received AID. RIL_VERSION: 6
12-08 16:31:40.371 D/use-Rlog/RLOG-RIL-LTE( 247): RILM_SIM_SimIO_onRequest -
12-08 16:31:40.371 D/use-Rlog/RLOG-RILMM( 247): RILMM_SIM_SendRequesttoLTE -
12-08 16:31:40.371 D/use-Rlog/RLOG-RILMM( 247): RILMM_SIM_SimIO_onRequest -
12-08 16:31:40.372 D/use-Rlog/RLOG-RILMM( 247): RILMM_SIM_SimIO_onRequest +
12-08 16:31:40.372 D/use-Rlog/RLOG-RILMM( 247): RILMM_SIM_SimIO_onRequest Reading aid from SIM_IO Req
12-08 16:31:40.372 D/use-Rlog/RLOG-RILMM( 247): RILMM_SIM_SimIO_onRequest Sending req to LTE Modem- RIL_VERSION: 6
12-08 16:31:40.372 D/use-Rlog/RLOG-RILMM( 247): RILMM_SIM_SendRequesttoLTE +
12-08 16:31:40.372 D/use-Rlog/RLOG-RILMM( 247): RILMM_MAIN_send_request Sending Request with token = 719
12-08 16:31:40.372 D/use-Rlog/RLOG-RIL-LTE( 247): RILM_SIM_SimIO_onRequest +
12-08 16:31:40.372 D/use-Rlog/RLOG-RIL-LTE( 247): RILM_SIM_SimIO_onRequest Reading aid from SIM_IO Request
12-08 16:31:40.372 D/use-Rlog/RLOG-RIL-LTE( 247): is_input_ril_sim_io_valid is_input_ril_sim_io_valid = 0
12-08 16:31:40.372 D/use-Rlog/RLOG-RIL-LTE( 247): RILM_SIM_SimIO_onRequest Received AID. RIL_VERSION: 6
12-08 16:31:40.372 D/use-Rlog/RLOG-RIL-LTE( 247): RILM_SIM_SimIO_onRequest -
12-08 16:31:40.372 D/use-Rlog/RLOG-RILMM( 247): RILMM_SIM_SendRequesttoLTE -
12-08 16:31:40.372 D/use-Rlog/RLOG-RILMM( 247): RILMM_SIM_SimIO_onRequest -
12-08 16:31:40.372 D/RILJ ( 2509): [3683]> iccIO: SIM_IO 0xc0 0x6fca path: 3F007FFF,0,0,15 aid: A0000000871002F310FFFF89080000FF [SUB0]
12-08 16:31:40.373 D/SubscriptionController( 2509): [getActiveSubInfoList]+
12-08 16:31:40.373 D/use-Rlog/RLOG-RILMM( 247): RILMM_SIM_SimIO_onRequest +
12-08 16:31:40.373 D/use-Rlog/RLOG-RILMM( 247): RILMM_SIM_SimIO_onRequest Reading aid from SIM_IO Req
12-08 16:31:40.373 D/use-Rlog/RLOG-RILMM( 247): RILMM_SIM_SimIO_onRequest Sending req to LTE Modem- RIL_VERSION: 6
12-08 16:31:40.373 D/use-Rlog/RLOG-RILMM( 247): RILMM_SIM_SendRequesttoLTE +
12-08 16:31:40.373 D/use-Rlog/RLOG-RILMM( 247): RILMM_MAIN_send_request Sending Request with token = 720
12-08 16:31:40.373 D/use-Rlog/RLOG-RIL-LTE( 247): RILM_SIM_SimIO_onRequest +
12-08 16:31:40.373 D/use-Rlog/RLOG-RIL-LTE( 247): RILM_SIM_SimIO_onRequest Reading aid from SIM_IO Request
12-08 16:31:40.373 D/use-Rlog/RLOG-RIL-LTE( 247): is_input_ril_sim_io_valid is_input_ril_sim_io_valid = 0
12-08 16:31:40.373 D/use-Rlog/RLOG-RIL-LTE( 247): RILM_SIM_SimIO_onRequest Received AID. RIL_VERSION: 6
12-08 16:31:40.373 D/use-Rlog/RLOG-RIL-LTE( 247): RILM_SIM_SimIO_onRequest -
12-08 16:31:40.373 D/use-Rlog/RLOG-RILMM( 247): RILMM_SIM_SendRequesttoLTE -
12-08 16:31:40.373 D/use-Rlog/RLOG-RILMM( 247): RILMM_SIM_SimIO_onRequest -
12-08 16:31:40.376 D/RILJ ( 2509): [3684]> iccIO: SIM_IO 0xc0 0x6f11 path: 3F007FFF,0,0,15 aid: A0000000871002F310FFFF89080000FF [SUB0]
12-08 16:31:40.377 D/use-Rlog/RLOG-RILMM( 247): RILMM_SIM_SimIO_onRequest +
12-08 16:31:40.377 D/use-Rlog/RLOG-RILMM( 247): RILMM_SIM_SimIO_onRequest Reading aid from SIM_IO Req
12-08 16:31:40.377 D/use-Rlog/RLOG-RILMM( 247): RILMM_SIM_SimIO_onRequest Sending req to LTE Modem- RIL_VERSION: 6
12-08 16:31:40.377 D/use-Rlog/RLOG-RILMM( 247): RILMM_SIM_SendRequesttoLTE +
12-08 16:31:40.377 D/use-Rlog/RLOG-RILMM( 247): RILMM_MAIN_send_request Sending Request with token = 721
12-08 16:31:40.377 D/use-Rlog/RLOG-RIL-LTE( 247): RILM_SIM_SimIO_onRequest +
12-08 16:31:40.377 D/use-Rlog/RLOG-RIL-LTE( 247): RILM_SIM_SimIO_onRequest Reading aid from SIM_IO Request
12-08 16:31:40.377 D/use-Rlog/RLOG-RIL-LTE( 247): is_input_ril_sim_io_valid is_input_ril_sim_io_valid = 0
12-08 16:31:40.377 D/use-Rlog/RLOG-RIL-LTE( 247): RILM_SIM_SimIO_onRequest Received AID. RIL_VERSION: 6
12-08 16:31:40.377 D/use-Rlog/RLOG-RIL-LTE( 247): RILM_SIM_SimIO_onRequest -
12-08 16:31:40.377 D/use-Rlog/RLOG-RILMM( 247): RILMM_SIM_SendRequesttoLTE -
12-08 16:31:40.377 D/use-Rlog/RLOG-RILMM( 247): RILMM_SIM_SimIO_onRequest -
12-08 16:31:40.384 D/RILJ ( 2509): [3685]> iccIO: SIM_IO 0xc0 0x6fcb path: 3F007FFF,0,0,15 aid: A0000000871002F310FFFF89080000FF [SUB0]
12-08 16:31:40.385 D/use-Rlog/RLOG-RILMM( 247): RILMM_SIM_SimIO_onRequest +
12-08 16:31:40.385 D/use-Rlog/RLOG-RILMM( 247): RILMM_SIM_SimIO_onRequest Reading aid from SIM_IO Req
12-08 16:31:40.385 D/use-Rlog/RLOG-RILMM( 247): RILMM_SIM_SimIO_onRequest Sending req to LTE Modem- RIL_VERSION: 6
12-08 16:31:40.385 D/use-Rlog/RLOG-RILMM( 247): RILMM_SIM_SendRequesttoLTE +
12-08 16:31:40.385 D/use-Rlog/RLOG-RILMM( 247): RILMM_MAIN_send_request Sending Request with token = 722
12-08 16:31:40.385 D/use-Rlog/RLOG-RIL-LTE( 247): RILM_SIM_SimIO_onRequest +
12-08 16:31:40.385 D/use-Rlog/RLOG-RIL-LTE( 247): RILM_SIM_SimIO_onRequest Reading aid from SIM_IO Request
12-08 16:31:40.385 D/use-Rlog/RLOG-RIL-LTE( 247): is_input_ril_sim_io_valid is_input_ril_sim_io_valid = 0
12-08 16:31:40.385 D/use-Rlog/RLOG-RIL-LTE( 247): RILM_SIM_SimIO_onRequest Received AID. RIL_VERSION: 6
12-08 16:31:40.385 D/use-Rlog/RLOG-RIL-LTE( 247): RILM_SIM_SimIO_onRequest -
12-08 16:31:40.385 D/use-Rlog/RLOG-RILMM( 247): RILMM_SIM_SendRequesttoLTE -
12-08 16:31:40.385 D/use-Rlog/RLOG-RILMM( 247): RILMM_SIM_SimIO_onRequest -
12-08 16:31:40.392 D/RILJ ( 2509): [3686]> iccIO: SIM_IO 0xc0 0x6f13 path: 3F007FFF,0,0,15 aid: A0000000871002F310FFFF89080000FF [SUB0]
12-08 16:31:40.396 D/use-Rlog/RLOG-RILMM( 247): RILMM_SIM_SimIO_onRequest +
12-08 16:31:40.396 D/use-Rlog/RLOG-RILMM( 247): RILMM_SIM_SimIO_onRequest Reading aid from SIM_IO Req
12-08 16:31:40.396 D/use-Rlog/RLOG-RILMM( 247): RILMM_SIM_SimIO_onRequest Sending req to LTE Modem- RIL_VERSION: 6
12-08 16:31:40.396 D/use-Rlog/RLOG-RILMM( 247): RILMM_SIM_SendRequesttoLTE +
12-08 16:31:40.396 D/use-Rlog/RLOG-RILMM( 247): RILMM_MAIN_send_request Sending Request with token = 723
12-08 16:31:40.396 D/use-Rlog/RLOG-RIL-LTE( 247): RILM_SIM_SimIO_onRequest +
12-08 16:31:40.396 D/use-Rlog/RLOG-RIL-LTE( 247): RILM_SIM_SimIO_onRequest Reading aid from SIM_IO Request
12-08 16:31:40.396 D/use-Rlog/RLOG-RIL-LTE( 247): is_input_ril_sim_io_valid is_input_ril_sim_io_valid = 0
12-08 16:31:40.396 D/use-Rlog/RLOG-RIL-LTE( 247): RILM_SIM_SimIO_onRequest Received AID. RIL_VERSION: 6
12-08 16:31:40.396 D/RILJ ( 2509): [3687]> iccIO: SIM_IO 0xc0 0x6f46 path: 3F007FFF,0,0,15 aid: A0000000871002F310FFFF89080000FF [SUB0]
12-08 16:31:40.396 D/use-Rlog/RLOG-RIL-LTE( 247): RILM_SIM_SimIO_onRequest -
12-08 16:31:40.396 D/use-Rlog/RLOG-RILMM( 247): RILMM_SIM_SendRequesttoLTE -
12-08 16:31:40.396 D/use-Rlog/RLOG-RILMM( 247): RILMM_SIM_SimIO_onRequest -
12-08 16:31:40.396 D/use-Rlog/RLOG-RILMM( 247): RILMM_SIM_SimIO_onRequest +
12-08 16:31:40.396 D/use-Rlog/RLOG-RILMM( 247): RILMM_SIM_SimIO_onRequest Reading aid from SIM_IO Req
12-08 16:31:40.396 D/use-Rlog/RLOG-RILMM( 247): RILMM_SIM_SimIO_onRequest Sending req to LTE Modem- RIL_VERSION: 6
12-08 16:31:40.396 D/use-Rlog/RLOG-RILMM( 247): RILMM_SIM_SendRequesttoLTE +
12-08 16:31:40.397 D/use-Rlog/RLOG-RILMM( 247): RILMM_MAIN_send_request Sending Request with token = 724
12-08 16:31:40.397 D/use-Rlog/RLOG-RIL-LTE( 247): RILM_SIM_SimIO_onRequest +
12-08 16:31:40.397 D/use-Rlog/RLOG-RIL-LTE( 247): RILM_SIM_SimIO_onRequest Reading aid from SIM_IO Request
12-08 16:31:40.397 D/use-Rlog/RLOG-RIL-LTE( 247): is_input_ril_sim_io_valid is_input_ril_sim_io_valid = 0
12-08 16:31:40.397 D/use-Rlog/RLOG-RIL-LTE( 247): RILM_SIM_SimIO_onRequest Received AID. RIL_VERSION: 6
12-08 16:31:40.397 D/use-Rlog/RLOG-RIL-LTE( 247): RILM_SIM_SimIO_onRequest -
12-08 16:31:40.397 D/use-Rlog/RLOG-RILMM( 247): RILMM_SIM_SendRequesttoLTE -
12-08 16:31:40.397 D/use-Rlog/RLOG-RILMM( 247): RILMM_SIM_SimIO_onRequest -
12-08 16:31:40.401 D/RILJ ( 2509): [3688]> iccIO: SIM_IO 0xc0 0x6fcd path: 3F007FFF,0,0,15 aid: A0000000871002F310FFFF89080000FF [SUB0]
12-08 16:31:40.401 D/use-Rlog/RLOG-RILMM( 247): RILMM_SIM_SimIO_onRequest +
12-08 16:31:40.401 D/use-Rlog/RLOG-RILMM( 247): RILMM_SIM_SimIO_onRequest Reading aid from SIM_IO Req
12-08 16:31:40.401 D/use-Rlog/RLOG-RILMM( 247): RILMM_SIM_SimIO_onRequest Sending req to LTE Modem- RIL_VERSION: 6
12-08 16:31:40.401 D/use-Rlog/RLOG-RILMM( 247): RILMM_SIM_SendRequesttoLTE +
12-08 16:31:40.401 D/use-Rlog/RLOG-RILMM( 247): RILMM_MAIN_send_request Sending Request with token = 725
12-08 16:31:40.401 D/use-Rlog/RLOG-RIL-LTE( 247): RILM_SIM_SimIO_onRequest +
12-08 16:31:40.401 D/use-Rlog/RLOG-RIL-LTE( 247): RILM_SIM_SimIO_onRequest Reading aid from SIM_IO Request
12-08 16:31:40.401 D/use-Rlog/RLOG-RIL-LTE( 247): is_input_ril_sim_io_valid is_input_ril_sim_io_valid = 0
12-08 16:31:40.402 D/use-Rlog/RLOG-RIL-LTE( 247): RILM_SIM_SimIO_onRequest Received AID. RIL_VERSION: 6
12-08 16:31:40.402 D/use-Rlog/RLOG-RIL-LTE( 247): RILM_SIM_SimIO_onRequest -
12-08 16:31:40.402 D/use-Rlog/RLOG-RILMM( 247): RILMM_SIM_SendRequesttoLTE -
12-08 16:31:40.402 D/use-Rlog/RLOG-RILMM( 247): RILMM_SIM_SimIO_onRequest -
12-08 16:31:40.423 D/RILJ ( 2509): [3689]> iccIO: SIM_IO 0xc0 0x6fc5 path: 3F007FFF,0,0,15 aid: A0000000871002F310FFFF89080000FF [SUB0]
12-08 16:31:40.423 D/use-Rlog/RLOG-RILMM( 247): RILMM_SIM_SimIO_onRequest +
12-08 16:31:40.423 D/use-Rlog/RLOG-RILMM( 247): RILMM_SIM_SimIO_onRequest Reading aid from SIM_IO Req
12-08 16:31:40.424 D/use-Rlog/RLOG-RILMM( 247): RILMM_SIM_SimIO_onRequest Sending req to LTE Modem- RIL_VERSION: 6
12-08 16:31:40.424 D/use-Rlog/RLOG-RILMM( 247): RILMM_SIM_SendRequesttoLTE +
12-08 16:31:40.424 D/use-Rlog/RLOG-RILMM( 247): RILMM_MAIN_send_request Sending Request with token = 726
12-08 16:31:40.424 D/use-Rlog/RLOG-RIL-LTE( 247): RILM_SIM_SimIO_onRequest +
12-08 16:31:40.424 D/use-Rlog/RLOG-RIL-LTE( 247): RILM_SIM_SimIO_onRequest Reading aid from SIM_IO Request
12-08 16:31:40.424 D/use-Rlog/RLOG-RIL-LTE( 247): is_input_ril_sim_io_valid is_input_ril_sim_io_valid = 0
12-08 16:31:40.424 D/use-Rlog/RLOG-RIL-LTE( 247): RILM_SIM_SimIO_onRequest Received AID. RIL_VERSION: 6
12-08 16:31:40.424 D/use-Rlog/RLOG-RIL-LTE( 247): RILM_SIM_SimIO_onRequest -
12-08 16:31:40.424 D/use-Rlog/RLOG-RILMM( 247): RILMM_SIM_SendRequesttoLTE -
12-08 16:31:40.424 D/use-Rlog/RLOG-RILMM( 247): RILMM_SIM_SimIO_onRequest -
12-08 16:31:40.427 D/SubscriptionController( 2509): [getPhoneId]- no sims, returning default phoneId=2147483647
12-08 16:31:40.435 D/RILJ ( 2509): [3690]> iccIO: SIM_IO 0xc0 0x6f38 path: 3F007FFF,0,0,15 aid: A0000000871002F310FFFF89080000FF [SUB0]
12-08 16:31:40.436 D/use-Rlog/RLOG-RILMM( 247): RILMM_SIM_SimIO_onRequest +
12-08 16:31:40.436 D/use-Rlog/RLOG-RILMM( 247): RILMM_SIM_SimIO_onRequest Reading aid from SIM_IO Req
12-08 16:31:40.436 D/use-Rlog/RLOG-RILMM( 247): RILMM_SIM_SimIO_onRequest Sending req to LTE Modem- RIL_VERSION: 6
12-08 16:31:40.436 D/use-Rlog/RLOG-RILMM( 247): RILMM_SIM_SendRequesttoLTE +
12-08 16:31:40.436 D/use-Rlog/RLOG-RILMM( 247): RILMM_MAIN_send_request Sending Request with token = 727
12-08 16:31:40.436 D/use-Rlog/RLOG-RIL-LTE( 247): RILM_SIM_SimIO_onRequest +
12-08 16:31:40.436 D/use-Rlog/RLOG-RIL-LTE( 247): RILM_SIM_SimIO_onRequest Reading aid from SIM_IO Request
12-08 16:31:40.436 D/use-Rlog/RLOG-RIL-LTE( 247): is_input_ril_sim_io_valid is_input_ril_sim_io_valid = 0
12-08 16:31:40.436 D/use-Rlog/RLOG-RIL-LTE( 247): RILM_SIM_SimIO_onRequest Received AID. RIL_VERSION: 6
12-08 16:31:40.436 D/use-Rlog/RLOG-RIL-LTE( 247): RILM_SIM_SimIO_onRequest -
12-08 16:31:40.436 D/use-Rlog/RLOG-RILMM( 247): RILMM_SIM_SendRequesttoLTE -
12-08 16:31:40.436 D/use-Rlog/RLOG-RILMM( 247): RILMM_SIM_SimIO_onRequest -
12-08 16:31:40.439 D/RILJ ( 2509): [3691]> iccIO: SIM_IO 0xc0 0x6f16 path: 3F007FFF,0,0,15 aid: A0000000871002F310FFFF89080000FF [SUB0]
12-08 16:31:40.441 D/use-Rlog/RLOG-RILMM( 247): RILMM_SIM_SimIO_onRequest +
12-08 16:31:40.441 D/use-Rlog/RLOG-RILMM( 247): RILMM_SIM_SimIO_onRequest Reading aid from SIM_IO Req
12-08 16:31:40.441 D/use-Rlog/RLOG-RILMM( 247): RILMM_SIM_SimIO_onRequest Sending req to LTE Modem- RIL_VERSION: 6
12-08 16:31:40.441 D/use-Rlog/RLOG-RILMM( 247): RILMM_SIM_SendRequesttoLTE +
12-08 16:31:40.441 D/use-Rlog/RLOG-RILMM( 247): RILMM_MAIN_send_request Sending Request with token = 728
12-08 16:31:40.441 D/use-Rlog/RLOG-RIL-LTE( 247): RILM_SIM_SimIO_onRequest +
12-08 16:31:40.441 D/use-Rlog/RLOG-RIL-LTE( 247): RILM_SIM_SimIO_onRequest Reading aid from SIM_IO Request
12-08 16:31:40.441 D/use-Rlog/RLOG-RIL-LTE( 247): is_input_ril_sim_io_valid is_input_ril_sim_io_valid = 0
12-08 16:31:40.441 D/use-Rlog/RLOG-RIL-LTE( 247): RILM_SIM_SimIO_onRequest Received AID. RIL_VERSION: 6
12-08 16:31:40.441 D/use-Rlog/RLOG-RIL-LTE( 247): RILM_SIM_SimIO_onRequest -
12-08 16:31:40.441 D/use-Rlog/RLOG-RILMM( 247): RILMM_SIM_SendRequesttoLTE -
12-08 16:31:40.441 D/use-Rlog/RLOG-RILMM( 247): RILMM_SIM_SimIO_onRequest -
12-08 16:31:40.442 D/RILJ ( 2509): [3692]> iccIO: SIM_IO 0xc0 0x6f15 path: 3F007FFF,0,0,15 aid: A0000000871002F310FFFF89080000FF [SUB0]
12-08 16:31:40.444 D/use-Rlog/RLOG-RILMM( 247): RILMM_SIM_SimIO_onRequest +
12-08 16:31:40.444 D/use-Rlog/RLOG-RILMM( 247): RILMM_SIM_SimIO_onRequest Reading aid from SIM_IO Req
12-08 16:31:40.444 D/use-Rlog/RLOG-RILMM( 247): RILMM_SIM_SimIO_onRequest Sending req to LTE Modem- RIL_VERSION: 6
12-08 16:31:40.444 D/use-Rlog/RLOG-RILMM( 247): RILMM_SIM_SendRequesttoLTE +
12-08 16:31:40.444 D/use-Rlog/RLOG-RILMM( 247): RILMM_MAIN_send_request Sending Request with token = 729
12-08 16:31:40.444 D/use-Rlog/RLOG-RIL-LTE( 247): RILM_SIM_SimIO_onRequest +
12-08 16:31:40.444 D/use-Rlog/RLOG-RIL-LTE( 247): RILM_SIM_SimIO_onRequest Reading aid from SIM_IO Request
12-08 16:31:40.444 D/use-Rlog/RLOG-RIL-LTE( 247): is_input_ril_sim_io_valid is_input_ril_sim_io_valid = 0
12-08 16:31:40.444 D/use-Rlog/RLOG-RIL-LTE( 247): RILM_SIM_SimIO_onRequest Received AID. RIL_VERSION: 6
12-08 16:31:40.444 D/use-Rlog/RLOG-RIL-LTE( 247): RILM_SIM_SimIO_onRequest -
12-08 16:31:40.444 D/use-Rlog/RLOG-RILMM( 247): RILMM_SIM_SendRequesttoLTE -
12-08 16:31:40.444 D/use-Rlog/RLOG-RILMM( 247): RILMM_SIM_SimIO_onRequest -
12-08 16:31:40.448 D/use-Rlog/RLOG-RILMM( 247): RILMM_SIM_SimIO_onRequest +
12-08 16:31:40.448 D/use-Rlog/RLOG-RILMM( 247): RILMM_SIM_SimIO_onRequest Reading aid from SIM_IO Req
12-08 16:31:40.448 D/use-Rlog/RLOG-RILMM( 247): RILMM_SIM_SimIO_onRequest Sending req to LTE Modem- RIL_VERSION: 6
12-08 16:31:40.448 D/use-Rlog/RLOG-RILMM( 247): RILMM_SIM_SendRequesttoLTE +
12-08 16:31:40.448 D/use-Rlog/RLOG-RILMM( 247): RILMM_MAIN_send_request Sending Request with token = 730
12-08 16:31:40.448 D/use-Rlog/RLOG-RIL-LTE( 247): RILM_SIM_SimIO_onRequest +
12-08 16:31:40.448 D/use-Rlog/RLOG-RIL-LTE( 247): RILM_SIM_SimIO_onRequest Reading aid from SIM_IO Request
12-08 16:31:40.448 D/use-Rlog/RLOG-RIL-LTE( 247): is_input_ril_sim_io_valid is_input_ril_sim_io_valid = 0
12-08 16:31:40.449 D/use-Rlog/RLOG-RIL-LTE( 247): RILM_SIM_SimIO_onRequest Received AID. RIL_VERSION: 6
12-08 16:31:40.449 D/use-Rlog/RLOG-RIL-LTE( 247): RILM_SIM_SimIO_onRequest -
12-08 16:31:40.449 D/use-Rlog/RLOG-RILMM( 247): RILMM_SIM_SendRequesttoLTE -
12-08 16:31:40.449 D/use-Rlog/RLOG-RILMM( 247): RILMM_SIM_SimIO_onRequest -
12-08 16:31:40.446 D/RILJ ( 2509): [3693]> iccIO: SIM_IO 0xc0 0x6f3e path: 3F007FFF,0,0,15 aid: A0000000871002F310FFFF89080000FF [SUB0]
12-08 16:31:40.451 D/RILJ ( 2509): [3694]> iccIO: SIM_IO 0xc0 0x6f3f path: 3F007FFF,0,0,15 aid: A0000000871002F310FFFF89080000FF [SUB0]
12-08 16:31:40.452 D/RILJ ( 2509): [3695]> iccIO: SIM_IO 0xc0 0x6f05 path: 3F007FFF,0,0,15 aid: A0000000871002F310FFFF89080000FF [SUB0]
12-08 16:31:40.454 D/use-Rlog/RLOG-RILMM( 247): RILMM_SIM_SimIO_onRequest +
12-08 16:31:40.454 D/use-Rlog/RLOG-RILMM( 247): RILMM_SIM_SimIO_onRequest Reading aid from SIM_IO Req
12-08 16:31:40.600 D/use-Rlog/RLOG-RIL-LTE( 247): RILM_SIM_GetFileInfoReq_Callback +
12-08 16:31:40.600 D/use-Rlog/RLOG-RIL-LTE( 247): RILM_SIM_GetFileInfoReq_Callback operation_result = 1, failure_cause = 4, file_type = 0, record_size = 0 num_records = 0, file_size = 0, invalidate_status = 0, rw_allowed_when_invalidated = 0
12-08 16:31:40.600 D/use-Rlog/RLOG-RILMM( 247): RILMM_SIM_Send_onRequestComplete_to_Apps +
12-08 16:31:40.600 D/use-Rlog/RLOG-RILMM( 247): RILMM_SIM_Send_onRequestComplete_to_Apps -
12-08 16:31:40.600 D/use-Rlog/RLOG-RIL-LTE( 247): RILM_SIM_GetFileInfoReq_Callback -
12-08 16:31:40.600 D/use-Rlog/RLOG-RIL-LTE( 247): RILM_SIM_GetFileInfoReq_Callback +
12-08 16:31:40.600 D/use-Rlog/RLOG-RIL-LTE( 247): RILM_SIM_GetFileInfoReq_Callback operation_result = 0, failure_cause = 4, file_type = 1, record_size = 4 num_records = 1, file_size = 4, invalidate_status = 0, rw_allowed_when_invalidated = 0
12-08 16:31:40.600 D/use-Rlog/RLOG-RILMM( 247): RILMM_SIM_Send_onRequestComplete_to_Apps +
12-08 16:31:40.600 D/use-Rlog/RLOG-RILMM( 247): RILMM_SIM_Send_onRequestComplete_to_Apps -
12-08 16:31:40.600 D/use-Rlog/RLOG-RIL-LTE( 247): RILM_SIM_GetFileInfoReq_Callback -
12-08 16:31:40.601 D/RILJ ( 2509): [3681]< SIM_IO IccIoResponse sw1:0x94 sw2:0x4 [SUB0]
12-08 16:31:40.601 D/RILJ ( 2509): [3682]< SIM_IO IccIoResponse sw1:0x90 sw2:0x0 [SUB0]
12-08 16:31:40.602 I/use-Rlog/RLOG-RIL-MX( 247): Read Ch0 << 0019~+CREG=5,5,3203,0,0,21,3,64,1,3,0080058000000000000ACD1A0076C65F/100,1
12-08 16:31:40.603 D/use-Rlog/RLOG-RILMM( 247): util_get_cdmagsm_ril_modem_mode Modem mode = 1
12-08 16:31:40.603 I/use-Rlog/RLOG-RILMM( 247): RILMM_MM_onUnsolicitedResponse Rx UNSOL_RESPONSE_NETWORK_STATE_CHANGED - CDMA
12-08 16:31:40.603 D/use-Rlog/RLOG-RILMM( 247): RILMM_MAIN_send_request Sending Request with token = 750
12-08 16:31:40.603 I/use-Rlog/RLOG-RIL-MAIN( 247): onReq: reqCode = 22, dataLen = 0
12-08 16:31:40.637 I/use-Rlog/RLOG-RIL-MX( 247): Read Ch7 << 0384+CRSM=144,0,0000000a2fe2040000004404020000
12-08 16:31:40.637 D/use-Rlog/RLOG-RILMM( 247): RILMM_SIM_Send_onRequestComplete_to_Apps +
12-08 16:31:40.638 D/use-Rlog/RLOG-RILMM( 247): RILMM_SIM_Send_onRequestComplete_to_Apps -
12-08 16:31:40.638 I/use-Rlog/RLOG-RIL-MOD( 247): onReqComp: Ch7 process reqCode = 28
12-08 16:31:40.638 I/use-Rlog/RLOG-RIL-MX( 247): Ch7 > 0387AT+CRSM=192,12037,0,0,15,,3F00,,,a0000003431002f310ffff89020000ff
12-08 16:31:40.638 I/use-Rlog/RLOG-RIL-MX( 247):
12-08 16:31:40.638 D/RILJ ( 2509): [3698]< SIM_IO IccIoResponse sw1:0x90 sw2:0x0 [SUB0]
12-08 16:31:40.641 D/CdmaSST ( 2509): [CdmaLteSST] handleMessage: 25
12-08 16:31:40.641 D/CdmaSST ( 2509): [CdmaLteSST] handleMessage: 24
12-08 16:31:40.641 D/CdmaSST ( 2509): [CdmaLteSST] handleMessage: 5
12-08 16:31:40.641 D/CdmaSST ( 2509): [CdmaLteSST] handleMessage EVENT_POLL_STATE_GPRS
12-08 16:31:40.642 D/CdmaCallTracker( 2509): Event EVENT_POLL_CALLS_RESULT Received
12-08 16:31:40.642 D/CdmaCallTracker( 2509): [CdmaCallTracker] update phone state, old=IDLE new=IDLE
12-08 16:31:40.642 D/PhoneBase( 2509): get phone radio capability fail,no need to change mRadioCapability
12-08 16:31:40.644 D/PhoneBase( 2509): EVENT_GET_RADIO_CAPABILITY :phone rc : null
12-08 16:31:40.644 D/PhoneBase( 2509): config LCE service failed: com.android.internal.telephony.CommandException: REQUEST_NOT_SUPPORTED
12-08 16:31:40.644 D/DctController( 2509): handleMessage msg={ when=-742ms what=107 target=com.android.internal.telephony.dataconnection.DctController }
12-08 16:31:40.644 D/DctController( 2509): onSubInfoReady mPhoneNum=1
12-08 16:31:40.644 D/SubscriptionController( 2509): [getSubId]- sSlotIdxToSubId.size == 0, return DummySubIds slotIdx=0
12-08 16:31:40.644 D/DctController( 2509): onSubInfoReady handle pending requests subId=-2
12-08 16:31:40.644 D/SubscriptionController( 2509): [getSubId]- sSlotIdxToSubId.size == 0, return DummySubIds slotIdx=0
12-08 16:31:40.644 D/DctController( 2509): [TNF -2]evalPendingRequest, pending request size is 1
12-08 16:31:40.644 D/SubscriptionController( 2509): [getSubId]- sSlotIdxToSubId.size == 0, return DummySubIds slotIdx=0
12-08 16:31:40.644 D/DctController( 2509): [TNF -2]evalPendingRequest: request = NetworkRequest [ id=1, legacyType=-1, [ Capabilities: INTERNET&NOT_RESTRICTED&TRUSTED&NOT_VPN] ]
12-08 16:31:40.644 D/SubscriptionController( 2509): [getSubId]- sSlotIdxToSubId.size == 0, return DummySubIds slotIdx=0
12-08 16:31:40.644 D/DctController( 2509): [TNF -2]Cellular needs Network for NetworkRequest [ id=1, legacyType=-1, [ Capabilities: INTERNET&NOT_RESTRICTED&TRUSTED&NOT_VPN] ]
12-08 16:31:40.644 D/SubscriptionController( 2509): [getSubId]- sSlotIdxToSubId.size == 0, return DummySubIds slotIdx=0
12-08 16:31:40.644 D/SubscriptionController( 2509): [getSubId]- sSlotIdxToSubId.size == 0, return DummySubIds slotIdx=0
12-08 16:31:40.644 D/DctController( 2509): [TNF -2]Request not useable, pending request.
12-08 16:31:40.645 D/DctController( 2509): processRequests
12-08 16:31:40.645 D/CDMAPhone( 2509): Baseband version: CDMA_N_05.25.00R LTEDC_U_09.1D.00
12-08 16:31:40.651 D/SubscriptionController( 2509): [getSubId]- sSlotIdxToSubId.size == 0, return DummySubIds slotIdx=0
12-08 16:31:40.661 D/SubscriptionController( 2509): [getSubId]- sSlotIdxToSubId.size == 0, return DummySubIds slotIdx=0
12-08 16:31:40.661 D/DCT ( 2509): [0]getDataOnRoamingEnabled: phoneSubId=-2 isDataRoamingEnabled=true
12-08 16:31:40.661 D/SubscriptionController( 2509): [getSubId]- sSlotIdxToSubId.size == 0, return DummySubIds slotIdx=0
12-08 16:31:40.661 D/DCT ( 2509): [0]getDataOnRoamingEnabled: phoneSubId=-2 isDataRoamingEnabled=true
12-08 16:31:40.661 D/SubscriptionController( 2509): [getSubId]- sSlotIdxToSubId.size == 0, return DummySubIds slotIdx=0
12-08 16:31:40.662 D/DCT ( 2509): [0]getDataOnRoamingEnabled: phoneSubId=-2 isDataRoamingEnabled=true
12-08 16:31:40.662 D/SubscriptionController( 2509): [getSubId]- sSlotIdxToSubId.size == 0, return DummySubIds slotIdx=0
12-08 16:31:40.662 D/DCT ( 2509): [0]getDataOnRoamingEnabled: phoneSubId=-2 isDataRoamingEnabled=true
12-08 16:31:40.662 D/SubscriptionController( 2509): [getSubId]- sSlotIdxToSubId.size == 0, return DummySubIds slotIdx=0
12-08 16:31:40.662 D/DCT ( 2509): [0]getDataOnRoamingEnabled: phoneSubId=-2 isDataRoamingEnabled=true
12-08 16:31:40.662 D/SubscriptionController( 2509): [getSubId]- sSlotIdxToSubId.size == 0, return DummySubIds slotIdx=0
12-08 16:31:40.662 D/DCT ( 2509): [0]getDataOnRoamingEnabled: phoneSubId=-2 isDataRoamingEnabled=true
12-08 16:31:40.663 D/SubscriptionController( 2509): [getSubId]- sSlotIdxToSubId.size == 0, return DummySubIds slotIdx=0
12-08 16:31:40.663 D/DCT ( 2509): [0]getDataOnRoamingEnabled: phoneSubId=-2 isDataRoamingEnabled=true
12-08 16:31:40.664 D/SubscriptionController( 2509): [getSubId]- sSlotIdxToSubId.size == 0, return DummySubIds slotIdx=0
12-08 16:31:40.664 D/DCT ( 2509): [0]getDataOnRoamingEnabled: phoneSubId=-2 isDataRoamingEnabled=true
12-08 16:31:40.664 D/SubscriptionController( 2509): [getSubId]- sSlotIdxToSubId.size == 0, return DummySubIds slotIdx=0
12-08 16:31:40.664 D/DCT ( 2509): [0]getDataOnRoamingEnabled: phoneSubId=-2 isDataRoamingEnabled=true
12-08 16:31:40.667 D/SubscriptionController( 2509): [getSubId]- sSlotIdxToSubId.size == 0, return DummySubIds slotIdx=0
12-08 16:31:40.667 D/DCT ( 2509): [0]getDataOnRoamingEnabled: phoneSubId=-2 isDataRoamingEnabled=true
12-08 16:31:40.667 D/SubscriptionController( 2509): [getSubId]- sSlotIdxToSubId.size == 0, return DummySubIds slotIdx=0
12-08 16:31:40.667 D/DCT ( 2509): [0]getDataOnRoamingEnabled: phoneSubId=-2 isDataRoamingEnabled=true
12-08 16:31:40.667 D/SubscriptionController( 2509): [getSubId]- sSlotIdxToSubId.size == 0, return DummySubIds slotIdx=0
12-08 16:31:40.667 D/DCT ( 2509): [0]getDataOnRoamingEnabled: phoneSubId=-2 isDataRoamingEnabled=true
12-08 16:31:40.667 D/SubscriptionController( 2509): [getSubId]- sSlotIdxToSubId.size == 0, return DummySubIds slotIdx=0
12-08 16:31:40.668 D/DCT ( 2509): [0]getDataOnRoamingEnabled: phoneSubId=-2 isDataRoamingEnabled=true
12-08 16:31:40.668 D/SubscriptionController( 2509): [getSubId]- sSlotIdxToSubId.size == 0, return DummySubIds slotIdx=0
12-08 16:31:40.668 D/DCT ( 2509): [0]getDataOnRoamingEnabled: phoneSubId=-2 isDataRoamingEnabled=true
12-08 16:31:40.668 D/SubscriptionController( 2509): [getSubId]- sSlotIdxToSubId.size == 0, return DummySubIds slotIdx=0
12-08 16:31:40.668 D/DCT ( 2509): [0]getDataOnRoamingEnabled: phoneSubId=-2 isDataRoamingEnabled=true
12-08 16:31:40.670 D/SubscriptionController( 2509): [getSubId]- sSlotIdxToSubId.size == 0, return DummySubIds slotIdx=0
12-08 16:31:40.670 D/DCT ( 2509): [0]getDataOnRoamingEnabled: phoneSubId=-2 isDataRoamingEnabled=true
12-08 16:31:40.670 E/IccCardProxy( 2509): setExternalState: !override and newstate unchanged from READY
12-08 16:31:40.670 D/SubscriptionInfoUpdater( 2509): [Receiver]+
12-08 16:31:40.670 D/SubscriptionInfoUpdater( 2509): Action: android.intent.action.SIM_STATE_CHANGED
12-08 16:31:40.670 D/SubscriptionInfoUpdater( 2509): slotId: 0
12-08 16:31:40.671 D/SubscriptionInfoUpdater( 2509): simStatus: READY
12-08 16:31:40.671 D/SubscriptionInfoUpdater( 2509): Ignoring simStatus: READY
12-08 16:31:40.671 D/SubscriptionInfoUpdater( 2509): [Receiver]-
12-08 16:31:40.671 D/SubscriptionController( 2509): [getSubId]- sSlotIdxToSubId.size == 0, return DummySubIds slotIdx=0
12-08 16:31:40.671 D/GsmSMSDispatcher( 2509): GsmSMSDispatcher: subId = -2 slotId = 0
12-08 16:31:40.671 E/IccCardProxy( 2509): setExternalState: !override and newstate unchanged from READY
12-08 16:31:40.671 D/CdmaSST ( 2509): [CdmaLteSST] handleMessage: 42
12-08 16:31:40.672 D/DCT ( 2509): [0]handleMessage msg={ when=-322ms what=270369 obj=android.os.AsyncResult@f213c79 target=com.android.internal.telephony.dataconnection.DcTracker }
12-08 16:31:40.672 D/DCT ( 2509): [0]onUpdateIcc: newIccRecords null
12-08 16:31:40.672 D/CAT ( 2509): CatService: handleMessage[8]
12-08 16:31:40.672 D/CAT ( 2509): CatService: MSG_ID_ICC_CHANGED
12-08 16:31:40.672 D/CAT ( 2509): CatService: New Card State = CARDSTATE_PRESENT Old Card State = CARDSTATE_PRESENT
12-08 16:31:40.673 D/SIMRecords( 2509): [SIMRecords] IMSI: mMncLength=-1
12-08 16:31:40.673 D/SIMRecords( 2509): [SIMRecords] IMSI: 311480xxxxxxx
12-08 16:31:40.673 D/SIMRecords( 2509): [SIMRecords] onRecordLoaded 18 requested: true
12-08 16:31:40.673 D/CdmaSST ( 2509): [CdmaLteSST] handleMessage: 12
12-08 16:31:40.673 D/SubscriptionController( 2509): [getSubId]- sSlotIdxToSubId.size == 0, return DummySubIds slotIdx=0
12-08 16:31:40.674 D/DefaultPhoneNotifier( 2509): notifySignalStrength: mRegistry=com.android.internal.telephony.ITelephonyRegistry$Stub$Proxy@6c5e0f9 ss=SignalStrength: 99 -1 -91 -60 -120 -1 -1 99 2147483647 2147483647 2147483647 2147483647 2147483647 cdma sender=Handler (com.android.internal.telephony.cdma.CDMALTEPhone) {e766880}
12-08 16:31:40.675 I/use-Rlog/RLOG-RIL-SPLT( 247): >> MDN=*PRIVATE BITCHES!!*
12-08 16:31:40.675 I/use-Rlog/RLOG-RIL-SPLT( 247): << MIN1 numLoops=1
12-08 16:31:40.697 D/TelephonyRegistry( 1246): notifySignalStrengthForSubscriber: invalid phoneId=-1
12-08 16:31:40.698 D/SubscriptionController( 2509): [getSubId]- sSlotIdxToSubId.size == 0, return DummySubIds slotIdx=0
12-08 16:31:40.699 D/DctController( 2509): handleMessage msg={ when=-144ms what=100 target=com.android.internal.telephony.dataconnection.DctController }
12-08 16:31:40.699 D/SubscriptionController( 2509): [getPhoneId]- no sims, returning default phoneId=2147483647
12-08 16:31:40.708 D/DcSwitchAsyncChannel( 2509): [DcSwitchAsyncChannel-0]: rspIsIdle=true
12-08 16:31:40.708 D/DctController( 2509): onProcessRequest requestedPhoneId=-1, activePhoneId=-1
12-08 16:31:40.708 D/CdmaSST ( 2509): [CdmaLteSST] handleMessage: 11
12-08 16:31:40.709 D/CdmaSST ( 2509): [CdmaLteSST] NITZ: 15/12/08,21:31:40-20,0,362725 start=362874 delay=149
12-08 16:31:40.709 D/CdmaSST ( 2509): [CdmaLteSST] NITZ: tzOffset=-18000000 dst=0 zone=NULL iso= mGotCountryCode=false mNeedFixZone=true
12-08 16:31:40.711 I/use-Rlog/RLOG-RIL-MX( 247): Read Ch0 << 0386+COPS=0,,,31000
12-08 16:31:40.711 D/use-Rlog/RLOG-RILMM( 247): RILMM_MM_GetOperatorCDMA_onRequestComplete +
12-08 16:31:40.711 D/use-Rlog/RLOG-RILMM( 247): RILMM_MM_GetOperatorCDMA_onRequestComplete MCC:310
12-08 16:31:40.711 D/use-Rlog/RLOG-RILMM( 247): send_cdma_operator_info +
12-08 16:31:40.711 D/use-Rlog/RLOG-RILMM( 247): send_cdma_operator_info -
12-08 16:31:40.711 D/use-Rlog/RLOG-RILMM( 247): store_operator_info Storing OperatorInfo: {(null), (null), 31000, (null), (null), (null)}
12-08 16:31:40.711 D/use-Rlog/RLOG-RILMM( 247): send_oem_get_cdma_system_info +
12-08 16:31:40.711 D/use-Rlog/RLOG-RILMM( 247): RILMM_MAIN_send_request Sending Request with token = 751
12-08 16:31:40.711 I/use-Rlog/RLOG-RIL-MAIN( 247): onReq: reqCode = 59, dataLen = 8
12-08 16:31:40.711 D/use-Rlog/RLOG-RILMM( 247): send_oem_get_cdma_system_info -
