12-08 16:31:46.734 D/DctController( 2509): handleMessage msg={ when=-131ms what=100 target=com.android.internal.telephony.dataconnection.DctController }
12-08 16:31:46.734 D/DctController( 2509): getTopPriorityRequestPhoneId requestInfo=[ request=NetworkRequest [ id=1, legacyType=-1, [ Capabilities: INTERNET&NOT_RESTRICTED&TRUSTED&NOT_VPN] ], executedPhoneId=-1, priority=0]
12-08 16:31:46.735 D/DcSwitchAsyncChannel( 2509): [DcSwitchAsyncChannel-0]: rspIsIdle=false
12-08 16:31:46.735 D/DctController( 2509): onProcessRequest requestedPhoneId=0, activePhoneId=0
12-08 16:31:46.735 D/PhoneProxy( 2509): [PhoneProxy] Carrier config changed. Reloading config
12-08 16:31:46.735 D/RILJ ( 2509): [3763]> RIL_REQUEST_VOICE_RADIO_TECH [SUB0]
12-08 16:31:46.736 D/DcSwitchSM( 2509): [DcSwitchStateMachine-0] AttachedState: REQ_CONNECT, apnRequest=[ request=NetworkRequest [ id=1, legacyType=-1, [ Capabilities: INTERNET&NOT_RESTRICTED&TRUSTED&NOT_VPN] ], executedPhoneId=-1, priority=0]
12-08 16:31:46.736 D/DctController( 2509): executeRequest, request= [ request=NetworkRequest [ id=1, legacyType=-1, [ Capabilities: INTERNET&NOT_RESTRICTED&TRUSTED&NOT_VPN] ], executedPhoneId=-1, priority=0]
12-08 16:31:46.738 D/PhoneProxy( 2509): mPhoneProxyReceiver: action android.telephony.action.CARRIER_CONFIG_CHANGED
12-08 16:31:46.738 D/CdmaSST ( 2509): [CdmaLteSST] handleMessage: 30
12-08 16:31:46.738 D/RILJ ( 2509): [3764]> OPERATOR [SUB0]
12-08 16:31:46.738 D/use-Rlog/RLOG-RILMM( 247): onStateRequest +
12-08 16:31:46.738 I/use-Rlog/RLOG-RIL-MAIN( 247): curState: Returns 6
12-08 16:31:46.738 I/use-Rlog/RLOG-RILMM( 247): onStateRequest moto-ril current_state = 6
12-08 16:31:46.738 D/use-Rlog/RLOG-RILMM( 247): onStateRequest -
12-08 16:31:46.738 D/RILJ ( 2509): [3763]< RIL_REQUEST_VOICE_RADIO_TECH {6} [SUB0]
12-08 16:31:46.738 D/RILJ ( 2509): [3765]> VOICE_REGISTRATION_STATE [SUB0]
12-08 16:31:46.739 D/use-Rlog/RLOG-RILMM( 247): util_get_cdmagsm_ril_modem_mode Modem mode = 1
12-08 16:31:46.739 D/RILJ ( 2509): [3766]> DATA_REGISTRATION_STATE [SUB0]
12-08 16:31:46.739 D/use-Rlog/RLOG-RILMM( 247): util_get_cdmagsm_ril_modem_mode Modem mode = 1
12-08 16:31:46.739 D/use-Rlog/RLOG-RILMM( 247): send_cdma_reg_state_onRequestComplete +
12-08 16:31:46.739 D/use-Rlog/RLOG-RILMM( 247): send_cdma_reg_state_onRequestComplete selected_rat = 2
12-08 16:31:46.739 D/use-Rlog/RLOG-RILMM( 247): send_cdma_reg_state +
12-08 16:31:46.739 D/use-Rlog/RLOG-RILMM( 247): send_cdma_reg_state -
12-08 16:31:46.739 D/use-Rlog/RLOG-RILMM( 247): send_cdma_reg_state_onRequestComplete -
12-08 16:31:46.740 V/RILJ ( 2509): motoOmap4RIL: Operator response
12-08 16:31:46.740 D/RILJ ( 2509): [3764]< OPERATOR {null, null, 31000, null, null, null} [SUB0]
12-08 16:31:46.740 V/RILJ ( 2509): motoOmap4RIL: VoiceRegistrationState response
12-08 16:31:46.740 D/RILJ ( 2509): [3765]< VOICE_REGISTRATION_STATE {5, 0, 0, 0, 3203, 0, 0, 1, 21, 3, 64, 1, 64, 0} [SUB0]
12-08 16:31:46.741 D/use-Rlog/RLOG-RILMM( 247): util_get_cdmagsm_ril_modem_mode Modem mode = 1
12-08 16:31:46.741 D/RilRequest( 2509): [3766]< DATA_REGISTRATION_STATE error: com.android.internal.telephony.CommandException: GENERIC_FAILURE ret=
12-08 16:31:46.742 D/DctController( 2509): handleMessage msg={ when=-102ms what=102 target=com.android.internal.telephony.dataconnection.DctController }
12-08 16:31:46.742 D/DctController( 2509): onExecuteAllRequests phoneId=0
12-08 16:31:46.742 D/DctController( 2509): onExecuteRequest request=[ request=NetworkRequest [ id=1, legacyType=-1, [ Capabilities: INTERNET&NOT_RESTRICTED&TRUSTED&NOT_VPN] ], executedPhoneId=-1, priority=0]
12-08 16:31:46.742 D/DCT ( 2509): [0]setEnabled(0, true) with old state = true and enabledCount = 1
12-08 16:31:46.742 D/DCT ( 2509): [ApnContext:default] incRefCount postIncrement = 1
12-08 16:31:46.742 D/DctController( 2509): handleMessage msg={ when=-102ms what=100 target=com.android.internal.telephony.dataconnection.DctController }
12-08 16:31:46.743 D/DctController( 2509): getTopPriorityRequestPhoneId requestInfo=[ request=NetworkRequest [ id=1, legacyType=-1, [ Capabilities: INTERNET&NOT_RESTRICTED&TRUSTED&NOT_VPN] ], executedPhoneId=0, priority=0]
12-08 16:31:46.743 D/DcSwitchAsyncChannel( 2509): [DcSwitchAsyncChannel-0]: rspIsIdle=false
12-08 16:31:46.743 D/DctController( 2509): onProcessRequest requestedPhoneId=0, activePhoneId=0
12-08 16:31:46.743 D/DctController( 2509): handleMessage msg={ when=-101ms what=101 obj=[ request=NetworkRequest [ id=1, legacyType=-1, [ Capabilities: INTERNET&NOT_RESTRICTED&TRUSTED&NOT_VPN] ], executedPhoneId=0, priority=0] target=com.android.internal.telephony.dataconnection.DctController }
12-08 16:31:46.743 D/CAT ( 2509): com.android.stk.StkAppService: onStart sim id: 0, op: 5, *****
12-08 16:31:46.743 D/CAT ( 2509): com.android.stk.StkAppService: handleMessage opcode[5], sim id[0]
12-08 16:31:46.743 D/CAT ( 2509): com.android.stk.StkAppService: OP_BOOT_COMPLETED
12-08 16:31:46.744 D/CAT ( 2509): StkAppInstaller: [setAppState]+
12-08 16:31:46.745 D/CAT ( 2509): StkAppInstaller: Need not change app state!!
12-08 16:31:46.745 D/DctController( 2509): handleMessage msg={ when=-72ms what=100 target=com.android.internal.telephony.dataconnection.DctController }
12-08 16:31:46.745 D/CAT ( 2509): StkAppInstaller: [setAppState]-
12-08 16:31:46.745 D/DctController( 2509): getTopPriorityRequestPhoneId requestInfo=[ request=NetworkRequest [ id=1, legacyType=-1, [ Capabilities: INTERNET&NOT_RESTRICTED&TRUSTED&NOT_VPN] ], executedPhoneId=0, priority=0]
12-08 16:31:46.745 D/DcSwitchAsyncChannel( 2509): [DcSwitchAsyncChannel-0]: rspIsIdle=false
12-08 16:31:46.745 D/DctController( 2509): onProcessRequest requestedPhoneId=0, activePhoneId=0
12-08 16:31:46.745 D/DctController( 2509): handleMessage msg={ when=-10ms what=101 obj=[ request=NetworkRequest [ id=1, legacyType=-1, [ Capabilities: INTERNET&NOT_RESTRICTED&TRUSTED&NOT_VPN] ], executedPhoneId=0, priority=0] target=com.android.internal.telephony.dataconnection.DctController }
12-08 16:31:46.746 D/RILJ ( 2509): [3767]> RIL_REQUEST_VOICE_RADIO_TECH [SUB0]
12-08 16:31:46.749 D/use-Rlog/RLOG-RILMM( 247): onStateRequest +
12-08 16:31:46.749 I/use-Rlog/RLOG-RIL-MAIN( 247): curState: Returns 6
12-08 16:31:46.749 I/use-Rlog/RLOG-RILMM( 247): onStateRequest moto-ril current_state = 6
12-08 16:31:46.749 D/use-Rlog/RLOG-RILMM( 247): onStateRequest -
12-08 16:31:46.749 D/RILJ ( 2509): [3767]< RIL_REQUEST_VOICE_RADIO_TECH {6} [SUB0]
12-08 16:31:46.756 D/ImsManager( 2509): updateVolteFeatureValue: available = false, enabled = true, nonTTY = true
12-08 16:31:46.757 E/ImsManager( 2509): updateImsServiceConfig: com.android.ims.ImsException: Service is unavailable, code = 106
12-08 16:31:46.757 D/PhoneProxy( 2509): [PhoneProxy] EVENT_REQUEST_VOICE_RADIO_TECH_DONE: newVoiceTech=6
12-08 16:31:46.757 D/PhoneProxy( 2509): [PhoneProxy] phoneObjectUpdater: newVoiceRadioTech=6
12-08 16:31:46.757 D/TelephonyManager( 2509): getLteOnCdmaMode=1 curVal=1 product_type='' lteOnCdmaProductType=''
12-08 16:31:46.757 D/PhoneProxy( 2509): [PhoneProxy] phoneObjectUpdater: LTE ON CDMA property is set. Use CDMA Phone newVoiceRadioTech=6 mActivePhone=CDMA
12-08 16:31:46.757 D/CdmaSST ( 2509): [CdmaLteSST] handleMessage: 25
12-08 16:31:46.757 D/CdmaSST ( 2509): [CdmaLteSST] handleMessage: 24
12-08 16:31:46.757 D/PHONE ( 2509): [ServiceState] setVoiceRegState=0
12-08 16:31:46.757 E/PHONE ( 2509): [ServiceState] setState deprecated use setVoiceRegState()
12-08 16:31:46.758 D/CdmaSST ( 2509): [CdmaLteSST] handleMessage: 5
12-08 16:31:46.758 D/CdmaSST ( 2509): [CdmaLteSST] handleMessage EVENT_POLL_STATE_GPRS
12-08 16:31:46.758 E/CdmaSST ( 2509): [CdmaLteSST] handlePollStateResult: RIL returned an error where it must succeedcom.android.internal.telephony.CommandException: GENERIC_FAILURE
12-08 16:31:46.758 D/CdmaSST ( 2509): [CdmaLteSST] Turn off roaming indicator if !isPrlLoaded or voice RAT is unknown
12-08 16:31:46.758 D/CdmaSST ( 2509): [CdmaLteSST] Set CDMA Roaming Indicator to: 1. voiceRoaming = false. dataRoaming = false, isPrlLoaded = true. namMatch = true , mIsInPrl = true, mRoamingIndicator = 64, mDefaultRoamingIndicator= 64
12-08 16:31:46.759 D/CdmaSST ( 2509): [CdmaLteSST] pollStateDone: lte 1 ss=[0 1 voice home data home null null 31000 null null 31000 Unknown Unknown CSS supported 3 21 RoamInd=1 DefRoamInd=64 EmergOnly=false IsDataRoamingFromRegistration=false] newSS=[0 1 voice home data home null null 31000 null null 31000 Unknown Unknown CSS supported 3 21 RoamInd=1 DefRoamInd=64 EmergOnly=false IsDataRoamingFromRegistration=false]
12-08 16:31:46.759 D/CdmaSST ( 2509): [CdmaLteSST] pollStateDone: hasRegistered=false hasDeegistered=false hasCdmaDataConnectionAttached=false hasCdmaDataConnectionDetached=false hasCdmaDataConnectionChanged=false hasVoiceRadioTechnologyChanged= false hasDataRadioTechnologyChanged=false hasChanged=false hasVoiceRoamingOn=false hasVoiceRoamingOff=false hasDataRoamingOn=false hasDataRoamingOff=false hasLocationChanged=false has4gHandoff = false hasMultiApnSupport=false hasLostMultiApnSupport=false
12-08 16:31:46.759 D/PHONE ( 2509): [ServiceState] setNullState=1
12-08 16:31:46.759 D/PHONE ( 2509): [ServiceState] setNullState=1
12-08 16:31:46.761 D/DCT ( 2509): [0]handleMessage msg={ when=-18ms what=270349 arg2=1 target=com.android.internal.telephony.dataconnection.DcTracker }
12-08 16:31:46.761 D/DCT ( 2509): [0]onEnableApn: apnContext={mApnType=default mState=IDLE mWaitingApns={null} mWaitingApnsPermanentFailureCountDown=0 mApnSetting={null} mReason=dataEnabled mDataEnabled=false mDependencyMet=true} call applyNewState
12-08 16:31:46.761 D/DCT ( 2509): [0]applyNewState(default, true(false), true(true))
12-08 16:31:46.761 D/DCT ( 2509): [0]trySetupData for type:default due to dataEnabled apnContext={mApnType=default mState=IDLE mWaitingApns={null} mWaitingApnsPermanentFailureCountDown=0 mApnSetting={null} mReason=dataEnabled mDataEnabled=true mDependencyMet=true}
12-08 16:31:46.761 D/DCT ( 2509): [0]trySetupData with mIsPsRestricted=false
12-08 16:31:46.762 D/DCT ( 2509): [0]isDataAllowed: not allowed due to - Attached= false - SIM not loaded - SIM not loaded and not NV subscription
12-08 16:31:46.763 D/DCT ( 2509): [0]isDataAllowed: not allowed due to - Attached= false - SIM not loaded - SIM not loaded and not NV subscription
12-08 16:31:46.766 D/DCT ( 2509): [0]isDataAllowed: not allowed due to - Attached= false - SIM not loaded - SIM not loaded and not NV subscription
12-08 16:31:46.770 D/DCT ( 2509): [0]isDataAllowed: not allowed due to - Attached= false - SIM not loaded - SIM not loaded and not NV subscription
12-08 16:31:46.774 D/DCT ( 2509): [0]isDataAllowed: not allowed due to - Attached= false - SIM not loaded - SIM not loaded and not NV subscription
12-08 16:31:46.779 D/DCT ( 2509): [0]isDataAllowed: not allowed due to - Attached= false - SIM not loaded - SIM not loaded and not NV subscription
12-08 16:31:46.782 D/DCT ( 2509): [0]isDataAllowed: not allowed due to - Attached= false - SIM not loaded - SIM not loaded and not NV subscription
12-08 16:31:46.785 D/DCT ( 2509): [0]isDataAllowed: not allowed due to - Attached= false - SIM not loaded - SIM not loaded and not NV subscription
12-08 16:31:46.788 D/DCT ( 2509): [0]isDataAllowed: not allowed due to - Attached= false - SIM not loaded - SIM not loaded and not NV subscription
12-08 16:31:46.791 D/DCT ( 2509): [0]trySetupData: X apnContext not 'ready' retValue=false
12-08 16:31:46.792 D/DCT ( 2509): [0]isDataAllowed: not allowed due to - Attached= false - SIM not loaded - SIM not loaded and not NV subscription
12-08 16:31:46.792 D/DCT ( 2509): [0]isDataAllowed = false
12-08 16:31:46.792 D/DCT ( 2509): [0]isDataAllowed: not allowed due to - Attached= false - SIM not loaded - SIM not loaded and not NV subscription
12-08 16:31:46.792 D/DCT ( 2509): [0]getAnyDataEnabled(true) = false
12-08 16:31:46.792 D/PhoneProxy( 2509): [PhoneProxy] EVENT_REQUEST_VOICE_RADIO_TECH_DONE: newVoiceTech=6
12-08 16:31:46.792 D/PhoneProxy( 2509): [PhoneProxy] phoneObjectUpdater: newVoiceRadioTech=6
12-08 16:31:46.792 D/TelephonyManager( 2509): getLteOnCdmaMode=1 curVal=1 product_type='' lteOnCdmaProductType=''
12-08 16:31:46.792 D/PhoneProxy( 2509): [PhoneProxy] phoneObjectUpdater: LTE ON CDMA property is set. Use CDMA Phone newVoiceRadioTech=6 mActivePhone=CDMA
12-08 16:31:46.793 D/DCT ( 2509): [0]getDataOnRoamingEnabled: phoneSubId=1 isDataRoamingEnabled=true
12-08 16:31:46.794 D/DCT ( 2509): [0]getDataOnRoamingEnabled: phoneSubId=1 isDataRoamingEnabled=true
12-08 16:31:46.796 D/DCT ( 2509): [0]getDataOnRoamingEnabled: phoneSubId=1 isDataRoamingEnabled=true
12-08 16:31:46.796 D/DCT ( 2509): [0]getDataOnRoamingEnabled: phoneSubId=1 isDataRoamingEnabled=true
12-08 16:31:46.797 D/DCT ( 2509): [0]getDataOnRoamingEnabled: phoneSubId=1 isDataRoamingEnabled=true
12-08 16:31:46.797 D/DCT ( 2509): [0]getDataOnRoamingEnabled: phoneSubId=1 isDataRoamingEnabled=true
12-08 16:31:46.798 D/DCT ( 2509): [0]getDataOnRoamingEnabled: phoneSubId=1 isDataRoamingEnabled=true
12-08 16:31:46.799 D/DCT ( 2509): [0]getDataOnRoamingEnabled: phoneSubId=1 isDataRoamingEnabled=true
12-08 16:31:48.101 D/SubscriptionController( 2509): [getPhoneId] asked for default subId=1
12-08 16:31:48.120 D/SubscriptionController( 2509): [getActiveSubInfoList]+
12-08 16:31:48.128 D/SubscriptionController( 2509): selection:sim_id>=0 null
12-08 16:31:48.143 D/SubscriptionController( 2509): [getSubInfoRecord] id:1 iccid:891480000XXXXXXXXXXX simSlotIndex:0 displayName:Verizon Wireless nameSource:0 iconTint:-16746133 dataRoaming:0 mcc:311 mnc:480 countIso:us userNwMode:10
12-08 16:31:48.170 D/SubscriptionController( 2509): [getActiveSubInfoList]+
12-08 16:31:48.171 D/SubscriptionController( 2509): selection:sim_id>=0 null
12-08 16:31:48.175 D/SubscriptionController( 2509): [getSubInfoRecord] id:1 iccid:891480000XXXXXXXXXXX simSlotIndex:0 displayName:Verizon Wireless nameSource:0 iconTint:-16746133 dataRoaming:0 mcc:311 mnc:480 countIso:us userNwMode:10
12-08 16:31:48.178 D/SubscriptionController( 2509): [getActiveSubInfoList]- 1 infos return
12-08 16:31:48.192 D/SubscriptionController( 2509): [getActiveSubInfoList]- 1 infos return
12-08 16:31:48.215 D/SubscriptionController( 2509): [getActiveSubInfoList]+
12-08 16:31:48.223 D/SubscriptionController( 2509): selection:sim_id>=0 null
12-08 16:31:48.229 D/SubscriptionController( 2509): [getSubInfoRecord] id:1 iccid:891480000XXXXXXXXXXX simSlotIndex:0 displayName:Verizon Wireless nameSource:0 iconTint:-16746133 dataRoaming:0 mcc:311 mnc:480 countIso:us userNwMode:10
12-08 16:31:48.233 D/SubscriptionController( 2509): [getActiveSubInfoList]- 1 infos return
12-08 16:31:48.234 D/SubscriptionController( 2509): [getActiveSubInfoForSubscriber]+ subId=1 subInfo={id=1, iccId=891480000XXXXXXXXXXX simSlotIndex=0 displayName=Verizon Wireless carrierName= nameSource=0 iconTint=-16746133 dataRoaming=0 iconBitmap=android.graphics.Bitmap@45aaaa6 mcc 311 mnc 480 mUserNwMode=10}
12-08 16:31:48.289 D/SubscriptionController( 2509): [getActiveSubInfoList]+
12-08 16:31:48.290 D/SubscriptionController( 2509): selection:sim_id>=0 null
12-08 16:31:48.299 D/SubscriptionController( 2509): [getSubInfoRecord] id:1 iccid:891480000XXXXXXXXXXX simSlotIndex:0 displayName:Verizon Wireless nameSource:0 iconTint:-16746133 dataRoaming:0 mcc:311 mnc:480 countIso:us userNwMode:10
12-08 16:31:48.302 D/SubscriptionController( 2509): [getActiveSubInfoList]- 1 infos return
12-08 16:31:48.402 D/SubscriptionController( 2509): [getActiveSubInfoList]+
12-08 16:31:48.403 D/SubscriptionController( 2509): selection:sim_id>=0 null
12-08 16:31:48.410 D/SubscriptionController( 2509): [getSubInfoRecord] id:1 iccid:891480000XXXXXXXXXXX simSlotIndex:0 displayName:Verizon Wireless nameSource:0 iconTint:-16746133 dataRoaming:0 mcc:311 mnc:480 countIso:us userNwMode:10
12-08 16:31:48.414 D/SubscriptionController( 2509): [getActiveSubInfoList]- 1 infos return
12-08 16:31:48.419 D/SubscriptionController( 2509): [getActiveSubInfoList]+
12-08 16:31:48.420 D/SubscriptionController( 2509): selection:sim_id>=0 null
12-08 16:31:48.425 D/SubscriptionController( 2509): [getSubInfoRecord] id:1 iccid:891480000XXXXXXXXXXX simSlotIndex:0 displayName:Verizon Wireless nameSource:0 iconTint:-16746133 dataRoaming:0 mcc:311 mnc:480 countIso:us userNwMode:10
12-08 16:31:48.429 D/SubscriptionController( 2509): [getActiveSubInfoList]- 1 infos return
12-08 16:31:48.431 D/SubscriptionController( 2509): [getActiveSubInfoList]+
12-08 16:31:48.432 D/SubscriptionController( 2509): selection:sim_id>=0 null
12-08 16:31:48.437 D/SubscriptionController( 2509): [getSubInfoRecord] id:1 iccid:891480000XXXXXXXXXXX simSlotIndex:0 displayName:Verizon Wireless nameSource:0 iconTint:-16746133 dataRoaming:0 mcc:311 mnc:480 countIso:us userNwMode:10
12-08 16:31:48.440 D/SubscriptionController( 2509): [getActiveSubInfoList]- 1 infos return
12-08 16:31:48.441 D/SubscriptionController( 2509): [getActiveSubInfoForSubscriber]+ subId=1 subInfo={id=1, iccId=891480000XXXXXXXXXXX simSlotIndex=0 displayName=Verizon Wireless carrierName= nameSource=0 iconTint=-16746133 dataRoaming=0 iconBitmap=android.graphics.Bitmap@2c2687e mcc 311 mnc 480 mUserNwMode=10}
12-08 16:31:48.444 D/SubscriptionController( 2509): [getActiveSubInfoList]+
12-08 16:31:48.445 D/SubscriptionController( 2509): selection:sim_id>=0 null
12-08 16:31:48.450 D/SubscriptionController( 2509): [getSubInfoRecord] id:1 iccid:891480000XXXXXXXXXXX simSlotIndex:0 displayName:Verizon Wireless nameSource:0 iconTint:-16746133 dataRoaming:0 mcc:311 mnc:480 countIso:us userNwMode:10
12-08 16:31:48.455 D/SubscriptionController( 2509): [getActiveSubInfoList]- 1 infos return
12-08 16:31:48.463 D/SubscriptionController( 2509): [getActiveSubInfoList]+
12-08 16:31:48.464 D/SubscriptionController( 2509): selection:sim_id>=0 null
12-08 16:31:48.469 D/SubscriptionController( 2509): [getSubInfoRecord] id:1 iccid:891480000XXXXXXXXXXX simSlotIndex:0 displayName:Verizon Wireless nameSource:0 iconTint:-16746133 dataRoaming:0 mcc:311 mnc:480 countIso:us userNwMode:10
12-08 16:31:48.472 D/SubscriptionController( 2509): [getActiveSubInfoList]- 1 infos return
12-08 16:31:48.475 D/SubscriptionController( 2509): [getActiveSubInfoList]+
12-08 16:31:48.477 D/SubscriptionController( 2509): selection:sim_id>=0 null
12-08 16:31:48.477 D/SubscriptionController( 2509): [getActiveSubInfoList]+
12-08 16:31:48.477 D/SubscriptionController( 2509): selection:sim_id>=0 null
12-08 16:31:48.481 D/SubscriptionController( 2509): [getSubInfoRecord] id:1 iccid:891480000XXXXXXXXXXX simSlotIndex:0 displayName:Verizon Wireless nameSource:0 iconTint:-16746133 dataRoaming:0 mcc:311 mnc:480 countIso:us userNwMode:10
12-08 16:31:48.485 D/SubscriptionController( 2509): [getSubInfoRecord] id:1 iccid:891480000XXXXXXXXXXX simSlotIndex:0 displayName:Verizon Wireless nameSource:0 iconTint:-16746133 dataRoaming:0 mcc:311 mnc:480 countIso:us userNwMode:10
12-08 16:31:48.488 D/SubscriptionController( 2509): [getActiveSubInfoList]- 1 infos return
12-08 16:31:48.488 D/SubscriptionController( 2509): [getActiveSubInfoForSubscriber]+ subId=1 subInfo={id=1, iccId=891480000XXXXXXXXXXX simSlotIndex=0 displayName=Verizon Wireless carrierName= nameSource=0 iconTint=-16746133 dataRoaming=0 iconBitmap=android.graphics.Bitmap@49eecfb mcc 311 mnc 480 mUserNwMode=10}
12-08 16:31:48.490 D/SubscriptionController( 2509): [getActiveSubInfoList]- 1 infos return
12-08 16:31:48.491 D/SubscriptionController( 2509): [getActiveSubInfoForSubscriber]+ subId=1 subInfo={id=1, iccId=891480000XXXXXXXXXXX simSlotIndex=0 displayName=Verizon Wireless carrierName= nameSource=0 iconTint=-16746133 dataRoaming=0 iconBitmap=android.graphics.Bitmap@9019118 mcc 311 mnc 480 mUserNwMode=10}
12-08 16:31:48.494 D/SubscriptionController( 2509): [getActiveSubInfoList]+
12-08 16:31:48.495 D/SubscriptionController( 2509): selection:sim_id>=0 null
12-08 16:31:48.499 D/SubscriptionController( 2509): [getSubInfoRecord] id:1 iccid:891480000XXXXXXXXXXX simSlotIndex:0 displayName:Verizon Wireless nameSource:0 iconTint:-16746133 dataRoaming:0 mcc:311 mnc:480 countIso:us userNwMode:10
12-08 16:31:48.499 D/SubscriptionController( 2509): [getActiveSubInfoList]+
12-08 16:31:48.500 D/SubscriptionController( 2509): selection:sim_id>=0 null
12-08 16:31:48.502 D/SubscriptionController( 2509): [getActiveSubInfoList]- 1 infos return
12-08 16:31:48.503 D/SubscriptionController( 2509): [getActiveSubInfoForSubscriber]+ subId=1 subInfo={id=1, iccId=891480000XXXXXXXXXXX simSlotIndex=0 displayName=Verizon Wireless carrierName= nameSource=0 iconTint=-16746133 dataRoaming=0 iconBitmap=android.graphics.Bitmap@7f90956 mcc 311 mnc 480 mUserNwMode=10}
12-08 16:31:48.505 D/SubscriptionController( 2509): [getSubInfoRecord] id:1 iccid:891480000XXXXXXXXXXX simSlotIndex:0 displayName:Verizon Wireless nameSource:0 iconTint:-16746133 dataRoaming:0 mcc:311 mnc:480 countIso:us userNwMode:10
12-08 16:31:48.509 D/SubscriptionController( 2509): [getActiveSubInfoList]- 1 infos return
12-08 16:31:48.720 D/SubscriptionController( 2509): [getPhoneId] asked for default subId=1
12-08 16:31:49.076 D/SubscriptionController( 2509): [getActiveSubInfoList]+
12-08 16:31:49.077 D/SubscriptionController( 2509): selection:sim_id>=0 null
12-08 16:31:49.081 D/SubscriptionController( 2509): [getSubInfoRecord] id:1 iccid:891480000XXXXXXXXXXX simSlotIndex:0 displayName:Verizon Wireless nameSource:0 iconTint:-16746133 dataRoaming:0 mcc:311 mnc:480 countIso:us userNwMode:10
12-08 16:31:49.084 D/SubscriptionController( 2509): [getActiveSubInfoList]- 1 infos return
12-08 16:31:49.084 D/SubscriptionController( 2509): [getActiveSubInfoForSubscriber]+ subId=1 subInfo={id=1, iccId=891480000XXXXXXXXXXX simSlotIndex=0 displayName=Verizon Wireless carrierName= nameSource=0 iconTint=-16746133 dataRoaming=0 iconBitmap=android.graphics.Bitmap@bf0e9ad mcc 311 mnc 480 mUserNwMode=10}
12-08 16:31:49.152 D/SubscriptionController( 2509): [getPhoneId] asked for default subId=1
12-08 16:31:49.324 D/SubscriptionController( 2509): [getActiveSubInfoList]+
12-08 16:31:49.325 D/SubscriptionController( 2509): selection:sim_id>=0 null
12-08 16:31:49.335 D/SubscriptionController( 2509): [getSubInfoRecord] id:1 iccid:891480000XXXXXXXXXXX simSlotIndex:0 displayName:Verizon Wireless nameSource:0 iconTint:-16746133 dataRoaming:0 mcc:311 mnc:480 countIso:us userNwMode:10
12-08 16:31:49.340 D/SubscriptionController( 2509): [getActiveSubInfoList]- 1 infos return
12-08 16:31:49.341 D/SubscriptionController( 2509): [getActiveSubInfoForSubscriber]+ subId=1 subInfo={id=1, iccId=891480000XXXXXXXXXXX simSlotIndex=0 displayName=Verizon Wireless carrierName= nameSource=0 iconTint=-16746133 dataRoaming=0 iconBitmap=android.graphics.Bitmap@fb80073 mcc 311 mnc 480 mUserNwMode=10}
12-08 16:31:49.344 D/SubscriptionController( 2509): [getActiveSubInfoList]+
12-08 16:31:49.348 D/SubscriptionController( 2509): selection:sim_id>=0 null
12-08 16:31:49.353 D/SubscriptionController( 2509): [getSubInfoRecord] id:1 iccid:891480000XXXXXXXXXXX simSlotIndex:0 displayName:Verizon Wireless nameSource:0 iconTint:-16746133 dataRoaming:0 mcc:311 mnc:480 countIso:us userNwMode:10
12-08 16:31:49.356 D/SubscriptionController( 2509): [getActiveSubInfoList]- 1 infos return
12-08 16:31:49.357 D/SubscriptionController( 2509): [getActiveSubInfoForSubscriber]+ subId=1 subInfo={id=1, iccId=891480000XXXXXXXXXXX simSlotIndex=0 displayName=Verizon Wireless carrierName= nameSource=0 iconTint=-16746133 dataRoaming=0 iconBitmap=android.graphics.Bitmap@55f73a9 mcc 311 mnc 480 mUserNwMode=10}
12-08 16:31:49.371 D/SubscriptionController( 2509): [getActiveSubInfoList]+
12-08 16:31:49.371 D/SubscriptionController( 2509): selection:sim_id>=0 null
12-08 16:31:49.375 D/SubscriptionController( 2509): [getSubInfoRecord] id:1 iccid:891480000XXXXXXXXXXX simSlotIndex:0 displayName:Verizon Wireless nameSource:0 iconTint:-16746133 dataRoaming:0 mcc:311 mnc:480 countIso:us userNwMode:10
12-08 16:31:49.378 D/SubscriptionController( 2509): [getActiveSubInfoList]- 1 infos return
12-08 16:31:49.379 D/SubscriptionController( 2509): [getActiveSubInfoForSubscriber]+ subId=1 subInfo={id=1, iccId=891480000XXXXXXXXXXX simSlotIndex=0 displayName=Verizon Wireless carrierName= nameSource=0 iconTint=-16746133 dataRoaming=0 iconBitmap=android.graphics.Bitmap@68830cf mcc 311 mnc 480 mUserNwMode=10}
12-08 16:31:49.409 I/use-Rlog/RLOG-RIL-MX( 247): Read Ch0 << 0025~+RSSI=4,13,84,2,2,105,36
12-08 16:31:49.409 I/use-Rlog/RLOG-RILMM( 247): RILMM_MM_onUnsolicitedResponse Rx UNSOL_SIGNAL_STRENGTH
12-08 16:31:49.409 D/use-Rlog/RLOG-RILMM( 247): util_get_cdmagsm_ril_modem_mode Modem mode = 1
12-08 16:31:49.410 D/CdmaSST ( 2509): [CdmaLteSST] handleMessage: 12
12-08 16:31:49.410 D/DefaultPhoneNotifier( 2509): notifySignalStrength: mRegistry=com.android.internal.telephony.ITelephonyRegistry$Stub$Proxy@6c5e0f9 ss=SignalStrength: 99 -1 -84 -65 -120 -1 -1 99 2147483647 2147483647 2147483647 2147483647 2147483647 cdma sender=Handler (com.android.internal.telephony.cdma.CDMALTEPhone) {e766880}
12-08 16:31:49.961 D/SubscriptionController( 2509): [getActiveSubInfoList]+
12-08 16:31:49.962 D/SubscriptionController( 2509): selection:sim_id>=0 null
12-08 16:31:49.967 D/SubscriptionController( 2509): [getSubInfoRecord] id:1 iccid:891480000XXXXXXXXXXX simSlotIndex:0 displayName:Verizon Wireless nameSource:0 iconTint:-16746133 dataRoaming:0 mcc:311 mnc:480 countIso:us userNwMode:10
12-08 16:31:49.970 D/SubscriptionController( 2509): [getActiveSubInfoList]- 1 infos return
12-08 16:31:50.013 D/SubscriptionController( 2509): [getActiveSubInfoList]+
12-08 16:31:50.016 D/SubscriptionController( 2509): selection:sim_id>=0 null
12-08 16:31:50.022 D/SubscriptionController( 2509): [getSubInfoRecord] id:1 iccid:891480000XXXXXXXXXXX simSlotIndex:0 displayName:Verizon Wireless nameSource:0 iconTint:-16746133 dataRoaming:0 mcc:311 mnc:480 countIso:us userNwMode:10
12-08 16:31:50.025 D/SubscriptionController( 2509): [getActiveSubInfoList]- 1 infos return
12-08 16:31:50.057 D/SubscriptionController( 2509): getSubscriptionProperty Query value = 1
12-08 16:31:50.076 D/SubscriptionController( 2509): getSubscriptionProperty Query value = 0
12-08 16:31:50.081 D/SubscriptionController( 2509): getSubscriptionProperty Query value = 1
12-08 16:31:50.089 D/SubscriptionController( 2509): getSubscriptionProperty Query value = 1
12-08 16:31:50.101 D/SubscriptionController( 2509): getSubscriptionProperty Query value = 1
12-08 16:31:50.110 D/SubscriptionController( 2509): getSubscriptionProperty Query value = 0
12-08 16:31:50.120 D/SubscriptionController( 2509): [getActiveSubInfoList]+
12-08 16:31:50.120 D/SubscriptionController( 2509): selection:sim_id>=0 null
12-08 16:31:50.121 D/SubscriptionController( 2509): [getActiveSubInfoList]+
12-08 16:31:50.122 D/SubscriptionController( 2509): selection:sim_id>=0 null
12-08 16:31:50.124 D/SubscriptionController( 2509): [getSubInfoRecord] id:1 iccid:891480000XXXXXXXXXXX simSlotIndex:0 displayName:Verizon Wireless nameSource:0 iconTint:-16746133 dataRoaming:0 mcc:311 mnc:480 countIso:us userNwMode:10
12-08 16:31:50.129 D/SubscriptionController( 2509): [getActiveSubInfoList]- 1 infos return
12-08 16:31:50.129 D/SubscriptionController( 2509): [getActiveSubInfoForSubscriber]+ subId=1 subInfo={id=1, iccId=891480000XXXXXXXXXXX simSlotIndex=0 displayName=Verizon Wireless carrierName= nameSource=0 iconTint=-16746133 dataRoaming=0 iconBitmap=android.graphics.Bitmap@c810aeb mcc 311 mnc 480 mUserNwMode=10}
12-08 16:31:50.132 D/SubscriptionController( 2509): [getActiveSubInfoList]+
12-08 16:31:50.132 D/SubscriptionController( 2509): selection:sim_id>=0 null
12-08 16:31:50.136 D/SubscriptionController( 2509): [getSubInfoRecord] id:1 iccid:891480000XXXXXXXXXXX simSlotIndex:0 displayName:Verizon Wireless nameSource:0 iconTint:-16746133 dataRoaming:0 mcc:311 mnc:480 countIso:us userNwMode:10
12-08 16:31:50.139 D/SubscriptionController( 2509): [getActiveSubInfoList]- 1 infos return
12-08 16:31:50.139 D/SubscriptionController( 2509): [getActiveSubInfoForSubscriber]+ subId=1 subInfo={id=1, iccId=891480000XXXXXXXXXXX simSlotIndex=0 displayName=Verizon Wireless carrierName= nameSource=0 iconTint=-16746133 dataRoaming=0 iconBitmap=android.graphics.Bitmap@410eee1 mcc 311 mnc 480 mUserNwMode=10}
12-08 16:31:50.143 D/SubscriptionController( 2509): [getActiveSubInfoList]+
12-08 16:31:50.143 D/SubscriptionController( 2509): selection:sim_id>=0 null
12-08 16:31:50.147 D/SubscriptionController( 2509): [getSubInfoRecord] id:1 iccid:891480000XXXXXXXXXXX simSlotIndex:0 displayName:Verizon Wireless nameSource:0 iconTint:-16746133 dataRoaming:0 mcc:311 mnc:480 countIso:us userNwMode:10
12-08 16:31:50.155 D/SubscriptionController( 2509): [getActiveSubInfoList]- 1 infos return
12-08 16:31:50.155 D/SubscriptionController( 2509): [getActiveSubInfoForSubscriber]+ subId=1 subInfo={id=1, iccId=891480000XXXXXXXXXXX simSlotIndex=0 displayName=Verizon Wireless carrierName= nameSource=0 iconTint=-16746133 dataRoaming=0 iconBitmap=android.graphics.Bitmap@ae36ac7 mcc 311 mnc 480 mUserNwMode=10}
12-08 16:31:50.157 D/SubscriptionController( 2509): [getSubInfoRecord] id:1 iccid:891480000XXXXXXXXXXX simSlotIndex:0 displayName:Verizon Wireless nameSource:0 iconTint:-16746133 dataRoaming:0 mcc:311 mnc:480 countIso:us userNwMode:10
12-08 16:31:50.160 D/SubscriptionController( 2509): [getActiveSubInfoList]- 1 infos return
12-08 16:31:50.163 V/RILJ ( 2509): motoOmap4RIL: setGsmBroadcastConfig
12-08 16:31:50.166 D/SubscriptionController( 2509): [getActiveSubInfoList]+
12-08 16:31:50.166 D/SubscriptionController( 2509): selection:sim_id>=0 null
12-08 16:31:50.171 D/SubscriptionController( 2509): [getSubInfoRecord] id:1 iccid:891480000XXXXXXXXXXX simSlotIndex:0 displayName:Verizon Wireless nameSource:0 iconTint:-16746133 dataRoaming:0 mcc:311 mnc:480 countIso:us userNwMode:10
12-08 16:31:50.174 D/SubscriptionController( 2509): [getActiveSubInfoList]- 1 infos return
12-08 16:31:50.176 V/RILJ ( 2509): motoOmap4RIL: setGsmBroadcastConfig
12-08 16:31:50.177 D/SubscriptionController( 2509): [getActiveSubInfoList]+
12-08 16:31:50.178 D/SubscriptionController( 2509): selection:sim_id>=0 null
12-08 16:31:50.187 D/SubscriptionController( 2509): [getSubInfoRecord] id:1 iccid:891480000XXXXXXXXXXX simSlotIndex:0 displayName:Verizon Wireless nameSource:0 iconTint:-16746133 dataRoaming:0 mcc:311 mnc:480 countIso:us userNwMode:10
12-08 16:31:50.195 D/SubscriptionController( 2509): [getActiveSubInfoList]- 1 infos return
12-08 16:31:50.196 V/RILJ ( 2509): motoOmap4RIL: setGsmBroadcastConfig
12-08 16:31:50.201 D/SubscriptionController( 2509): [getActiveSubInfoList]+
12-08 16:31:50.202 D/SubscriptionController( 2509): selection:sim_id>=0 null
12-08 16:31:50.209 D/SubscriptionController( 2509): [getSubInfoRecord] id:1 iccid:891480000XXXXXXXXXXX simSlotIndex:0 displayName:Verizon Wireless nameSource:0 iconTint:-16746133 dataRoaming:0 mcc:311 mnc:480 countIso:us userNwMode:10
12-08 16:31:50.212 D/SubscriptionController( 2509): [getActiveSubInfoList]- 1 infos return
12-08 16:31:50.214 V/RILJ ( 2509): motoOmap4RIL: setCdmaBroadcastConfig
12-08 16:31:50.216 D/SubscriptionController( 2509): [getActiveSubInfoList]+
12-08 16:31:50.217 D/SubscriptionController( 2509): selection:sim_id>=0 null
12-08 16:31:50.221 D/SubscriptionController( 2509): [getSubInfoRecord] id:1 iccid:891480000XXXXXXXXXXX simSlotIndex:0 displayName:Verizon Wireless nameSource:0 iconTint:-16746133 dataRoaming:0 mcc:311 mnc:480 countIso:us userNwMode:10
12-08 16:31:50.228 D/SubscriptionController( 2509): [getActiveSubInfoList]- 1 infos return
12-08 16:31:50.234 V/RILJ ( 2509): motoOmap4RIL: setGsmBroadcastConfig
12-08 16:31:50.240 D/SubscriptionController( 2509): [getActiveSubInfoList]+
12-08 16:31:50.240 D/SubscriptionController( 2509): selection:sim_id>=0 null
12-08 16:31:50.246 D/SubscriptionController( 2509): [getSubInfoRecord] id:1 iccid:891480000XXXXXXXXXXX simSlotIndex:0 displayName:Verizon Wireless nameSource:0 iconTint:-16746133 dataRoaming:0 mcc:311 mnc:480 countIso:us userNwMode:10
12-08 16:31:50.252 D/SubscriptionController( 2509): [getActiveSubInfoList]- 1 infos return
12-08 16:31:50.254 V/RILJ ( 2509): motoOmap4RIL: setCdmaBroadcastConfig
12-08 16:31:50.256 D/SubscriptionController( 2509): [getActiveSubInfoList]+
12-08 16:31:50.257 D/SubscriptionController( 2509): selection:sim_id>=0 null
12-08 16:31:50.263 D/SubscriptionController( 2509): [getSubInfoRecord] id:1 iccid:891480000XXXXXXXXXXX simSlotIndex:0 displayName:Verizon Wireless nameSource:0 iconTint:-16746133 dataRoaming:0 mcc:311 mnc:480 countIso:us userNwMode:10
12-08 16:31:50.269 D/SubscriptionController( 2509): [getActiveSubInfoList]- 1 infos return
12-08 16:31:50.271 V/RILJ ( 2509): motoOmap4RIL: setGsmBroadcastConfig
12-08 16:31:50.273 D/SubscriptionController( 2509): [getActiveSubInfoList]+
12-08 16:31:50.274 D/SubscriptionController( 2509): selection:sim_id>=0 null
12-08 16:31:50.278 D/SubscriptionController( 2509): [getSubInfoRecord] id:1 iccid:891480000XXXXXXXXXXX simSlotIndex:0 displayName:Verizon Wireless nameSource:0 iconTint:-16746133 dataRoaming:0 mcc:311 mnc:480 countIso:us userNwMode:10
12-08 16:31:50.281 D/SubscriptionController( 2509): [getActiveSubInfoList]- 1 infos return
12-08 16:31:50.283 V/RILJ ( 2509): motoOmap4RIL: setCdmaBroadcastConfig
12-08 16:31:50.284 D/SubscriptionController( 2509): [getActiveSubInfoList]+
12-08 16:31:50.285 D/SubscriptionController( 2509): selection:sim_id>=0 null
12-08 16:31:50.288 D/SubscriptionController( 2509): [getSubInfoRecord] id:1 iccid:891480000XXXXXXXXXXX simSlotIndex:0 displayName:Verizon Wireless nameSource:0 iconTint:-16746133 dataRoaming:0 mcc:311 mnc:480 countIso:us userNwMode:10
12-08 16:31:50.292 D/SubscriptionController( 2509): [getActiveSubInfoList]- 1 infos return
12-08 16:31:50.293 V/RILJ ( 2509): motoOmap4RIL: setGsmBroadcastConfig
12-08 16:31:50.295 D/SubscriptionController( 2509): [getActiveSubInfoList]+
12-08 16:31:50.296 D/SubscriptionController( 2509): selection:sim_id>=0 null
12-08 16:31:50.298 D/SubscriptionController( 2509): [getActiveSubInfoList]+
12-08 16:31:50.299 D/SubscriptionController( 2509): selection:sim_id>=0 null
12-08 16:31:50.299 D/SubscriptionController( 2509): [getSubInfoRecord] id:1 iccid:891480000XXXXXXXXXXX simSlotIndex:0 displayName:Verizon Wireless nameSource:0 iconTint:-16746133 dataRoaming:0 mcc:311 mnc:480 countIso:us userNwMode:10
12-08 16:31:50.304 D/SubscriptionController( 2509): [getSubInfoRecord] id:1 iccid:891480000XXXXXXXXXXX simSlotIndex:0 displayName:Verizon Wireless nameSource:0 iconTint:-16746133 dataRoaming:0 mcc:311 mnc:480 countIso:us userNwMode:10
12-08 16:31:50.304 D/SubscriptionController( 2509): [getActiveSubInfoList]- 1 infos return
12-08 16:31:50.306 V/RILJ ( 2509): motoOmap4RIL: setCdmaBroadcastConfig
12-08 16:31:50.307 D/SubscriptionController( 2509): [getActiveSubInfoList]- 1 infos return
12-08 16:31:50.307 D/SubscriptionController( 2509): [getActiveSubInfoForSubscriber]+ subId=1 subInfo={id=1, iccId=891480000XXXXXXXXXXX simSlotIndex=0 displayName=Verizon Wireless carrierName= nameSource=0 iconTint=-16746133 dataRoaming=0 iconBitmap=android.graphics.Bitmap@de84db mcc 311 mnc 480 mUserNwMode=10}
12-08 16:31:50.308 D/SubscriptionController( 2509): [getActiveSubInfoList]+
12-08 16:31:50.309 D/SubscriptionController( 2509): selection:sim_id>=0 null
12-08 16:31:50.313 D/SubscriptionController( 2509): [getSubInfoRecord] id:1 iccid:891480000XXXXXXXXXXX simSlotIndex:0 displayName:Verizon Wireless nameSource:0 iconTint:-16746133 dataRoaming:0 mcc:311 mnc:480 countIso:us userNwMode:10
12-08 16:31:50.316 D/SubscriptionController( 2509): [getActiveSubInfoList]+
12-08 16:31:50.316 D/SubscriptionController( 2509): selection:sim_id>=0 null
12-08 16:31:50.321 D/SubscriptionController( 2509): [getActiveSubInfoList]- 1 infos return
12-08 16:31:50.322 D/SubscriptionController( 2509): [getSubInfoRecord] id:1 iccid:891480000XXXXXXXXXXX simSlotIndex:0 displayName:Verizon Wireless nameSource:0 iconTint:-16746133 dataRoaming:0 mcc:311 mnc:480 countIso:us userNwMode:10
12-08 16:31:50.324 V/RILJ ( 2509): motoOmap4RIL: setGsmBroadcastConfig
12-08 16:31:50.325 D/SubscriptionController( 2509): [getActiveSubInfoList]- 1 infos return
12-08 16:31:50.325 D/SubscriptionController( 2509): [getActiveSubInfoForSubscriber]+ subId=1 subInfo={id=1, iccId=891480000XXXXXXXXXXX simSlotIndex=0 displayName=Verizon Wireless carrierName= nameSource=0 iconTint=-16746133 dataRoaming=0 iconBitmap=android.graphics.Bitmap@cd7eab6 mcc 311 mnc 480 mUserNwMode=10}
12-08 16:31:50.328 D/SubscriptionController( 2509): [getActiveSubInfoList]+
12-08 16:31:50.329 D/SubscriptionController( 2509): [getActiveSubInfoList]+
12-08 16:31:50.329 D/SubscriptionController( 2509): selection:sim_id>=0 null
12-08 16:31:50.329 D/SubscriptionController( 2509): selection:sim_id>=0 null
12-08 16:31:50.334 D/SubscriptionController( 2509): [getSubInfoRecord] id:1 iccid:891480000XXXXXXXXXXX simSlotIndex:0 displayName:Verizon Wireless nameSource:0 iconTint:-16746133 dataRoaming:0 mcc:311 mnc:480 countIso:us userNwMode:10
12-08 16:31:50.335 D/SubscriptionController( 2509): [getSubInfoRecord] id:1 iccid:891480000XXXXXXXXXXX simSlotIndex:0 displayName:Verizon Wireless nameSource:0 iconTint:-16746133 dataRoaming:0 mcc:311 mnc:480 countIso:us userNwMode:10
12-08 16:31:50.338 D/SubscriptionController( 2509): [getActiveSubInfoList]- 1 infos return
12-08 16:31:50.338 D/SubscriptionController( 2509): [getActiveSubInfoList]- 1 infos return
12-08 16:31:50.338 D/SubscriptionController( 2509): [getActiveSubInfoForSubscriber]+ subId=1 subInfo={id=1, iccId=891480000XXXXXXXXXXX simSlotIndex=0 displayName=Verizon Wireless carrierName= nameSource=0 iconTint=-16746133 dataRoaming=0 iconBitmap=android.graphics.Bitmap@6e8c28d mcc 311 mnc 480 mUserNwMode=10}
12-08 16:31:50.352 D/SubscriptionController( 2509): [getActiveSubInfoList]+
12-08 16:31:50.352 D/SubscriptionController( 2509): selection:sim_id>=0 null
12-08 16:31:50.357 D/SubscriptionController( 2509): [getSubInfoRecord] id:1 iccid:891480000XXXXXXXXXXX simSlotIndex:0 displayName:Verizon Wireless nameSource:0 iconTint:-16746133 dataRoaming:0 mcc:311 mnc:480 countIso:us userNwMode:10
12-08 16:31:50.360 D/SubscriptionController( 2509): [getActiveSubInfoList]- 1 infos return
12-08 16:31:50.363 D/SubscriptionController( 2509): [getActiveSubInfoList]+
12-08 16:31:50.364 D/SubscriptionController( 2509): selection:sim_id>=0 null
12-08 16:31:50.368 D/SubscriptionController( 2509): [getSubInfoRecord] id:1 iccid:891480000XXXXXXXXXXX simSlotIndex:0 displayName:Verizon Wireless nameSource:0 iconTint:-16746133 dataRoaming:0 mcc:311 mnc:480 countIso:us userNwMode:10
12-08 16:31:50.371 D/SubscriptionController( 2509): [getActiveSubInfoList]- 1 infos return
12-08 16:31:50.374 D/SubscriptionController( 2509): [getActiveSubInfoList]+
12-08 16:31:50.374 D/SubscriptionController( 2509): selection:sim_id>=0 null
12-08 16:31:50.378 D/SubscriptionController( 2509): [getSubInfoRecord] id:1 iccid:891480000XXXXXXXXXXX simSlotIndex:0 displayName:Verizon Wireless nameSource:0 iconTint:-16746133 dataRoaming:0 mcc:311 mnc:480 countIso:us userNwMode:10
12-08 16:31:50.381 D/SubscriptionController( 2509): [getActiveSubInfoList]- 1 infos return
12-08 16:31:50.385 D/SubscriptionController( 2509): [getActiveSubInfoList]+
12-08 16:31:50.386 D/SubscriptionController( 2509): selection:sim_id>=0 null
12-08 16:31:50.390 D/SubscriptionController( 2509): [getSubInfoRecord] id:1 iccid:891480000XXXXXXXXXXX simSlotIndex:0 displayName:Verizon Wireless nameSource:0 iconTint:-16746133 dataRoaming:0 mcc:311 mnc:480 countIso:us userNwMode:10
12-08 16:31:50.393 D/SubscriptionController( 2509): [getActiveSubInfoList]- 1 infos return
12-08 16:31:50.396 D/SubscriptionController( 2509): [getActiveSubInfoList]+
12-08 16:31:50.397 D/SubscriptionController( 2509): selection:sim_id>=0 null
12-08 16:31:50.400 D/SubscriptionController( 2509): [getSubInfoRecord] id:1 iccid:891480000XXXXXXXXXXX simSlotIndex:0 displayName:Verizon Wireless nameSource:0 iconTint:-16746133 dataRoaming:0 mcc:311 mnc:480 countIso:us userNwMode:10
12-08 16:31:50.404 D/SubscriptionController( 2509): [getActiveSubInfoList]- 1 infos return
12-08 16:31:51.790 D/DCT ( 2509): [0]onReceive: action=android.intent.action.SCREEN_ON
12-08 16:31:51.790 D/DCT ( 2509): [0]stopNetStatPoll
12-08 16:31:51.793 D/DCT ( 2509): [0]overall state is IDLE
12-08 16:31:51.808 D/DCT ( 2509): [0]onReceive: action=android.intent.action.SCREEN_OFF
12-08 16:31:51.808 D/DCT ( 2509): [0]stopNetStatPoll
12-08 16:31:51.810 D/DCT ( 2509): [0]overall state is IDLE
12-08 16:31:59.802 D/CdmaSST ( 2509): [CdmaLteSST] handleMessage: 10
12-08 16:31:59.802 D/RILJ ( 2509): [3768]> SIGNAL_STRENGTH [SUB0]
12-08 16:31:59.804 D/use-Rlog/RLOG-RILMM( 247): RILMM_MM_SignalStrength_onRequest +
12-08 16:31:59.804 D/use-Rlog/RLOG-RILMM( 247): RILMM_MM_SignalStrength_onRequest -
12-08 16:31:59.804 D/RILJ ( 2509): [3768]< SIGNAL_STRENGTH SignalStrength: -1 -1 84 65 -1 -1 -1 99 2147483647 2147483647 2147483647 2147483647 2147483647 gsm|lte [SUB0]
12-08 16:31:59.805 D/CdmaSST ( 2509): [CdmaLteSST] handleMessage: 3
12-08 16:31:59.806 D/DefaultPhoneNotifier( 2509): notifySignalStrength: mRegistry=com.android.internal.telephony.ITelephonyRegistry$Stub$Proxy@6c5e0f9 ss=SignalStrength: 99 -1 -84 -65 -120 -1 -1 99 2147483647 2147483647 2147483647 2147483647 2147483647 cdma sender=Handler (com.android.internal.telephony.cdma.CDMALTEPhone) {e766880}
12-08 16:31:59.875 D/CdmaSST ( 2509): [CdmaLteSST] handleMessage: 10
12-08 16:31:59.875 D/RILJ ( 2509): [3769]> SIGNAL_STRENGTH [SUB0]
12-08 16:31:59.876 D/use-Rlog/RLOG-RILMM( 247): RILMM_MM_SignalStrength_onRequest +
12-08 16:31:59.876 D/use-Rlog/RLOG-RILMM( 247): RILMM_MM_SignalStrength_onRequest -
12-08 16:31:59.877 D/RILJ ( 2509): [3769]< SIGNAL_STRENGTH SignalStrength: -1 -1 84 65 -1 -1 -1 99 2147483647 2147483647 2147483647 2147483647 2147483647 gsm|lte [SUB0]
12-08 16:31:59.877 D/CdmaSST ( 2509): [CdmaLteSST] handleMessage: 3
12-08 16:31:59.877 D/DefaultPhoneNotifier( 2509): notifySignalStrength: mRegistry=com.android.internal.telephony.ITelephonyRegistry$Stub$Proxy@6c5e0f9 ss=SignalStrength: 99 -1 -84 -65 -120 -1 -1 99 2147483647 2147483647 2147483647 2147483647 2147483647 cdma sender=Handler (com.android.internal.telephony.cdma.CDMALTEPhone) {e766880}
12-08 16:32:00.413 I/use-Rlog/RLOG-RIL-MX( 247): Read Ch0 << 0026~+GSYST=2015,12,1,8,21,32,0,-10,0
12-08 16:32:00.414 I/use-Rlog/RLOG-RIL-CC( 247): NitzTm utc=1449628320
12-08 16:32:00.414 I/use-Rlog/RLOG-RIL-CC( 247): NitzTm TPA_SECCLK_Set_NITZ_Time returned status = 58 & took 0.0 secs
12-08 16:32:00.415 D/RILJ ( 2509): [UNSL]< UNSOL_NITZ_TIME_RECEIVED 15/12/08,21:32:00-20,0 [SUB0]
12-08 16:32:00.415 D/CdmaSST ( 2509): [CdmaLteSST] handleMessage: 11
12-08 16:32:00.415 D/CdmaSST ( 2509): [CdmaLteSST] NITZ: 15/12/08,21:32:00-20,0,382579 start=382581 delay=2
12-08 16:32:00.416 D/CdmaSST ( 2509): [CdmaLteSST] NITZ: tzOffset=-18000000 dst=0 zone=America/New_York iso=us mGotCountryCode=true mNeedFixZone=false
12-08 16:32:00.416 D/CdmaSST ( 2509): [CdmaLteSST] setAndBroadcastNetworkSetTimeZone: setTimeZone=America/New_York
12-08 16:32:00.419 D/CdmaSST ( 2509): [CdmaLteSST] NITZ: ignore, a previous update was 20574ms ago and gained=-414ms
12-08 16:32:00.419 D/CdmaSST ( 2509): [CdmaLteSST] NITZ: end=382585 dur=4
12-08 16:32:10.057 I/use-Rlog/RLOG-RIL-MX( 247): Read Ch7 << 0027~+MSATP=40d02981030140038202818205003501033902058e470908767a7761646d696e3c030220fb3e0521454eeb39
12-08 16:32:10.057 D/use-Rlog/RLOG-RILMM( 247): RILMM_SAT_onUnsolicitedResponse +
12-08 16:32:10.057 D/use-Rlog/RLOG-RILMM( 247): RILMM_SAT_onUnsolicitedResponse Received RIL_UNSOL_STK_PROACTIVE_COMMAND - CDMA
12-08 16:32:10.057 D/use-Rlog/RLOG-RILMM( 247): handle_stk_proactive_command +
12-08 16:32:10.057 D/use-Rlog/RLOG-RILMM( 247): handle_stk_proactive_command cmd_length: 43
12-08 16:32:10.057 D/use-Rlog/RLOG-RILMM( 247): handle_stk_proactive_command global_command: 255
12-08 16:32:10.057 D/use-Rlog/RLOG-RILMM( 247): handle_stk_proactive_command Received Proactive Command: OPEN CHANNEL
12-08 16:32:10.057 D/use-Rlog/RLOG-RILMM( 247): util_get_cdmagsm_ril_modem_mode Modem mode = 1
12-08 16:32:10.057 D/use-Rlog/RLOG-RILMM( 247): RILMM_Main_get_current_active_ril Invalid rat
12-08 16:32:10.057 D/use-Rlog/RLOG-RILMM( 247): util_get_ota_flag OTA flag = 0
12-08 16:32:10.057 D/use-Rlog/RLOG-RILMM( 247): handle_cmd_open_channel +
12-08 16:32:10.057 D/use-Rlog/RLOG-RILMM( 247): util_get_cdmagsm_ril_modem_mode Modem mode = 1
12-08 16:32:10.057 D/use-Rlog/RLOG-RILMM( 247): handle_cmd_open_channel RAT Invalid
12-08 16:32:10.057 D/use-Rlog/RLOG-RILMM( 247): build_send_open_channel_cmd_response +
12-08 16:32:10.057 D/use-Rlog/RLOG-RILMM( 247): build_send_open_channel_cmd_response Invalid Channel ID. Send the terminal response with default values
12-08 16:32:10.057 D/use-Rlog/RLOG-RILMM( 247): send_terminal_response +
12-08 16:32:10.058 D/use-Rlog/RLOG-RILMM( 247): send_stk_msg_to_cdma +
12-08 16:32:10.058 D/use-Rlog/RLOG-RILMM( 247): send_stk_msg_to_cdma_with_callback +
12-08 16:32:10.058 D/use-Rlog/RLOG-RILMM( 247): send_stk_msg_to_cdma_with_callback Message Length: 20
12-08 16:32:10.058 D/use-Rlog/RLOG-RILMM( 247): RILMM_MAIN_send_request Sending Request with token = 823
12-08 16:32:10.058 I/use-Rlog/RLOG-RIL-MAIN( 247): onReq: reqCode = 70, dataLen = 41
12-08 16:32:10.058 D/use-Rlog/RLOG-RILMM( 247): send_stk_msg_to_cdma_with_callback -
12-08 16:32:10.058 D/use-Rlog/RLOG-RILMM( 247): send_stk_msg_to_cdma -
12-08 16:32:10.058 D/use-Rlog/RLOG-RILMM( 247): send_terminal_response global_command: 255
12-08 16:32:10.058 D/use-Rlog/RLOG-RILMM( 247): send_terminal_response -
12-08 16:32:10.058 D/use-Rlog/RLOG-RILMM( 247): build_send_open_channel_cmd_response -
12-08 16:32:10.058 D/use-Rlog/RLOG-RILMM( 247): handle_stk_proactive_command -
12-08 16:32:10.058 D/use-Rlog/RLOG-RILMM( 247): RILMM_SAT_onUnsolicitedResponse -
12-08 16:32:10.058 I/use-Rlog/RLOG-RIL-MX( 247): Ch7 > 0448AT+MSATR=81030140038202828183022004350103B902058E
12-08 16:32:10.058 I/use-Rlog/RLOG-RIL-MX( 247):
12-08 16:32:10.095 I/use-Rlog/RLOG-RIL-MX( 247): Read Ch7 << 0448+MSATR=0
12-08 16:32:10.095 D/use-Rlog/RLOG-RILMM( 247): RILMM_SAT_HandleCDMA_onRequestComplete +
12-08 16:32:10.095 D/use-Rlog/RLOG-RILMM( 247): RILMM_SAT_HandleCDMA_onRequestComplete CDMA Response is 0
12-08 16:32:10.095 D/use-Rlog/RLOG-RILMM( 247): RILMM_SAT_HandleCDMA_onRequestComplete -
12-08 16:32:10.338 I/use-Rlog/RLOG-RIL-MX( 247): Read Ch7 << 0028~+MSATP=40d029810301400382028182050035010339020200470908767a7761646d696e3c030100353e052142ae5f2c
12-08 16:32:10.338 D/use-Rlog/RLOG-RILMM( 247): RILMM_SAT_onUnsolicitedResponse +
12-08 16:32:10.338 D/use-Rlog/RLOG-RILMM( 247): RILMM_SAT_onUnsolicitedResponse Received RIL_UNSOL_STK_PROACTIVE_COMMAND - CDMA
12-08 16:32:10.338 D/use-Rlog/RLOG-RILMM( 247): handle_stk_proactive_command +
12-08 16:32:10.338 D/use-Rlog/RLOG-RILMM( 247): handle_stk_proactive_command cmd_length: 43
12-08 16:32:10.338 D/use-Rlog/RLOG-RILMM( 247): handle_stk_proactive_command global_command: 255
12-08 16:32:10.338 D/use-Rlog/RLOG-RILMM( 247): handle_stk_proactive_command Received Proactive Command: OPEN CHANNEL
12-08 16:32:10.338 D/use-Rlog/RLOG-RILMM( 247): util_get_cdmagsm_ril_modem_mode Modem mode = 1
12-08 16:32:10.338 D/use-Rlog/RLOG-RILMM( 247): RILMM_Main_get_current_active_ril Invalid rat
12-08 16:32:10.338 D/use-Rlog/RLOG-RILMM( 247): util_get_ota_flag OTA flag = 0
12-08 16:32:10.338 D/use-Rlog/RLOG-RILMM( 247): handle_cmd_open_channel +
12-08 16:32:10.338 D/use-Rlog/RLOG-RILMM( 247): util_get_cdmagsm_ril_modem_mode Modem mode = 1
12-08 16:32:10.339 D/use-Rlog/RLOG-RILMM( 247): handle_cmd_open_channel RAT Invalid
12-08 16:32:10.339 D/use-Rlog/RLOG-RILMM( 247): build_send_open_channel_cmd_response +
12-08 16:32:10.339 D/use-Rlog/RLOG-RILMM( 247): build_send_open_channel_cmd_response Invalid Channel ID. Send the terminal response with default values
12-08 16:32:10.339 D/use-Rlog/RLOG-RILMM( 247): send_terminal_response +
12-08 16:32:10.339 D/use-Rlog/RLOG-RILMM( 247): send_stk_msg_to_cdma +
12-08 16:32:10.339 D/use-Rlog/RLOG-RILMM( 247): send_stk_msg_to_cdma_with_callback +
12-08 16:32:10.339 D/use-Rlog/RLOG-RILMM( 247): send_stk_msg_to_cdma_with_callback Message Length: 20
12-08 16:32:10.339 D/use-Rlog/RLOG-RILMM( 247): RILMM_MAIN_send_request Sending Request with token = 824
12-08 16:32:10.339 I/use-Rlog/RLOG-RIL-MAIN( 247): onReq: reqCode = 70, dataLen = 41
12-08 16:32:10.339 D/use-Rlog/RLOG-RILMM( 247): send_stk_msg_to_cdma_with_callback -
12-08 16:32:10.339 D/use-Rlog/RLOG-RILMM( 247): send_stk_msg_to_cdma -
12-08 16:32:10.339 D/use-Rlog/RLOG-RILMM( 247): send_terminal_response global_command: 255
12-08 16:32:10.339 D/use-Rlog/RLOG-RILMM( 247): send_terminal_response -
12-08 16:32:10.339 D/use-Rlog/RLOG-RILMM( 247): build_send_open_channel_cmd_response -
12-08 16:32:10.339 D/use-Rlog/RLOG-RILMM( 247): handle_stk_proactive_command -
12-08 16:32:10.339 D/use-Rlog/RLOG-RILMM( 247): RILMM_SAT_onUnsolicitedResponse -
12-08 16:32:10.339 I/use-Rlog/RLOG-RIL-MX( 247): Ch7 > 0449AT+MSATR=81030140038202828183022004350103B9020200
12-08 16:32:10.339 I/use-Rlog/RLOG-RIL-MX( 247):
12-08 16:32:10.399 I/use-Rlog/RLOG-RIL-MX( 247): Read Ch7 << 0449+MSATR=0
12-08 16:32:10.399 D/use-Rlog/RLOG-RILMM( 247): RILMM_SAT_HandleCDMA_onRequestComplete +
12-08 16:32:10.400 D/use-Rlog/RLOG-RILMM( 247): RILMM_SAT_HandleCDMA_onRequestComplete CDMA Response is 0
12-08 16:32:10.400 D/use-Rlog/RLOG-RILMM( 247): RILMM_SAT_HandleCDMA_onRequestComplete -
12-08 16:32:10.577 I/use-Rlog/RLOG-RIL-MX( 247): Read Ch7 << 0029~+MSATP=40d029810301400382028182050035010339020200470908767a7761646d696e3c030100353e052142ae5f2c
12-08 16:32:10.577 D/use-Rlog/RLOG-RILMM( 247): RILMM_SAT_onUnsolicitedResponse +
