12-08 16:31:18.150 D/use-Rlog/RLOG-RILMM( 247): update_global_card_status app[0]: appType:2, appState:5, persoState:2, aid:A0000000871002F310FFFF89080000FF, pin1:3, pin2:1, pinRep:0
12-08 16:31:18.150 D/use-Rlog/RLOG-RILMM( 247): update_global_card_status app[1]: appType:4, appState:5, persoState:0, aid:a0000003431002f310ffff89020000ff, pin1:3, pin2:1, pinRep:0
12-08 16:31:18.150 D/use-Rlog/RLOG-RILMM( 247): update_global_card_status app[2]: appType:5, appState:1, persoState:0, aid:a0000000871004f310ffff89080000ff, pin1:0, pin2:0, pinRep:0
12-08 16:31:18.150 D/use-Rlog/RLOG-RILMM( 247): save_card_status_from_cdma_bp card state:1, upin state:0, gsm_umts app index:0, cdma app index:1, isim app index:2, num of apps:3
12-08 16:31:18.150 D/use-Rlog/RLOG-RILMM( 247): RILMM_MAIN_send_request Sending Request with token = 692
12-08 16:31:18.150 D/use-Rlog/RLOG-RIL-LTE( 247): RILM_SIM_OEM_HookRaw_onRequest Msg id = 0xa0019
12-08 16:31:18.150 D/use-Rlog/RLOG-RIL-LTE( 247): RILM_OEM_onRequest Msg id= 0xa0019,
12-08 16:31:18.150 D/use-Rlog/RLOG-RIL-LTE( 247): RILM_OEM_SIM_onRequest Msg id= 0xa0019
12-08 16:31:18.150 D/use-Rlog/RLOG-RIL-LTE( 247): RILM_OEM_SIM_SendCardStatusResponse_onRequest +
12-08 16:31:18.150 D/use-Rlog/RLOG-RIL-LTE( 247): RILM_OEM_SIM_SendCardStatusResponse_onRequest card state:1,universal pin state :0, gsm_umts app index:0, cdma app index :1, num of apps:3
12-08 16:31:18.150 D/use-Rlog/RLOG-RIL-LTE( 247): RILM_OEM_SIM_SendCardStatusResponse_onRequest App type 2 App state 5
12-08 16:31:18.150 D/use-Rlog/RLOG-RIL-LTE( 247): RILM_OEM_SIM_SendCardStatusResponse_onRequest aid_len: 32
12-08 16:31:18.150 D/use-Rlog/RLOG-RIL-LTE( 247): RILM_OEM_SIM_SendCardStatusResponse_onRequest App type 4 App state 5
12-08 16:31:18.150 D/use-Rlog/RLOG-RIL-LTE( 247): RILM_OEM_SIM_SendCardStatusResponse_onRequest aid_len: 32
12-08 16:31:18.150 D/use-Rlog/RLOG-RIL-LTE( 247): RILM_OEM_SIM_SendCardStatusResponse_onRequest App type 5 App state 1
12-08 16:31:18.150 D/use-Rlog/RLOG-RIL-LTE( 247): RILM_OEM_SIM_SendCardStatusResponse_onRequest aid_len: 32
12-08 16:31:18.151 D/use-Rlog/RLOG-RIL-LTE( 247): RILM_OEM_SIM_SendCardStatusResponse_onRequest -
12-08 16:31:18.151 D/use-Rlog/RLOG-RIL-LTE( 247): RILM_OEM_M2M_onRequest Msg id= 0xa0019
12-08 16:31:18.151 D/use-Rlog/RLOG-RILMM( 247): RILMM_MM_HandleSimStateInfo +
12-08 16:31:18.151 D/use-Rlog/RLOG-RILMM( 247): RILMM_MM_HandleSimStateInfo Subsidy Lock = 1
12-08 16:31:18.151 D/use-Rlog/RLOG-RILMM( 247): RILMM_MM_HandleSimStateInfo card_state = 1, gsm_app_state = 5
12-08 16:31:18.151 D/use-Rlog/RLOG-RILMM( 247): determine_system_priority +
12-08 16:31:18.151 D/use-Rlog/RLOG-RILMM( 247): determine_system_priority -
12-08 16:31:18.151 D/use-Rlog/RLOG-RILMM( 247): RILMM_MM_HandleSimStateInfo -
12-08 16:31:18.151 D/use-Rlog/RLOG-RILMM( 247): RILMM_SAT_HandleSimCardStatus +
12-08 16:31:18.151 D/use-Rlog/RLOG-RILMM( 247): RILMM_SAT_HandleSimCardStatus -
12-08 16:31:18.152 D/SubscriptionController( 2509): [getPhoneId]- invalid subId return=-1
12-08 16:31:18.153 D/use-Rlog/RLOG-RILMM( 247): RILMM_SIM_GetSimStatusCDMA_onRequestComplete -
12-08 16:31:18.154 V/RILJ ( 2509): motoOmap4RIL: responseIccCardStatus
12-08 16:31:18.156 D/DCT ( 2509): [0]setupDataForSinglePdn: reason = radioTurnedOff isDisconnected = true
12-08 16:31:18.156 D/DCT ( 2509): [0]isOnlySingleDcAllowed(0): false
12-08 16:31:18.156 D/DCT ( 2509): [0]cleanUpConnection: X tearDown=false reason=radioTurnedOff apnContext={mApnType=dun mState=IDLE mWaitingApns={null} mWaitingApnsPermanentFailureCountDown=0 mApnSetting={null} mReason=radioTurnedOff mDataEnabled=false mDependencyMet=true} dcac=null
12-08 16:31:18.156 D/DCT ( 2509): [0]cleanUpConnection: tearDown=false reason=radioTurnedOff apnContext={mApnType=hipri mState=IDLE mWaitingApns={null} mWaitingApnsPermanentFailureCountDown=0 mApnSetting={null} mReason=radioTurnedOff mDataEnabled=false mDependencyMet=true}
12-08 16:31:18.156 D/GSMPhone( 2509): getDataConnectionState: Data is Out of Service. ret = DISCONNECTED
12-08 16:31:18.156 D/RILJ ( 2509): [3653]< GET_SIM_STATUS IccCardState {CARDSTATE_PRESENT,PINSTATE_UNKNOWN,num_apps=3,gsm_id=0{APPTYPE_USIM,APPSTATE_READY,pin1=PINSTATE_DISABLED,pin2=PINSTATE_ENABLED_NOT_VERIFIED},cdma_id=1{APPTYPE_CSIM,APPSTATE_READY,pin1=PINSTATE_DISABLED,pin2=PINSTATE_ENABLED_NOT_VERIFIED},ims_id=2{APPTYPE_ISIM,APPSTATE_DETECTED,pin1=PINSTATE_UNKNOWN,pin2=PINSTATE_UNKNOWN}} [SUB0]
12-08 16:31:18.156 D/SubscriptionController( 2509): [getSubId]- sSlotIdxToSubId.size == 0, return DummySubIds slotIdx=0
12-08 16:31:18.157 D/DCT ( 2509): [0]isDataAllowed: not allowed due to - Attached= false - SIM not loaded - SIM not loaded and not NV subscription
12-08 16:31:18.158 D/SubscriptionController( 2509): [getPhoneId]- invalid subId return=-1
12-08 16:31:18.167 D/DCT ( 2509): [0]setupDataForSinglePdn: reason = radioTurnedOff isDisconnected = true
12-08 16:31:18.167 D/DCT ( 2509): [0]isOnlySingleDcAllowed(0): false
12-08 16:31:18.167 D/DCT ( 2509): [0]cleanUpConnection: X tearDown=false reason=radioTurnedOff apnContext={mApnType=hipri mState=IDLE mWaitingApns={null} mWaitingApnsPermanentFailureCountDown=0 mApnSetting={null} mReason=radioTurnedOff mDataEnabled=false mDependencyMet=true} dcac=null
12-08 16:31:18.168 D/DCT ( 2509): [0]cleanUpConnection: tearDown=false reason=radioTurnedOff apnContext={mApnType=ims mState=IDLE mWaitingApns={null} mWaitingApnsPermanentFailureCountDown=0 mApnSetting={null} mReason=radioTurnedOff mDataEnabled=false mDependencyMet=true}
12-08 16:31:18.168 D/GSMPhone( 2509): getDataConnectionState: Data is Out of Service. ret = DISCONNECTED
12-08 16:31:18.168 D/SubscriptionController( 2509): [getSubId]- sSlotIdxToSubId.size == 0, return DummySubIds slotIdx=0
12-08 16:31:18.170 D/DCT ( 2509): [0]isDataAllowed: not allowed due to - Attached= false - SIM not loaded - SIM not loaded and not NV subscription
12-08 16:31:18.171 D/SubscriptionController( 2509): [getPhoneId]- invalid subId return=-1
12-08 16:31:18.178 D/DCT ( 2509): [0]setupDataForSinglePdn: reason = radioTurnedOff isDisconnected = true
12-08 16:31:18.178 D/DCT ( 2509): [0]isOnlySingleDcAllowed(0): false
12-08 16:31:18.179 D/DCT ( 2509): [0]cleanUpConnection: X tearDown=false reason=radioTurnedOff apnContext={mApnType=ims mState=IDLE mWaitingApns={null} mWaitingApnsPermanentFailureCountDown=0 mApnSetting={null} mReason=radioTurnedOff mDataEnabled=false mDependencyMet=true} dcac=null
12-08 16:31:18.179 D/DCT ( 2509): [0]stopNetStatPoll
12-08 16:31:18.179 D/SubscriptionController( 2509): [getSubId]- sSlotIdxToSubId.size == 0, return DummySubIds slotIdx=0
12-08 16:31:18.183 I/use-Rlog/RLOG-RIL-MX( 247): Read Ch1 << 0366+TTY:OK
12-08 16:31:18.183 D/use-Rlog/RLOG-RILMM( 247): RILMM_CC_CDMA_onRequestComplete +
12-08 16:31:18.183 D/use-Rlog/RLOG-RILMM( 247): RILMM_CC_CDMA_onRequestComplete -
12-08 16:31:18.184 D/RILJ ( 2509): [3652]< RIL_REQUEST_SET_TTY_MODE [SUB0]
12-08 16:31:18.191 D/DCT ( 2509): [0]cleanUpConnection: mDisconnectPendingCount = 0
12-08 16:31:18.191 D/SubscriptionController( 2509): [getSubId]- sSlotIdxToSubId.size == 0, return DummySubIds slotIdx=0
12-08 16:31:18.192 D/DCT ( 2509): [0]isDataAllowed: not allowed due to - Attached= false - SIM not loaded - SIM not loaded and not NV subscription
12-08 16:31:18.194 D/SubscriptionController( 2509): [getPhoneId]- invalid subId return=-1
12-08 16:31:18.216 D/SubscriptionController( 2509): [getSubId]- sSlotIdxToSubId.size == 0, return DummySubIds slotIdx=0
12-08 16:31:18.225 D/DCT ( 2509): [0]isDataAllowed: not allowed due to - Attached= false - SIM not loaded - SIM not loaded and not NV subscription
12-08 16:31:18.234 D/SubscriptionController( 2509): [getPhoneId]- invalid subId return=-1
12-08 16:31:18.240 D/SubscriptionController( 2509): [getSubId]- sSlotIdxToSubId.size == 0, return DummySubIds slotIdx=0
12-08 16:31:18.243 D/DCT ( 2509): [0]isDataAllowed: not allowed due to - Attached= false - SIM not loaded - SIM not loaded and not NV subscription
12-08 16:31:18.247 D/SubscriptionController( 2509): [getPhoneId]- invalid subId return=-1
12-08 16:31:18.249 D/SubscriptionController( 2509): [getSubId]- sSlotIdxToSubId.size == 0, return DummySubIds slotIdx=0
12-08 16:31:18.266 D/use-Rlog/RLOG-RIL-LTE( 247): RILM_OEM_SIM_SendSimDrvResponse_Callback +
12-08 16:31:18.266 D/use-Rlog/RLOG-RIL-LTE( 247): RILM_OEM_SIM_SendSimDrvResponse_Callback -
12-08 16:31:18.276 D/DCT ( 2509): [0]isDataAllowed: not allowed due to - Attached= false - SIM not loaded - SIM not loaded and not NV subscription
12-08 16:31:18.283 D/SubscriptionController( 2509): [getPhoneId]- invalid subId return=-1
12-08 16:31:18.288 D/SubscriptionController( 2509): [getSubId]- sSlotIdxToSubId.size == 0, return DummySubIds slotIdx=0
12-08 16:31:18.294 D/DCT ( 2509): [0]isDataAllowed: not allowed due to - Attached= false - SIM not loaded - SIM not loaded and not NV subscription
12-08 16:31:18.294 D/SubscriptionController( 2509): [getPhoneId]- invalid subId return=-1
12-08 16:31:18.303 D/SubscriptionController( 2509): [getSubId]- sSlotIdxToSubId.size == 0, return DummySubIds slotIdx=0
12-08 16:31:18.313 D/DCT ( 2509): [0]isDataAllowed: not allowed due to - Attached= false - SIM not loaded - SIM not loaded and not NV subscription
12-08 16:31:18.320 D/SubscriptionController( 2509): [getPhoneId]- invalid subId return=-1
12-08 16:31:18.328 D/SubscriptionController( 2509): [getSubId]- sSlotIdxToSubId.size == 0, return DummySubIds slotIdx=0
12-08 16:31:18.329 D/DCT ( 2509): [0]isDataAllowed: not allowed due to - Attached= false - SIM not loaded - SIM not loaded and not NV subscription
12-08 16:31:18.333 D/SubscriptionController( 2509): [getPhoneId]- invalid subId return=-1
12-08 16:31:18.338 D/SubscriptionController( 2509): [getSubId]- sSlotIdxToSubId.size == 0, return DummySubIds slotIdx=0
12-08 16:31:18.339 D/DCT ( 2509): [0]isDataAllowed: not allowed due to - Attached= false - SIM not loaded - SIM not loaded and not NV subscription
12-08 16:31:18.341 D/SubscriptionController( 2509): [getPhoneId]- invalid subId return=-1
12-08 16:31:18.345 D/DCT ( 2509): [0]handleMessage msg={ when=-1s579ms what=270345 obj=android.os.AsyncResult@f0882d8 target=com.android.internal.telephony.dataconnection.DcTracker }
12-08 16:31:18.345 D/DCT ( 2509): [0]onDataConnectionDetached: stop polling and notify detached
12-08 16:31:18.345 D/DCT ( 2509): [0]stopNetStatPoll
12-08 16:31:18.346 D/SubscriptionController( 2509): [getSubId]- sSlotIdxToSubId.size == 0, return DummySubIds slotIdx=0
12-08 16:31:18.350 D/DCT ( 2509): [0]notifyDataConnection: reason=dataDetached
12-08 16:31:18.350 D/SubscriptionController( 2509): [getSubId]- sSlotIdxToSubId.size == 0, return DummySubIds slotIdx=0
12-08 16:31:18.351 D/DCT ( 2509): [0]isDataAllowed: not allowed due to - Attached= false - SIM not loaded - SIM not loaded and not NV subscription
12-08 16:31:18.351 D/SubscriptionController( 2509): [getPhoneId]- invalid subId return=-1
12-08 16:31:18.354 D/SubscriptionController( 2509): [getSubId]- sSlotIdxToSubId.size == 0, return DummySubIds slotIdx=0
12-08 16:31:18.355 D/DCT ( 2509): [0]isDataAllowed: not allowed due to - Attached= false - SIM not loaded - SIM not loaded and not NV subscription
12-08 16:31:18.355 D/SubscriptionController( 2509): [getPhoneId]- invalid subId return=-1
12-08 16:31:18.358 D/SubscriptionController( 2509): [getSubId]- sSlotIdxToSubId.size == 0, return DummySubIds slotIdx=0
12-08 16:31:18.364 D/DCT ( 2509): [0]isDataAllowed: not allowed due to - Attached= false - SIM not loaded - SIM not loaded and not NV subscription
12-08 16:31:18.369 D/SubscriptionController( 2509): [getPhoneId]- invalid subId return=-1
12-08 16:31:18.371 D/SubscriptionController( 2509): [getSubId]- sSlotIdxToSubId.size == 0, return DummySubIds slotIdx=0
12-08 16:31:18.374 D/DCT ( 2509): [0]isDataAllowed: not allowed due to - Attached= false - SIM not loaded - SIM not loaded and not NV subscription
12-08 16:31:18.375 D/SubscriptionController( 2509): [getPhoneId]- invalid subId return=-1
12-08 16:31:18.377 D/SubscriptionController( 2509): [getSubId]- sSlotIdxToSubId.size == 0, return DummySubIds slotIdx=0
12-08 16:31:18.378 D/DCT ( 2509): [0]isDataAllowed: not allowed due to - Attached= false - SIM not loaded - SIM not loaded and not NV subscription
12-08 16:31:18.379 D/SubscriptionController( 2509): [getPhoneId]- invalid subId return=-1
12-08 16:31:18.386 D/SubscriptionController( 2509): [getSubId]- sSlotIdxToSubId.size == 0, return DummySubIds slotIdx=0
12-08 16:31:18.389 D/DCT ( 2509): [0]isDataAllowed: not allowed due to - Attached= false - SIM not loaded - SIM not loaded and not NV subscription
12-08 16:31:18.393 D/SubscriptionController( 2509): [getPhoneId]- invalid subId return=-1
12-08 16:31:18.402 D/SubscriptionController( 2509): [getSubId]- sSlotIdxToSubId.size == 0, return DummySubIds slotIdx=0
12-08 16:31:18.408 D/DCT ( 2509): [0]isDataAllowed: not allowed due to - Attached= false - SIM not loaded - SIM not loaded and not NV subscription
12-08 16:31:18.409 D/SubscriptionController( 2509): [getPhoneId]- invalid subId return=-1
12-08 16:31:18.411 D/SubscriptionController( 2509): [getSubId]- sSlotIdxToSubId.size == 0, return DummySubIds slotIdx=0
12-08 16:31:18.418 I/use-Rlog/RLOG-RIL-RDE( 247): HOOK rsp: msgid=33554454, len=24, e=0
12-08 16:31:18.418 D/use-Rlog/RLOG-RILMM( 247): RILMM_MM_OEM_GetMMScanTimerCDMA_onRequestComplete +
12-08 16:31:18.418 D/use-Rlog/RLOG-RILMM( 247): RILMM_MM_OEM_GetMMScanTimerCDMA_onRequestComplete scan_time : 120
12-08 16:31:18.418 D/use-Rlog/RLOG-RILMM( 247): RILMM_MAIN_send_request Sending Request with token = 693
12-08 16:31:18.418 D/use-Rlog/RLOG-RIL-LTE( 247): RILM_MM_OEM_SetMMScanTimer_onRequest +
12-08 16:31:18.418 D/use-Rlog/RLOG-RIL-LTE( 247): RILM_MM_OEM_SetMMScanTimer_onRequest oem msg id 50013
12-08 16:31:18.418 D/use-Rlog/RLOG-RIL-LTE( 247): RILM_MM_OEM_SetMMScanTimer_onRequest scan timer value: 120
12-08 16:31:18.419 D/use-Rlog/RLOG-RIL-LTE( 247): RILM_MM_OEM_SetMMScanTimer_onRequest -
12-08 16:31:18.419 D/use-Rlog/RLOG-RIL-LTE( 247): RILM_SIM_OEM_HookRaw_onRequest Msg id = 0x50013
12-08 16:31:18.419 D/use-Rlog/RLOG-RIL-LTE( 247): RILM_OEM_onRequest Msg id= 0x50013,
12-08 16:31:18.419 D/use-Rlog/RLOG-RIL-LTE( 247): RILM_OEM_SIM_onRequest Msg id= 0x50013
12-08 16:31:18.419 D/use-Rlog/RLOG-RIL-LTE( 247): RILM_OEM_M2M_onRequest Msg id= 0x50013
12-08 16:31:18.419 D/use-Rlog/RLOG-RILMM( 247): RILMM_MM_OEM_GetMMScanTimerCDMA_onRequestComplete -
12-08 16:31:18.419 D/DCT ( 2509): [0]isDataAllowed: not allowed due to - Attached= false - SIM not loaded - SIM not loaded and not NV subscription
12-08 16:31:18.422 D/SubscriptionController( 2509): [getPhoneId]- invalid subId return=-1
12-08 16:31:18.424 D/DCT ( 2509): [0]handleMessage msg={ when=-1s657ms what=270348 obj=android.os.AsyncResult@98db631 target=com.android.internal.telephony.dataconnection.DcTracker }
12-08 16:31:18.424 D/DCT ( 2509): [0]onRoamingOff
12-08 16:31:18.424 D/use-Rlog/RLOG-RIL-LTE( 247): RILM_MM_OEM_SetScanTimer_SetNetworkSettings_Callback +
12-08 16:31:18.424 D/use-Rlog/RLOG-RIL-LTE( 247): RILM_MM_OEM_SetScanTimer_SetNetworkSettings_Callback result = 1, failure_cause = 0, isCanceled = 0
12-08 16:31:18.424 D/SubscriptionController( 2509): [getSubId]- sSlotIdxToSubId.size == 0, return DummySubIds slotIdx=0
12-08 16:31:18.424 D/use-Rlog/RLOG-RIL-LTE( 247): RILM_MM_OEM_SetScanTimer_SetNetworkSettings_Callback -
12-08 16:31:18.425 D/DCT ( 2509): [0]getDataOnRoamingEnabled: phoneSubId=-2 isDataRoamingEnabled=true
12-08 16:31:18.425 D/DCT ( 2509): [0]notifyDataConnection: reason=roamingOff
12-08 16:31:18.425 D/SubscriptionController( 2509): [getSubId]- sSlotIdxToSubId.size == 0, return DummySubIds slotIdx=0
12-08 16:31:18.438 D/DCT ( 2509): [0]isDataAllowed: not allowed due to - Attached= false - SIM not loaded - SIM not loaded and not NV subscription
12-08 16:31:18.443 D/SubscriptionController( 2509): [getPhoneId]- invalid subId return=-1
12-08 16:31:18.449 D/SubscriptionController( 2509): [getSubId]- sSlotIdxToSubId.size == 0, return DummySubIds slotIdx=0
12-08 16:31:18.451 D/DCT ( 2509): [0]isDataAllowed: not allowed due to - Attached= false - SIM not loaded - SIM not loaded and not NV subscription
12-08 16:31:18.452 D/SubscriptionController( 2509): [getPhoneId]- invalid subId return=-1
12-08 16:31:18.454 D/SubscriptionController( 2509): [getSubId]- sSlotIdxToSubId.size == 0, return DummySubIds slotIdx=0
12-08 16:31:18.455 D/DCT ( 2509): [0]isDataAllowed: not allowed due to - Attached= false - SIM not loaded - SIM not loaded and not NV subscription
12-08 16:31:18.462 D/SubscriptionController( 2509): [getPhoneId]- invalid subId return=-1
12-08 16:31:18.465 D/SubscriptionController( 2509): [getSubId]- sSlotIdxToSubId.size == 0, return DummySubIds slotIdx=0
12-08 16:31:18.467 D/DCT ( 2509): [0]isDataAllowed: not allowed due to - Attached= false - SIM not loaded - SIM not loaded and not NV subscription
12-08 16:31:18.472 D/SubscriptionController( 2509): [getPhoneId]- invalid subId return=-1
12-08 16:31:18.486 D/SubscriptionController( 2509): [getSubId]- sSlotIdxToSubId.size == 0, return DummySubIds slotIdx=0
12-08 16:31:18.495 D/DCT ( 2509): [0]isDataAllowed: not allowed due to - Attached= false - SIM not loaded - SIM not loaded and not NV subscription
12-08 16:31:18.495 D/SubscriptionController( 2509): [getPhoneId]- invalid subId return=-1
12-08 16:31:18.498 D/SubscriptionController( 2509): [getSubId]- sSlotIdxToSubId.size == 0, return DummySubIds slotIdx=0
12-08 16:31:18.505 D/DCT ( 2509): [0]isDataAllowed: not allowed due to - Attached= false - SIM not loaded - SIM not loaded and not NV subscription
12-08 16:31:18.519 D/SubscriptionController( 2509): [getPhoneId]- invalid subId return=-1
12-08 16:31:18.521 D/SubscriptionController( 2509): [getSubId]- sSlotIdxToSubId.size == 0, return DummySubIds slotIdx=0
12-08 16:31:18.523 D/DCT ( 2509): [0]isDataAllowed: not allowed due to - Attached= false - SIM not loaded - SIM not loaded and not NV subscription
12-08 16:31:18.524 D/SubscriptionController( 2509): [getPhoneId]- invalid subId return=-1
12-08 16:31:18.526 D/SubscriptionController( 2509): [getSubId]- sSlotIdxToSubId.size == 0, return DummySubIds slotIdx=0
12-08 16:31:18.527 D/DCT ( 2509): [0]isDataAllowed: not allowed due to - Attached= false - SIM not loaded - SIM not loaded and not NV subscription
12-08 16:31:18.528 D/SubscriptionController( 2509): [getPhoneId]- invalid subId return=-1
12-08 16:31:18.531 D/DCT ( 2509): [0]handleMessage msg={ when=-1s760ms what=270377 obj=android.os.AsyncResult@9bfb116 target=com.android.internal.telephony.dataconnection.DcTracker }
12-08 16:31:18.532 D/DCT ( 2509): [0]setupDataOnConnectableApns: nwTypeChanged
12-08 16:31:18.532 D/DCT ( 2509): [0]setupDataOnConnectableApns: apnContext {mApnType=dun mState=IDLE mWaitingApns={null} mWaitingApnsPermanentFailureCountDown=0 mApnSetting={null} mReason=radioTurnedOff mDataEnabled=false mDependencyMet=true}
12-08 16:31:18.532 D/DCT ( 2509): [0]setupDataOnConnectableApns: apnContext {mApnType=hipri mState=IDLE mWaitingApns={null} mWaitingApnsPermanentFailureCountDown=0 mApnSetting={null} mReason=radioTurnedOff mDataEnabled=false mDependencyMet=true}
12-08 16:31:18.532 D/DCT ( 2509): [0]setupDataOnConnectableApns: apnContext {mApnType=supl mState=IDLE mWaitingApns={null} mWaitingApnsPermanentFailureCountDown=0 mApnSetting={null} mReason=radioTurnedOff mDataEnabled=false mDependencyMet=true}
12-08 16:31:18.532 D/DCT ( 2509): [0]setupDataOnConnectableApns: apnContext {mApnType=cbs mState=IDLE mWaitingApns={null} mWaitingApnsPermanentFailureCountDown=0 mApnSetting={null} mReason=radioTurnedOff mDataEnabled=false mDependencyMet=true}
12-08 16:31:18.532 D/DCT ( 2509): [0]setupDataOnConnectableApns: apnContext {mApnType=mms mState=IDLE mWaitingApns={null} mWaitingApnsPermanentFailureCountDown=0 mApnSetting={null} mReason=radioTurnedOff mDataEnabled=false mDependencyMet=true}
12-08 16:31:18.532 D/DCT ( 2509): [0]setupDataOnConnectableApns: apnContext {mApnType=fota mState=IDLE mWaitingApns={null} mWaitingApnsPermanentFailureCountDown=0 mApnSetting={null} mReason=radioTurnedOff mDataEnabled=false mDependencyMet=true}
12-08 16:31:18.532 D/DCT ( 2509): [0]setupDataOnConnectableApns: apnContext {mApnType=ims mState=IDLE mWaitingApns={null} mWaitingApnsPermanentFailureCountDown=0 mApnSetting={null} mReason=radioTurnedOff mDataEnabled=false mDependencyMet=true}
12-08 16:31:18.533 D/DCT ( 2509): [0]setupDataOnConnectableApns: apnContext {mApnType=default mState=IDLE mWaitingApns={null} mWaitingApnsPermanentFailureCountDown=0 mApnSetting={null} mReason=radioTurnedOff mDataEnabled=false mDependencyMet=true}
12-08 16:31:18.533 D/DCT ( 2509): [0]onUpdateIcc: newIccRecords null
12-08 16:31:18.533 D/RILJ ( 2509): [3659]> BASEBAND_VERSION [SUB0]
12-08 16:31:18.537 D/RILJ ( 2509): [3660]> GET_IMEI [SUB0]
12-08 16:31:18.538 D/use-Rlog/RLOG-RILMM( 247): RILMM_MDM_onRequest +
12-08 16:31:18.538 D/use-Rlog/RLOG-RILMM( 247): RILMM_MDM_BasebandVersion_onRequest +
12-08 16:31:18.538 D/use-Rlog/RLOG-RILMM( 247): RILMM_MDM_BasebandVersion_onRequest onRequest LTE
12-08 16:31:18.538 D/use-Rlog/RLOG-RILMM( 247): RILMM_MAIN_send_request Sending Request with token = 694
12-08 16:31:18.538 D/use-Rlog/RLOG-RIL-LTE( 247): RILM_MDM_RequestBasebandVersion_onRequest +
12-08 16:31:18.539 D/use-Rlog/RLOG-RIL-LTE( 247): RILM_MDM_RequestBasebandVersion_onRequest -
12-08 16:31:18.539 D/use-Rlog/RLOG-RILMM( 247): RILMM_MDM_BasebandVersion_onRequest -
12-08 16:31:18.539 D/use-Rlog/RLOG-RILMM( 247): RILMM_MDM_onRequest -
12-08 16:31:18.543 D/RILJ ( 2509): [3661]> GET_IMEISV [SUB0]
12-08 16:31:18.543 D/use-Rlog/RLOG-RILMM( 247): RILMM_MDM_onRequest +
12-08 16:31:18.543 D/use-Rlog/RLOG-RILMM( 247): RILMM_MAIN_send_request Sending Request with token = 695
12-08 16:31:18.544 D/use-Rlog/RLOG-RIL-LTE( 247): RILM_MDM_GetImei_onRequest +
12-08 16:31:18.544 D/use-Rlog/RLOG-RIL-LTE( 247): RILM_MDM_GetImei_onRequest -
12-08 16:31:18.544 D/use-Rlog/RLOG-RILMM( 247): RILMM_MDM_onRequest -
12-08 16:31:18.545 D/use-Rlog/RLOG-RIL-LTE( 247): RILM_MDM_RequestBasebandVersion_GetModemInfo_Callback +
12-08 16:31:18.545 D/use-Rlog/RLOG-RIL-LTE( 247): RILM_MDM_RequestBasebandVersion_GetModemInfo_Callback result=0,len=48,isCanceled=0
12-08 16:31:18.545 D/use-Rlog/RLOG-RIL-LTE( 247): RILM_MDM_RequestBasebandVersion_GetModemInfo_Callback BASEBAND VERSION=LTEDC_U_09.1D.00
12-08 16:31:18.545 D/use-Rlog/RLOG-RILMM( 247): RILMM_MDM_BasebandVersionLTE_onRequestComplete +
12-08 16:31:18.545 D/use-Rlog/RLOG-RILMM( 247): RILMM_MAIN_send_request Sending Request with token = 696
12-08 16:31:18.545 I/use-Rlog/RLOG-RIL-MAIN( 247): onReq: reqCode = 51, dataLen = 0
12-08 16:31:18.545 D/use-Rlog/RLOG-RILMM( 247): RILMM_MDM_BasebandVersionLTE_onRequestComplete -
12-08 16:31:18.545 D/use-Rlog/RLOG-RIL-LTE( 247): RILM_MDM_RequestBasebandVersion_GetModemInfo_Callback -
12-08 16:31:18.548 V/RILJ ( 2509): motoOmap4RIL: getRadioCapability
12-08 16:31:18.548 V/RILJ ( 2509): motoOmap4RIL: startLceService
12-08 16:31:18.548 D/RILJ ( 2509): [3662]> RIL_REQUEST_VOICE_RADIO_TECH [SUB0]
12-08 16:31:18.548 D/use-Rlog/RLOG-RILMM( 247): RILMM_MDM_onRequest +
12-08 16:31:18.548 D/use-Rlog/RLOG-RILMM( 247): RILMM_MAIN_send_request Sending Request with token = 697
12-08 16:31:18.549 D/use-Rlog/RLOG-RIL-LTE( 247): RILM_MDM_GetImeisv_onRequest +
12-08 16:31:18.549 D/use-Rlog/RLOG-RIL-LTE( 247): RILM_MDM_GetImeisv_onRequest -
12-08 16:31:18.549 D/use-Rlog/RLOG-RILMM( 247): RILMM_MDM_onRequest -
12-08 16:31:18.554 D/use-Rlog/RLOG-RIL-LTE( 247): RILM_MDM_GetImei_GetModemInfo_callback +
12-08 16:31:18.554 D/use-Rlog/RLOG-RIL-LTE( 247): RILM_MDM_GetImei_GetModemInfo_callback result=0,len=16
12-08 16:31:18.554 D/use-Rlog/RLOG-RIL-LTE( 247): RILM_MDM_GetImei_GetModemInfo_callback IMEI:990001174413070
12-08 16:31:18.554 D/use-Rlog/RLOG-RILMM( 247): RILMM_MDM_LTE_onRequestComplete +
12-08 16:31:18.554 D/use-Rlog/RLOG-RILMM( 247): RILMM_MDM_LTE_onRequestComplete -
12-08 16:31:18.554 D/use-Rlog/RLOG-RIL-LTE( 247): RILM_MDM_GetImei_GetModemInfo_callback -
12-08 16:31:18.554 D/RILJ ( 2509): [3660]< GET_IMEI [SUB0]
12-08 16:31:18.558 D/SubscriptionController( 2509): [getSubId]- sSlotIdxToSubId.size == 0, return DummySubIds slotIdx=0
12-08 16:31:18.558 D/GsmSMSDispatcher( 2509): GsmSMSDispatcher: subId = -2 slotId = 0
12-08 16:31:18.558 E/IccCardProxy( 2509): setExternalState: !override and newstate unchanged from NOT_READY
12-08 16:31:18.558 E/IccCardProxy( 2509): setExternalState: !override and newstate unchanged from NOT_READY
12-08 16:31:18.558 D/use-Rlog/RLOG-RILMM( 247): onStateRequest +
12-08 16:31:18.558 D/DctController( 2509): EVENT_PHONE1_DATA_DETACH.
12-08 16:31:18.558 I/use-Rlog/RLOG-RIL-MAIN( 247): curState: Returns 6
12-08 16:31:18.558 I/use-Rlog/RLOG-RILMM( 247): onStateRequest moto-ril current_state = 6
12-08 16:31:18.558 D/use-Rlog/RLOG-RILMM( 247): onStateRequest -
12-08 16:31:18.558 D/RILJ ( 2509): [3662]< RIL_REQUEST_VOICE_RADIO_TECH {6} [SUB0]
12-08 16:31:18.559 D/DcSwitchSM( 2509): [DcSwitchStateMachine-0] DefaultState: shouldn't happen but ignore msg.what=0x44008
12-08 16:31:18.561 D/use-Rlog/RLOG-RIL-LTE( 247): RILM_MDM_GetImeisv_GetModemInfo_callback +
12-08 16:31:18.561 D/use-Rlog/RLOG-RIL-LTE( 247): RILM_MDM_GetImeisv_GetModemInfo_callback result=0,len=17,isCanceled=0
12-08 16:31:18.561 D/use-Rlog/RLOG-RIL-LTE( 247): RILM_MDM_GetImeisv_GetModemInfo_callback IMEISV:9900011744130701:
12-08 16:31:18.561 D/use-Rlog/RLOG-RILMM( 247): RILMM_MDM_LTE_onRequestComplete +
12-08 16:31:18.561 D/use-Rlog/RLOG-RILMM( 247): RILMM_MDM_LTE_onRequestComplete -
12-08 16:31:18.561 D/use-Rlog/RLOG-RIL-LTE( 247): RILM_MDM_GetImeisv_GetModemInfo_callback -
12-08 16:31:18.562 D/RILJ ( 2509): [3661]< GET_IMEISV [SUB0]
12-08 16:31:18.580 D/SubscriptionController( 2509): [getSubId]- sSlotIdxToSubId.size == 0, return DummySubIds slotIdx=0
12-08 16:31:18.580 D/DctController( 2509): [TNF -2]got request NetworkRequest [ id=1, legacyType=-1, [ Capabilities: INTERNET&NOT_RESTRICTED&TRUSTED&NOT_VPN] ] with score 0
12-08 16:31:18.580 D/SubscriptionController( 2509): [getSubId]- sSlotIdxToSubId.size == 0, return DummySubIds slotIdx=0
12-08 16:31:18.580 D/DctController( 2509): [TNF -2]Cellular needs Network for NetworkRequest [ id=1, legacyType=-1, [ Capabilities: INTERNET&NOT_RESTRICTED&TRUSTED&NOT_VPN] ]
12-08 16:31:18.583 D/SubscriptionController( 2509): [getSubId]- sSlotIdxToSubId.size == 0, return DummySubIds slotIdx=0
12-08 16:31:18.583 D/SubscriptionController( 2509): [getSubId]- sSlotIdxToSubId.size == 0, return DummySubIds slotIdx=0
12-08 16:31:18.583 D/DctController( 2509): [TNF -2]Request not useable, pending request.
12-08 16:31:18.583 D/SubscriptionInfoUpdater( 2509): [Receiver]+
12-08 16:31:18.592 D/SubscriptionInfoUpdater( 2509): Action: android.intent.action.SIM_STATE_CHANGED
12-08 16:31:18.592 D/SubscriptionInfoUpdater( 2509): slotId: 0
12-08 16:31:18.592 D/SubscriptionInfoUpdater( 2509): simStatus: NOT_READY
12-08 16:31:18.592 D/SubscriptionInfoUpdater( 2509): Ignoring simStatus: NOT_READY
12-08 16:31:18.592 D/SubscriptionInfoUpdater( 2509): [Receiver]-
12-08 16:31:18.593 D/DebugService( 2509): DebugService DebugService:
12-08 16:31:18.742 D/use-Rlog/RLOG-RILMM( 247): RILMM_MDM_BasebandVersionCDMA_onRequestComplete +
12-08 16:31:18.743 I/use-Rlog/RLOG-RILMM( 247): RILMM_MDM_BasebandVersionCDMA_onRequestComplete Baseband Version: CDMA_N_05.25.00R LTEDC_U_09.1D.00
12-08 16:31:18.743 D/use-Rlog/RLOG-RILMM( 247): RILMM_MDM_onRequestComplete +
12-08 16:31:18.743 D/use-Rlog/RLOG-RILMM( 247): RILMM_MDM_onRequestComplete -
12-08 16:31:18.743 D/use-Rlog/RLOG-RILMM( 247): RILMM_MDM_BasebandVersionCDMA_onRequestComplete -
12-08 16:31:18.743 D/RILJ ( 2509): [3659]< BASEBAND_VERSION CDMA_N_05.25.00R LTEDC_U_09.1D.00 [SUB0]
12-08 16:31:19.191 D/SipService( 2509): SipService: started!
12-08 16:31:19.231 D/SipService( 2509): start:
12-08 16:31:19.231 D/DCT ( 2509): [0]handleMessage msg={ when=-1s284ms what=270369 obj=android.os.AsyncResult@956846d target=com.android.internal.telephony.dataconnection.DcTracker }
12-08 16:31:19.231 D/DCT ( 2509): [0]onUpdateIcc: newIccRecords null
12-08 16:31:19.231 D/SubscriptionController( 2509): [getSubId]- sSlotIdxToSubId.size == 0, return DummySubIds slotIdx=0
12-08 16:31:19.232 D/GsmSMSDispatcher( 2509): GsmSMSDispatcher: subId = -2 slotId = 0
12-08 16:31:19.232 E/IccCardProxy( 2509): setExternalState: !override and newstate unchanged from NOT_READY
12-08 16:31:19.232 D/GsmSST ( 2509): [GsmSST] SubscriptionListener.onSubscriptionInfoChanged
12-08 16:31:19.232 D/SubscriptionController( 2509): [getSubId]- sSlotIdxToSubId.size == 0, return DummySubIds slotIdx=0
12-08 16:31:19.232 D/DCT ( 2509): [0]SubscriptionListener.onSubscriptionInfoChanged
12-08 16:31:19.232 D/SubscriptionController( 2509): [getSubId]- sSlotIdxToSubId.size == 0, return DummySubIds slotIdx=0
12-08 16:31:19.233 D/SubscriptionController( 2509): [getActiveSubInfoList]+
12-08 16:31:19.234 D/SubscriptionController( 2509): [getActiveSubInfoList] Sub Controller not ready
12-08 16:31:19.237 D/SubscriptionController( 2509): [getSubId]- sSlotIdxToSubId.size == 0, return DummySubIds slotIdx=0
12-08 16:31:19.264 D/SubscriptionController( 2509): [getSubId]- sSlotIdxToSubId.size == 0, return DummySubIds slotIdx=0
12-08 16:31:19.273 D/SubscriptionController( 2509): [getPhoneId]- invalid subId return=-1
12-08 16:31:19.335 D/SubscriptionController( 2509): [getSubId]- sSlotIdxToSubId.size == 0, return DummySubIds slotIdx=0
12-08 16:31:19.335 D/SubscriptionController( 2509): [getSubId]- sSlotIdxToSubId.size == 0, return DummySubIds slotIdx=0
12-08 16:31:19.336 D/SubscriptionController( 2509): [getSubId]- sSlotIdxToSubId.size == 0, return DummySubIds slotIdx=0
12-08 16:31:20.778 D/CellBroadcastHandler( 2509): mWakeLock released
12-08 16:31:20.787 D/GsmCellBroadcastHandler( 2509): mWakeLock released
12-08 16:31:20.790 D/CdmaServiceCategoryProgramHandler( 2509): mWakeLock released
12-08 16:31:21.020 I/use-Rlog/RLOG-RIL-MX( 247): Read Ch0 << 0007~+RSSI=1,8,111,99,0,0,0
12-08 16:31:21.021 I/use-Rlog/RLOG-RILMM( 247): RILMM_MM_onUnsolicitedResponse Rx UNSOL_SIGNAL_STRENGTH
12-08 16:31:21.021 D/use-Rlog/RLOG-RILMM( 247): util_get_cdmagsm_ril_modem_mode Modem mode = 1
12-08 16:31:21.058 I/use-Rlog/RLOG-RIL-MX( 247): Read Ch0 << 0008~+CREG=5,3,0,0,0,21,3,64,1,0,/128,1
12-08 16:31:21.058 D/use-Rlog/RLOG-RILMM( 247): util_get_cdmagsm_ril_modem_mode Modem mode = 1
12-08 16:31:21.058 I/use-Rlog/RLOG-RILMM( 247): RILMM_MM_onUnsolicitedResponse Rx UNSOL_RESPONSE_NETWORK_STATE_CHANGED - CDMA
12-08 16:31:21.059 D/use-Rlog/RLOG-RILMM( 247): RILMM_MAIN_send_request Sending Request with token = 698
12-08 16:31:21.059 I/use-Rlog/RLOG-RIL-MAIN( 247): onReq: reqCode = 22, dataLen = 0
12-08 16:31:21.059 I/use-Rlog/RLOG-RIL-MX( 247): Ch0 > 0371AT+COPS?
12-08 16:31:21.093 I/use-Rlog/RLOG-RIL-MX( 247): Read Ch0 << 0009~+GSYST=2015,12,1,8,21,31,38,-10,0
12-08 16:31:21.095 I/use-Rlog/RLOG-RIL-CC( 247): NitzTm utc=1449628298
12-08 16:31:21.096 D/RILJ ( 2509): [UNSL]< UNSOL_NITZ_TIME_RECEIVED 15/12/08,21:31:38-20,0 [SUB0]
12-08 16:31:21.128 I/use-Rlog/RLOG-RIL-MX( 247): Read Ch0 << 0371+COPS=0,,,11111
12-08 16:31:21.147 E/PhoneBase( 2509): Error! registerForCallWaiting() in PhoneBase should not be called, CDMAPhone inactive.
12-08 16:31:21.167 I/use-Rlog/RLOG-RIL-CC( 247): NitzTm TPA_SECCLK_Set_NITZ_Time returned status = 58 & took 0.5 secs
12-08 16:31:21.167 D/use-Rlog/RLOG-RILMM( 247): RILMM_MM_GetOperatorCDMA_onRequestComplete +
12-08 16:31:21.167 D/use-Rlog/RLOG-RILMM( 247): RILMM_MM_GetOperatorCDMA_onRequestComplete MCC:111
12-08 16:31:21.167 D/use-Rlog/RLOG-RILMM( 247): send_cdma_operator_info +
12-08 16:31:21.168 D/use-Rlog/RLOG-RILMM( 247): send_cdma_operator_info -
12-08 16:31:21.168 D/use-Rlog/RLOG-RILMM( 247): store_operator_info Storing OperatorInfo: {(null), (null), 11111, (null), (null), (null)}
12-08 16:31:21.168 D/use-Rlog/RLOG-RILMM( 247): send_oem_get_cdma_system_info +
12-08 16:31:21.168 D/use-Rlog/RLOG-RILMM( 247): RILMM_MAIN_send_request Sending Request with token = 699
12-08 16:31:21.168 I/use-Rlog/RLOG-RIL-MAIN( 247): onReq: reqCode = 59, dataLen = 8
12-08 16:31:21.168 D/use-Rlog/RLOG-RILMM( 247): send_oem_get_cdma_system_info -
12-08 16:31:21.168 D/use-Rlog/RLOG-RILMM( 247): RILMM_MM_GetOperatorCDMA_onRequestComplete -
12-08 16:31:21.168 I/use-Rlog/RLOG-RIL-MX( 247): Ch0 > 0372AT+CREG?
12-08 16:31:21.181 I/use-Rlog/RLOG-RIL-MX( 247): Read Ch0 << 0372+CREG=5,3,0,0,0,21,3,64,1,0,/128,1
12-08 16:31:21.181 D/use-Rlog/RLOG-RILMM( 247): RILMM_MM_OEM_GetCDMASysInfo_onRequestComplete +
12-08 16:31:21.181 D/use-Rlog/RLOG-RILMM( 247): send_cdma_reg_state +
12-08 16:31:21.181 D/use-Rlog/RLOG-RILMM( 247): send_cdma_reg_state -
12-08 16:31:21.181 D/use-Rlog/RLOG-RILMM( 247): store_registration_state +
12-08 16:31:21.181 D/use-Rlog/RLOG-RILMM( 247): store_registration_state Storing RegInfo: {5, 0, 0, 5, 0, 0, 0, 0, 21, 3, 64, 1, 64, 0}
12-08 16:31:21.181 D/use-Rlog/RLOG-RILMM( 247): store_registration_state -
12-08 16:31:21.181 D/use-Rlog/RLOG-RILMM( 247): determine_system_priority +
12-08 16:31:21.181 D/use-Rlog/RLOG-RILMM( 247): determine_system_priority -
12-08 16:31:21.181 D/use-Rlog/RLOG-RILMM( 247): RILMM_MM_OEM_GetCDMASysInfo_onRequestComplete -
12-08 16:31:21.272 I/use-Rlog/RLOG-RIL-MX( 247): Read Ch0 << 0010~+RSSI=2,11,96,99,0,0,0
12-08 16:31:21.272 I/use-Rlog/RLOG-RILMM( 247): RILMM_MM_onUnsolicitedResponse Rx UNSOL_SIGNAL_STRENGTH
12-08 16:31:21.272 D/use-Rlog/RLOG-RILMM( 247): util_get_cdmagsm_ril_modem_mode Modem mode = 1
12-08 16:31:21.309 I/use-Rlog/RLOG-RIL-MX( 247): Read Ch0 << 0011~+CREG=5,3,3203,0,0,21,3,64,1,0,/128,1
12-08 16:31:21.309 D/use-Rlog/RLOG-RILMM( 247): util_get_cdmagsm_ril_modem_mode Modem mode = 1
12-08 16:31:21.309 I/use-Rlog/RLOG-RILMM( 247): RILMM_MM_onUnsolicitedResponse Rx UNSOL_RESPONSE_NETWORK_STATE_CHANGED - CDMA
12-08 16:31:21.309 D/use-Rlog/RLOG-RILMM( 247): RILMM_MAIN_send_request Sending Request with token = 700
12-08 16:31:21.309 I/use-Rlog/RLOG-RIL-MAIN( 247): onReq: reqCode = 22, dataLen = 0
12-08 16:31:21.309 I/use-Rlog/RLOG-RIL-MX( 247): Ch0 > 0373AT+COPS?
12-08 16:31:21.326 D/DCT ( 2509): [0]handleMessage msg={ when=-3s331ms what=270377 obj=android.os.AsyncResult@6700b8b target=com.android.internal.telephony.dataconnection.DcTracker }
12-08 16:31:21.326 D/DCT ( 2509): [0]setupDataOnConnectableApns: nwTypeChanged
12-08 16:31:21.326 D/DCT ( 2509): [0]setupDataOnConnectableApns: apnContext {mApnType=dun mState=IDLE mWaitingApns={null} mWaitingApnsPermanentFailureCountDown=0 mApnSetting={null} mReason=radioTurnedOff mDataEnabled=false mDependencyMet=true}
12-08 16:31:21.326 D/DCT ( 2509): [0]setupDataOnConnectableApns: apnContext {mApnType=hipri mState=IDLE mWaitingApns={null} mWaitingApnsPermanentFailureCountDown=0 mApnSetting={null} mReason=radioTurnedOff mDataEnabled=false mDependencyMet=true}
12-08 16:31:21.326 D/DCT ( 2509): [0]setupDataOnConnectableApns: apnContext {mApnType=supl mState=IDLE mWaitingApns={null} mWaitingApnsPermanentFailureCountDown=0 mApnSetting={null} mReason=radioTurnedOff mDataEnabled=false mDependencyMet=true}
12-08 16:31:21.326 D/DCT ( 2509): [0]setupDataOnConnectableApns: apnContext {mApnType=cbs mState=IDLE mWaitingApns={null} mWaitingApnsPermanentFailureCountDown=0 mApnSetting={null} mReason=radioTurnedOff mDataEnabled=false mDependencyMet=true}
12-08 16:31:21.326 D/DCT ( 2509): [0]setupDataOnConnectableApns: apnContext {mApnType=mms mState=IDLE mWaitingApns={null} mWaitingApnsPermanentFailureCountDown=0 mApnSetting={null} mReason=radioTurnedOff mDataEnabled=false mDependencyMet=true}
12-08 16:31:21.326 D/DCT ( 2509): [0]setupDataOnConnectableApns: apnContext {mApnType=fota mState=IDLE mWaitingApns={null} mWaitingApnsPermanentFailureCountDown=0 mApnSetting={null} mReason=radioTurnedOff mDataEnabled=false mDependencyMet=true}
12-08 16:31:21.326 D/DCT ( 2509): [0]setupDataOnConnectableApns: apnContext {mApnType=ims mState=IDLE mWaitingApns={null} mWaitingApnsPermanentFailureCountDown=0 mApnSetting={null} mReason=radioTurnedOff mDataEnabled=false mDependencyMet=true}
12-08 16:31:21.326 D/DCT ( 2509): [0]setupDataOnConnectableApns: apnContext {mApnType=default mState=IDLE mWaitingApns={null} mWaitingApnsPermanentFailureCountDown=0 mApnSetting={null} mReason=radioTurnedOff mDataEnabled=false mDependencyMet=true}
12-08 16:31:21.326 D/DCT ( 2509): [0]onUpdateIcc: newIccRecords null
12-08 16:31:21.329 E/GsmSST ( 2509): [GsmSST] RIL implementation has returned an error where it must succeedcom.android.internal.telephony.CommandException: GENERIC_FAILURE
12-08 16:31:21.330 D/PHONE ( 2509): [ServiceState] setVoiceRegState=1
12-08 16:31:21.330 E/PHONE ( 2509): [ServiceState] setState deprecated use setVoiceRegState()
12-08 16:31:21.342 D/SubscriptionController( 2509): [getSubId]- sSlotIdxToSubId.size == 0, return DummySubIds slotIdx=0
12-08 16:31:21.343 D/GsmSST ( 2509): [GsmSST] Poll ServiceState done: oldSS=[3 3 voice home data home null null null null null null Unknown Unknown CSS not supported -1 -1 RoamInd=-1 DefRoamInd=-1 EmergOnly=false IsDataRoamingFromRegistration=false] newSS=[1 1 voice home data home null null null null null null Unknown Unknown CSS not supported -1 -1 RoamInd=-1 DefRoamInd=-1 EmergOnly=false IsDataRoamingFromRegistration=false] oldMaxDataCalls=1 mNewMaxDataCalls=1 oldReasonDataDenied=-1 mNewReasonDataDenied=-1
12-08 16:31:21.343 D/PHONE ( 2509): [ServiceState] setNullState=1
12-08 16:31:21.344 D/GsmSST ( 2509): [GsmSST] updateSpnDisplay: radio is on but out of service, set plmn='No service.'
12-08 16:31:21.345 I/use-Rlog/RLOG-RIL-MX( 247): Read Ch0 << 0012~+GSYST=2015,12,1,8,21,31,38,-10,0
12-08 16:31:21.345 I/use-Rlog/RLOG-RIL-CC( 247): NitzTm utc=1449628298
12-08 16:31:21.346 I/use-Rlog/RLOG-RIL-CC( 247): NitzTm TPA_SECCLK_Set_NITZ_Time returned status = 58 & took 0.0 secs
12-08 16:31:21.346 D/RILJ ( 2509): [UNSL]< UNSOL_NITZ_TIME_RECEIVED 15/12/08,21:31:38-20,0 [SUB0]
12-08 16:31:21.352 D/SubscriptionController( 2509): [getSubId]- sSlotIdxToSubId.size == 0, return DummySubIds slotIdx=0
12-08 16:31:21.352 D/GsmSST ( 2509): [GsmSST] updateSpnDisplay: changed sending intent rule=0 showPlmn='true' plmn='No service.' showSpn='false' spn='' dataSpn='' subId='-2'
12-08 16:31:21.353 D/SubscriptionController( 2509): [getSubId]- sSlotIdxToSubId.size == 0, return DummySubIds slotIdx=0
12-08 16:31:21.355 D/SubscriptionController( 2509): [getSubId]- sSlotIdxToSubId.size == 0, return DummySubIds slotIdx=0
12-08 16:31:21.355 D/SubscriptionController( 2509): [setPlmnSpn] No valid subscription to store info
12-08 16:31:21.356 D/SubscriptionController( 2509): notifySubscriptionInfoChanged:
12-08 16:31:21.359 D/TelephonyManager( 2509): setTelephonyProperty: success phoneId=0 property=gsm.operator.alpha value: propVal=
12-08 16:31:21.360 D/TelephonyManager( 2509): setTelephonyProperty: success phoneId=0 property=gsm.operator.numeric value: propVal=
12-08 16:31:21.360 D/GsmSST ( 2509): [GsmSST] operatorNumeric is null
12-08 16:31:21.360 D/TelephonyManager( 2509): setTelephonyProperty: success phoneId=0 property=gsm.operator.iso-country value: propVal=
12-08 16:31:21.361 D/TelephonyManager( 2509): setTelephonyProperty: success phoneId=0 property=gsm.operator.isroaming value: false propVal=false
12-08 16:31:21.362 D/GsmSST ( 2509): [GsmSST] Broadcasting ServiceState : 1 1 voice home data home null null null null null null Unknown Unknown CSS not supported -1 -1 RoamInd=-1 DefRoamInd=-1 EmergOnly=false IsDataRoamingFromRegistration=false
12-08 16:31:21.362 D/SubscriptionController( 2509): [getSubId]- sSlotIdxToSubId.size == 0, return DummySubIds slotIdx=0
12-08 16:31:21.362 D/DefaultPhoneNotifier( 2509): nofityServiceState: mRegistry=com.android.internal.telephony.ITelephonyRegistry$Stub$Proxy@6c5e0f9 ss=1 1 voice home data home null null null null null null Unknown Unknown CSS not supported -1 -1 RoamInd=-1 DefRoamInd=-1 EmergOnly=false IsDataRoamingFromRegistration=false sender=Handler (com.android.internal.telephony.gsm.GSMPhone) {a83e266} phondId=0 subId=-2
12-08 16:31:21.364 D/SubscriptionController( 2509): [getSlotId]- subId invalid
12-08 16:31:21.364 D/SubscriptionController( 2509): getSimStateForSlotIdx: simState=NOT_READY ordinal=6
12-08 16:31:21.365 D/SubscriptionManager( 1246): getSimStateForSubscriber: simState=6 slotIdx=0
12-08 16:31:21.365 D/TelephonyManager( 1246): getSimState: default sim:-1, sim state for slotIdx=0 is 6, return state as unknown
12-08 16:31:21.367 D/GsmSST ( 2509): [GsmSST] notifyDataRegStateRilRadioTechnologyChanged: drs=1 rat=0
12-08 16:31:21.367 D/TelephonyManager( 2509): setTelephonyProperty: success phoneId=0 property=gsm.network.type value: Unknown propVal=Unknown
12-08 16:31:21.368 D/DCT ( 2509): [0]get all active apn types
12-08 16:31:21.368 D/SubscriptionController( 2509): [getSubId]- sSlotIdxToSubId.size == 0, return DummySubIds slotIdx=0
12-08 16:31:21.368 D/GsmSST ( 2509): [GsmSST] getCellLocation(): X good mCellLoc=[0,0,-1]
12-08 16:31:21.369 D/TelephonyRegistry( 1246): notifyCellLocationForSubscriber: subId=-2 cellLocation=Bundle[mParcelledData.dataSize=64]
12-08 16:31:21.371 D/SubscriptionController( 2509): [getSubId]- sSlotIdxToSubId.size == 0, return DummySubIds slotIdx=0
12-08 16:31:21.372 D/SubscriptionController( 2509): [getSubId]- sSlotIdxToSubId.size == 0, return DummySubIds slotIdx=0
12-08 16:31:21.372 D/DCT ( 2509): [0]getDataOnRoamingEnabled: phoneSubId=-2 isDataRoamingEnabled=true
12-08 16:31:21.372 D/SubscriptionController( 2509): [getSubId]- sSlotIdxToSubId.size == 0, return DummySubIds slotIdx=0
12-08 16:31:21.372 D/DCT ( 2509): [0]getDataOnRoamingEnabled: phoneSubId=-2 isDataRoamingEnabled=true
12-08 16:31:21.372 D/PhoneProxy( 2509): [PhoneProxy] EVENT_VOICE_RADIO_TECH_CHANGED: newVoiceTech=6
12-08 16:31:21.372 D/PhoneProxy( 2509): [PhoneProxy] phoneObjectUpdater: newVoiceRadioTech=6
12-08 16:31:21.373 D/TelephonyManager( 2509): getLteOnCdmaMode=1 curVal=1 product_type='' lteOnCdmaProductType=''
12-08 16:31:21.373 D/PhoneProxy( 2509): [PhoneProxy] phoneObjectUpdater: LTE ON CDMA property is set. Switch to CDMALTEPhone newVoiceRadioTech=6 mActivePhone=GSM
12-08 16:31:21.373 D/PhoneProxy( 2509): [PhoneProxy] Switching Voice Phone : GSM >>> CDMA
12-08 16:31:21.373 D/TelephonyTester( 2509): register for intent action=com.android.internal.telephony.cdma.action_detached
12-08 16:31:21.374 D/TelephonyTester( 2509): register for intent action=com.android.internal.telephony.cdma.action_attached
12-08 16:31:21.380 D/PhoneBase( 2509): mDoesRilSendMultipleCallRing=false
12-08 16:31:21.380 D/PhoneBase( 2509): mCallRingDelay=3000
12-08 16:31:21.381 I/use-Rlog/RLOG-RIL-MX( 247): Read Ch0 << 0013~+GSYST=2015,12,1,8,21,31,38,-10,0
12-08 16:31:21.382 I/use-Rlog/RLOG-RIL-CC( 247): NitzTm utc=1449628298
12-08 16:31:21.382 I/use-Rlog/RLOG-RIL-CC( 247): NitzTm TPA_SECCLK_Set_NITZ_Time returned status = 58 & took 0.0 secs
12-08 16:31:21.382 D/RILJ ( 2509): [UNSL]< UNSOL_NITZ_TIME_RECEIVED 15/12/08,21:31:38-20,0 [SUB0]
12-08 16:31:21.401 V/RILJ ( 2509): motoOmap4RIL: startLceService
12-08 16:31:21.401 D/PhoneBase( 2509): mOosIsDisconnect=true
12-08 16:31:21.417 I/use-Rlog/RLOG-RIL-MX( 247): Read Ch0 << 0014~+CREG=5,1,3203,0,0,21,3,64,1,0,/128,1
12-08 16:31:21.418 D/use-Rlog/RLOG-RILMM( 247): util_get_cdmagsm_ril_modem_mode Modem mode = 1
12-08 16:31:21.418 I/use-Rlog/RLOG-RILMM( 247): RILMM_MM_onUnsolicitedResponse Rx UNSOL_RESPONSE_NETWORK_STATE_CHANGED - CDMA
12-08 16:31:21.418 D/use-Rlog/RLOG-RILMM( 247): RILMM_MAIN_send_request Sending Request with token = 701
12-08 16:31:21.418 I/use-Rlog/RLOG-RIL-MAIN( 247): onReq: reqCode = 22, dataLen = 0
12-08 16:31:21.455 I/use-Rlog/RLOG-RIL-MX( 247): Read Ch0 << 0015~+GSYST=2015,12,1,8,21,31,39,-10,0
12-08 16:31:21.455 I/use-Rlog/RLOG-RIL-CC( 247): NitzTm utc=1449628299
12-08 16:31:21.456 I/use-Rlog/RLOG-RIL-CC( 247): NitzTm TPA_SECCLK_Set_NITZ_Time returned status = 58 & took 0.0 secs
12-08 16:31:21.456 D/RILJ ( 2509): [UNSL]< UNSOL_NITZ_TIME_RECEIVED 15/12/08,21:31:39-20,0 [SUB0]
12-08 16:31:21.471 D/SubscriptionController( 2509): [getActiveSubInfoList]+
12-08 16:31:21.483 D/TelephonyManager( 2509): setTelephonyProperty: success phoneId=0 property=gsm.network.type value: Unknown propVal=Unknown
12-08 16:31:21.485 D/CdmaSSM ( 2509): getcdmasubscriptionSource: 0
12-08 16:31:21.490 I/use-Rlog/RLOG-RIL-MX( 247): Read Ch0 << 0373+COPS=0,,,31000
12-08 16:31:21.490 D/use-Rlog/RLOG-RILMM( 247): RILMM_MM_GetOperatorCDMA_onRequestComplete +
12-08 16:31:21.490 D/use-Rlog/RLOG-RILMM( 247): RILMM_MM_GetOperatorCDMA_onRequestComplete MCC:310
12-08 16:31:21.490 D/use-Rlog/RLOG-RILMM( 247): send_cdma_operator_info +
12-08 16:31:21.490 D/use-Rlog/RLOG-RILMM( 247): send_cdma_operator_info -
12-08 16:31:21.490 D/use-Rlog/RLOG-RILMM( 247): store_operator_info Storing OperatorInfo: {(null), (null), 31000, (null), (null), (null)}
12-08 16:31:21.490 D/use-Rlog/RLOG-RILMM( 247): send_oem_get_cdma_system_info +
12-08 16:31:21.490 D/use-Rlog/RLOG-RILMM( 247): RILMM_MAIN_send_request Sending Request with token = 702
12-08 16:31:21.490 I/use-Rlog/RLOG-RIL-MAIN( 247): onReq: reqCode = 59, dataLen = 8
12-08 16:31:21.490 D/use-Rlog/RLOG-RILMM( 247): send_oem_get_cdma_system_info -
12-08 16:31:21.490 D/use-Rlog/RLOG-RILMM( 247): RILMM_MM_GetOperatorCDMA_onRequestComplete -
12-08 16:31:21.491 I/use-Rlog/RLOG-RIL-MOD( 247): onReqComp: Ch0 process reqCode = 22
12-08 16:31:21.491 I/use-Rlog/RLOG-RIL-MX( 247): Ch0 > 0374AT+COPS?
12-08 16:31:21.492 D/RILJ ( 2509): [3663]> SIGNAL_STRENGTH [SUB0]
12-08 16:31:21.502 D/use-Rlog/RLOG-RILMM( 247): RILMM_MM_SignalStrength_onRequest +
12-08 16:31:21.502 D/use-Rlog/RLOG-RILMM( 247): RILMM_MM_SignalStrength_onRequest -
12-08 16:31:21.502 D/RILJ ( 2509): [3663]< SIGNAL_STRENGTH SignalStrength: -1 -1 96 55 -1 -1 -1 99 2147483647 2147483647 2147483647 2147483647 2147483647 gsm|lte [SUB0]
12-08 16:31:21.506 D/CdmaSST ( 2509): [CdmaLteSST] CdmaLteServiceStateTracker Constructors
12-08 16:31:21.506 D/RILJ ( 2509): setPhoneType=2 old value=1 [SUB0]
12-08 16:31:21.508 D/TelephonyManager( 2509): setTelephonyProperty: success phoneId=0 property=gsm.current.phone-type value: 2 propVal=2
12-08 16:31:21.509 D/TelephonyManager( 2509): setTelephonyProperty: success phoneId=0 property=gsm.sim.operator.alpha value: Verizon propVal=Verizon
12-08 16:31:21.510 D/CDMALTEPhone( 2509): update icc_operator_numeric=310004
12-08 16:31:21.510 D/TelephonyManager( 2509): setTelephonyProperty: success phoneId=0 property=gsm.sim.operator.numeric value: 310004 propVal=310004
12-08 16:31:21.512 D/SubscriptionController( 2509): [getSubId]- sSlotIdxToSubId.size == 0, return DummySubIds slotIdx=0
12-08 16:31:21.512 D/SubscriptionController( 2509): [setMccMnc]+ mcc/mnc:310/4 subId:-2
12-08 16:31:21.525 I/use-Rlog/RLOG-RIL-MX( 247): Read Ch0 << 0374+COPS=0,,,31000
12-08 16:31:21.525 D/use-Rlog/RLOG-RILMM( 247): RILMM_MM_GetOperatorCDMA_onRequestComplete +
12-08 16:31:21.525 D/use-Rlog/RLOG-RILMM( 247): RILMM_MM_GetOperatorCDMA_onRequestComplete MCC:310
12-08 16:31:21.525 D/use-Rlog/RLOG-RILMM( 247): send_cdma_operator_info +
12-08 16:31:21.525 D/use-Rlog/RLOG-RILMM( 247): send_cdma_operator_info -
12-08 16:31:21.525 D/use-Rlog/RLOG-RILMM( 247): store_operator_info Storing OperatorInfo: {(null), (null), 31000, (null), (null), (null)}
12-08 16:31:21.526 D/use-Rlog/RLOG-RILMM( 247): send_oem_get_cdma_system_info +
12-08 16:31:21.526 D/use-Rlog/RLOG-RILMM( 247): RILMM_MAIN_send_request Sending Request with token = 703
12-08 16:31:21.526 I/use-Rlog/RLOG-RIL-MAIN( 247): onReq: reqCode = 59, dataLen = 8
12-08 16:31:21.526 D/use-Rlog/RLOG-RILMM( 247): send_oem_get_cdma_system_info -
12-08 16:31:21.526 D/use-Rlog/RLOG-RILMM( 247): RILMM_MM_GetOperatorCDMA_onRequestComplete -
12-08 16:31:21.526 I/use-Rlog/RLOG-RIL-MOD( 247): onReqComp: Ch0 process reqCode = 59
12-08 16:31:21.526 I/use-Rlog/RLOG-RIL-MX( 247): Ch0 > 0375AT+CREG?
12-08 16:31:21.544 D/SubscriptionController( 2509): notifySubscriptionInfoChanged:
12-08 16:31:21.562 I/use-Rlog/RLOG-RIL-MX( 247): Read Ch0 << 0375+CREG=5,1,3203,0,0,21,3,64,1,0,/128,1
12-08 16:31:21.563 D/use-Rlog/RLOG-RILMM( 247): RILMM_MM_OEM_GetCDMASysInfo_onRequestComplete +
12-08 16:31:21.563 D/use-Rlog/RLOG-RILMM( 247): send_cdma_reg_state +
12-08 16:31:21.563 D/use-Rlog/RLOG-RILMM( 247): send_cdma_reg_state -
12-08 16:31:21.563 D/use-Rlog/RLOG-RILMM( 247): store_registration_state +
12-08 16:31:21.563 D/use-Rlog/RLOG-RILMM( 247): store_registration_state Storing RegInfo: {5, 0, 0, 6, 3203, 0, 0, 0, 21, 3, 64, 1, 64, 0}
12-08 16:31:21.563 D/use-Rlog/RLOG-RILMM( 247): store_registration_state -
12-08 16:31:21.563 D/use-Rlog/RLOG-RILMM( 247): determine_system_priority +
12-08 16:31:21.563 D/use-Rlog/RLOG-RILMM( 247): determine_system_priority -
12-08 16:31:21.563 D/use-Rlog/RLOG-RILMM( 247): RILMM_MM_OEM_GetCDMASysInfo_onRequestComplete -
12-08 16:31:21.563 I/use-Rlog/RLOG-RIL-MOD( 247): onReqComp: Ch0 process reqCode = 59
12-08 16:31:21.563 I/use-Rlog/RLOG-RIL-MX( 247): Ch0 > 0376AT+CREG?
12-08 16:31:21.582 D/CDMALTEPhone( 2509): setIsoCountryProperty: set 'gsm.sim.operator.iso-country' to iso=us
12-08 16:31:21.582 D/TelephonyManager( 2509): setTelephonyProperty: success phoneId=0 property=gsm.sim.operator.iso-country value: us propVal=us
12-08 16:31:21.593 D/SubscriptionController( 2509): [getActiveSubInfoList] Sub Controller not ready
12-08 16:31:21.593 D/CDMALTEPhone( 2509): update mccmnc=310004
12-08 16:31:21.595 D/SubscriptionController( 2509): [getPhoneId]- no sims, returning default phoneId=2147483647
12-08 16:31:21.600 I/use-Rlog/RLOG-RIL-MX( 247): Read Ch0 << 0376+CREG=5,1,3203,0,0,21,3,64,1,0,/128,1
12-08 16:31:21.600 D/use-Rlog/RLOG-RILMM( 247): RILMM_MM_OEM_GetCDMASysInfo_onRequestComplete +
12-08 16:31:21.600 D/use-Rlog/RLOG-RILMM( 247): send_cdma_reg_state +
12-08 16:31:21.600 D/use-Rlog/RLOG-RILMM( 247): send_cdma_reg_state -
