12-08 16:31:42.024 D/use-Rlog/RLOG-RILMM( 247): RILMM_SIM_Send_onRequestComplete_to_Apps -
12-08 16:31:42.024 I/use-Rlog/RLOG-RIL-MOD( 247): onReqComp: Ch7 process reqCode = 28
12-08 16:31:42.024 I/use-Rlog/RLOG-RIL-MX( 247): Ch7 > 0409AT+CRSM=178,28484,1,4,11,,3F007FFF,,,a0000003431002f310ffff89020000ff
12-08 16:31:42.024 I/use-Rlog/RLOG-RIL-MX( 247):
12-08 16:31:42.024 D/RILJ ( 2509): [3723]< SIM_IO IccIoResponse sw1:0x90 sw2:0x0 [SUB0]
12-08 16:31:42.026 D/RuimRecords( 2509): [RuimRecords] EF_CSIM_SPN LOADED
12-08 16:31:42.026 D/RuimRecords( 2509): [RuimRecords] CSIM_SPN=010201d6b23cad7fbb41d7b4bccc2ecfe7ffffffffffffffffffffffffffffffffffff
12-08 16:31:42.026 D/RuimRecords( 2509): [RuimRecords] Some corruption in SPN decoding = ��<��A����.��
12-08 16:31:42.026 D/RuimRecords( 2509): [RuimRecords] Using ENCODING_GSM_7BIT_ALPHABET scheme...
12-08 16:31:42.040 D/RuimRecords( 2509): [RuimRecords] getServiceProviderName: no brandOverride
12-08 16:31:42.040 D/RuimRecords( 2509): [RuimRecords] getServiceProviderName: providerName=Verizon Wireless
12-08 16:31:42.040 D/RuimRecords( 2509): [RuimRecords] spn=Verizon Wireless
12-08 16:31:42.040 D/RuimRecords( 2509): [RuimRecords] spnCondition=true
12-08 16:31:42.040 D/RuimRecords( 2509): [RuimRecords] getServiceProviderName: no brandOverride
12-08 16:31:42.040 D/RuimRecords( 2509): [RuimRecords] getServiceProviderName: providerName=Verizon Wireless
12-08 16:31:42.040 D/TelephonyManager( 2509): setTelephonyProperty: success phoneId=0 property=gsm.sim.operator.alpha value: Verizon Wireless propVal=Verizon Wireless
12-08 16:31:42.041 D/RuimRecords( 2509): [RuimRecords] onRecordLoaded 4 requested: true
12-08 16:31:42.137 I/use-Rlog/RLOG-RIL-MX( 247): Read Ch7 << 0409+CRSM=144,0,0a443a694866ffffff0a00
12-08 16:31:42.137 D/use-Rlog/RLOG-RILMM( 247): RILMM_SIM_Send_onRequestComplete_to_Apps +
12-08 16:31:42.137 D/use-Rlog/RLOG-RILMM( 247): RILMM_SIM_Send_onRequestComplete_to_Apps -
12-08 16:31:42.137 I/use-Rlog/RLOG-RIL-MOD( 247): onReqComp: Ch7 process reqCode = 28
12-08 16:31:42.137 I/use-Rlog/RLOG-RIL-MX( 247): Ch7 > 0410AT+CRSM=176,28450,0,0,10,,3F007FFF,,,a0000003431002f310ffff89020000ff
12-08 16:31:42.137 I/use-Rlog/RLOG-RIL-MX( 247):
12-08 16:31:42.138 D/RILJ ( 2509): [3725]< SIM_IO IccIoResponse sw1:0x90 sw2:0x0 [SUB0]
12-08 16:31:42.138 D/RuimRecords( 2509): [RuimRecords] EF_CSIM_MDN LOADED
12-08 16:31:42.138 D/RuimRecords( 2509): [RuimRecords] CSIM_MDN=0a443a694866ffffff0a00
12-08 16:31:42.138 D/RuimRecords( 2509): [RuimRecords] CSIM MDN=*PRIVATE BITCHES!!*
12-08 16:31:42.138 D/RuimRecords( 2509): [RuimRecords] onRecordLoaded 3 requested: true
12-08 16:31:42.177 I/use-Rlog/RLOG-RIL-MX( 247): Read Ch7 << 0410+CRSM=144,0,005301b7c6226380d100
12-08 16:31:42.178 D/use-Rlog/RLOG-RILMM( 247): RILMM_SIM_Send_onRequestComplete_to_Apps +
12-08 16:31:42.178 D/use-Rlog/RLOG-RILMM( 247): RILMM_SIM_Send_onRequestComplete_to_Apps -
12-08 16:31:42.178 I/use-Rlog/RLOG-RIL-MOD( 247): onReqComp: Ch7 process reqCode = 28
12-08 16:31:42.178 I/use-Rlog/RLOG-RIL-MX( 247): Ch7 > 0411AT+CRSM=178,28456,1,4,5,,3F007FFF,,,a0000003431002f310ffff89020000ff
12-08 16:31:42.178 I/use-Rlog/RLOG-RIL-MX( 247):
12-08 16:31:42.178 D/RILJ ( 2509): [3726]< SIM_IO IccIoResponse sw1:0x90 sw2:0x0 [SUB0]
12-08 16:31:42.179 D/RuimRecords( 2509): [RuimRecords] EF_CSIM_IMSIM LOADED
12-08 16:31:42.179 D/RuimRecords( 2509): [RuimRecords] CSIM_IMSIM=005301b7c6226380d100
12-08 16:31:42.179 D/RuimRecords( 2509): [RuimRecords] IMSI: 31000xxxxxxxxx
12-08 16:31:42.179 D/RuimRecords( 2509): [RuimRecords] Overriding with Operator Numeric: 311480
12-08 16:31:42.180 D/SubscriptionController( 2509): [getPhoneId]- no sims, returning default phoneId=2147483647
12-08 16:31:42.249 D/RuimRecords( 2509): [RuimRecords] onRecordLoaded 2 requested: true
12-08 16:31:42.251 D/SubscriptionController( 2509): [getSubId]- sSlotIdxToSubId.size == 0, return DummySubIds slotIdx=0
12-08 16:31:42.251 D/IccCardProxy( 2509): broadcastIccStateChangedIntent intent ACTION_SIM_STATE_CHANGED value=IMSI reason=null for mPhoneId=0
12-08 16:31:42.258 I/use-Rlog/RLOG-RIL-MX( 247): Read Ch7 << 0411+CRSM=144,0,1500ffff00
12-08 16:31:42.258 D/use-Rlog/RLOG-RILMM( 247): RILMM_SIM_Send_onRequestComplete_to_Apps +
12-08 16:31:42.258 D/use-Rlog/RLOG-RILMM( 247): RILMM_SIM_Send_onRequestComplete_to_Apps -
12-08 16:31:42.258 I/use-Rlog/RLOG-RIL-MOD( 247): onReqComp: Ch7 process reqCode = 28
12-08 16:31:42.258 I/use-Rlog/RLOG-RIL-MX( 247): Ch7 > 0412AT+CRSM=176,28493,0,0,147,,3F007FFF,,,a0000003431002f310ffff89020000ff
12-08 16:31:42.258 I/use-Rlog/RLOG-RIL-MX( 247):
12-08 16:31:42.259 D/RILJ ( 2509): [3727]< SIM_IO IccIoResponse sw1:0x90 sw2:0x0 [SUB0]
12-08 16:31:42.301 D/RILJ ( 2509): [3729]> iccIO: SIM_IO 0xb2 0x6f28 path: 3F007FFF,2,4,5 aid: a0000003431002f310ffff89020000ff [SUB0]
12-08 16:31:42.304 D/use-Rlog/RLOG-RILMM( 247): RILMM_SIM_SimIO_onRequest +
12-08 16:31:42.304 D/use-Rlog/RLOG-RILMM( 247): RILMM_SIM_SimIO_onRequest Reading aid from SIM_IO Req
12-08 16:31:42.304 D/use-Rlog/RLOG-RILMM( 247): RILMM_SIM_SimIO_onRequest Sending req to CDMA Modem- RIL_VERSION: 6
12-08 16:31:42.304 D/use-Rlog/RLOG-RILMM( 247): RILMM_MAIN_send_request Sending Request with token = 768
12-08 16:31:42.304 I/use-Rlog/RLOG-RIL-MAIN( 247): onReq: reqCode = 28, dataLen = 36
12-08 16:31:42.304 D/use-Rlog/RLOG-RILMM( 247): RILMM_SIM_SimIO_onRequest -
12-08 16:31:42.308 D/SubscriptionInfoUpdater( 2509): [Receiver]+
12-08 16:31:42.308 D/SubscriptionInfoUpdater( 2509): Action: android.intent.action.SIM_STATE_CHANGED
12-08 16:31:42.308 D/SubscriptionInfoUpdater( 2509): slotId: 0
12-08 16:31:42.308 D/SubscriptionInfoUpdater( 2509): simStatus: IMSI
12-08 16:31:42.308 D/SubscriptionInfoUpdater( 2509): Ignoring simStatus: IMSI
12-08 16:31:42.308 D/SubscriptionInfoUpdater( 2509): [Receiver]-
12-08 16:31:42.308 D/DCT ( 2509): [0]hasMatchedTetherApnSetting: APN=null
12-08 16:31:42.313 D/SubscriptionController( 2509): [getActiveSubInfoList]+
12-08 16:31:42.326 D/SubscriptionController( 2509): [getActiveSubInfoList] Sub Controller not ready
12-08 16:31:42.382 I/use-Rlog/RLOG-RIL-MX( 247): Read Ch7 << 0412+CRSM=144,0,2dcc010143434303339363834363640767a696d732e636f6d800000007fffffffffffffff8c00000008600000258ffffffffffffffffffffffffffffffffffffffffffffffffffffffffffffffffffffffffffffffffffffffffffffffffffffffffffffffffffffffffffffffffffffffffffffffffffffffffffffffffffffffffffffffffffffffffffffffffffffffffff
12-08 16:31:42.382 D/use-Rlog/RLOG-RILMM( 247): RILMM_SIM_Send_onRequestComplete_to_Apps +
12-08 16:31:42.382 D/use-Rlog/RLOG-RILMM( 247): RILMM_SIM_Send_onRequestComplete_to_Apps -
12-08 16:31:42.382 I/use-Rlog/RLOG-RIL-MOD( 247): onReqComp: Ch7 process reqCode = 70
12-08 16:31:42.382 I/use-Rlog/RLOG-RIL-MX( 247): Ch7 > 0413AT+MSATR=810301050082028281830100
12-08 16:31:42.382 I/use-Rlog/RLOG-RIL-MX( 247):
12-08 16:31:42.383 D/RILJ ( 2509): [3728]< SIM_IO IccIoResponse sw1:0x90 sw2:0x0 [SUB0]
12-08 16:31:42.383 D/RuimRecords( 2509): [RuimRecords] EF_CSIM_MIPUPP LOADED
12-08 16:31:42.384 D/RuimRecords( 2509): [RuimRecords] onRecordLoaded 1 requested: true
12-08 16:31:42.429 I/use-Rlog/RLOG-RIL-MX( 247): Read Ch7 << 0413+MSATR=10
12-08 16:31:42.430 E/use-Rlog/RLOG-RIL-STK( 247): mapSolicitedRespStatus: AT+MSATR=... FAILED 10
12-08 16:31:42.430 D/use-Rlog/RLOG-RILMM( 247): RILMM_SAT_HandleCDMA_onRequestComplete +
12-08 16:31:42.430 D/use-Rlog/RLOG-RILMM( 247): RILMM_SAT_HandleCDMA_onRequestComplete CDMA Response is 2
12-08 16:31:42.430 D/use-Rlog/RLOG-RILMM( 247): RILMM_SAT_HandleCDMA_onRequestComplete -
12-08 16:31:42.430 I/use-Rlog/RLOG-RIL-MOD( 247): onReqComp: Ch7 process reqCode = 59
12-08 16:31:42.430 I/use-Rlog/RLOG-RIL-MX( 247): Ch7 > 0414AT+CRSM=164,28422,0,4,2,6F06,3F007FFF,,1290116903
12-08 16:31:42.430 I/use-Rlog/RLOG-RIL-MX( 247):
12-08 16:31:42.453 D/DCT ( 2509): [0]hasMatchedTetherApnSetting: APN=null
12-08 16:31:42.497 D/DCT ( 2509): [0]hasMatchedTetherApnSetting: APN=null
12-08 16:31:42.514 D/SubscriptionController( 2509): [getActiveSubInfoList]+
12-08 16:31:42.515 D/SubscriptionController( 2509): [getActiveSubInfoList] Sub Controller not ready
12-08 16:31:42.522 D/SubscriptionController( 2509): [getActiveSubInfoList]+
12-08 16:31:42.523 D/SubscriptionController( 2509): [getActiveSubInfoList] Sub Controller not ready
12-08 16:31:42.524 I/use-Rlog/RLOG-RIL-MX( 247): Read Ch7 << 0414+CRSM=144,0,622382054221003f1483026f06a503c001008a01058b036f0601800204ec810205008801b8
12-08 16:31:42.525 I/use-Rlog/RLOG-RIL-ICC( 247): pCRSM: +CRSM=144,0,622382054221003f1483026f06a503c001008a01058b036f0601800204ec810205008801b8
12-08 16:31:42.525 D/use-Rlog/RLOG-RILMM( 247): RILMM_SIM_SendResponseCDMA_onRequestComplete +
12-08 16:31:42.525 D/use-Rlog/RLOG-RILMM( 247): RILMM_SIM_SendResponseCDMA_onRequestComplete LTE OEM msg id 655379, RIL_Errno 0
12-08 16:31:42.525 D/use-Rlog/RLOG-RILMM( 247): RILMM_SIM_SendResponseCDMA_onRequestComplete Responselen 42
12-08 16:31:42.525 D/use-Rlog/RLOG-RILMM( 247): RILMM_MAIN_send_request Sending Request with token = 769
12-08 16:31:42.525 D/use-Rlog/RLOG-RIL-LTE( 247): RILM_SIM_OEM_HookRaw_onRequest Msg id = 0xa0013
12-08 16:31:42.525 D/use-Rlog/RLOG-RIL-LTE( 247): RILM_OEM_onRequest Msg id= 0xa0013,
12-08 16:31:42.525 D/use-Rlog/RLOG-RIL-LTE( 247): RILM_OEM_SIM_onRequest Msg id= 0xa0013
12-08 16:31:42.525 D/use-Rlog/RLOG-RIL-LTE( 247): RILM_OEM_SIM_SendCRSM_Or_CRLAResponse_onRequest Message id = a0013, SW1 = 90, SW2 = 0, resp len = 37
12-08 16:31:42.525 D/use-Rlog/RLOG-RIL-LTE( 247): RILM_OEM_M2M_onRequest Msg id= 0xa0013
12-08 16:31:42.526 D/use-Rlog/RLOG-RILMM( 247): RILMM_SIM_SendResponseCDMA_onRequestComplete wl- =1
12-08 16:31:42.526 D/use-Rlog/RLOG-RILMM( 247): RILMM_SIM_SendResponseCDMA_onRequestComplete -
12-08 16:31:42.526 I/use-Rlog/RLOG-RIL-MOD( 247): onReqComp: Ch7 process reqCode = 28
12-08 16:31:42.526 I/use-Rlog/RLOG-RIL-MX( 247): Ch7 > 0415AT+CRSM=178,28456,2,4,5,,3F007FFF,,,a0000003431002f310ffff89020000ff
12-08 16:31:42.526 I/use-Rlog/RLOG-RIL-MX( 247):
12-08 16:31:42.536 D/SubscriptionController( 2509): [getActiveSubInfoList]+
12-08 16:31:42.536 D/SubscriptionController( 2509): [getActiveSubInfoList] Sub Controller not ready
12-08 16:31:42.575 D/GsmCellBroadcastHandler( 2509): mWakeLock released
12-08 16:31:42.599 I/use-Rlog/RLOG-RIL-MX( 247): Read Ch7 << 0415+CRSM=144,0,0000000000
12-08 16:31:42.599 D/use-Rlog/RLOG-RILMM( 247): RILMM_SIM_Send_onRequestComplete_to_Apps +
12-08 16:31:42.599 D/use-Rlog/RLOG-RILMM( 247): RILMM_SIM_Send_onRequestComplete_to_Apps -
12-08 16:31:42.599 D/RILJ ( 2509): [3729]< SIM_IO IccIoResponse sw1:0x90 sw2:0x0 [SUB0]
12-08 16:31:42.600 D/RILJ ( 2509): [3730]> iccIO: SIM_IO 0xb2 0x6f28 path: 3F007FFF,3,4,5 aid: a0000003431002f310ffff89020000ff [SUB0]
12-08 16:31:42.602 D/use-Rlog/RLOG-RILMM( 247): RILMM_SIM_SimIO_onRequest +
12-08 16:31:42.602 D/use-Rlog/RLOG-RILMM( 247): RILMM_SIM_SimIO_onRequest Reading aid from SIM_IO Req
12-08 16:31:42.602 D/use-Rlog/RLOG-RILMM( 247): RILMM_SIM_SimIO_onRequest Sending req to CDMA Modem- RIL_VERSION: 6
12-08 16:31:42.602 D/use-Rlog/RLOG-RILMM( 247): RILMM_MAIN_send_request Sending Request with token = 770
12-08 16:31:42.602 I/use-Rlog/RLOG-RIL-MAIN( 247): onReq: reqCode = 28, dataLen = 36
12-08 16:31:42.602 D/use-Rlog/RLOG-RILMM( 247): RILMM_SIM_SimIO_onRequest -
12-08 16:31:42.605 I/use-Rlog/RLOG-RIL-MX( 247): Ch7 > 0416AT+CRSM=178,28456,3,4,5,,3F007FFF,,,a0000003431002f310ffff89020000ff
12-08 16:31:42.605 I/use-Rlog/RLOG-RIL-MX( 247):
12-08 16:31:42.638 D/use-Rlog/RLOG-RIL-LTE( 247): RILM_OEM_SIM_SendSimDrvResponse_Callback +
12-08 16:31:42.638 D/use-Rlog/RLOG-RIL-LTE( 247): RILM_OEM_SIM_SendSimDrvResponse_Callback -
12-08 16:31:42.639 D/use-Rlog/RLOG-RIL-LTE( 247): RILM_OEM_SIM_Async_SendCRLAEvent +
12-08 16:31:42.639 D/use-Rlog/RLOG-RILMM( 247): RILMM_Main_OEM_onUnsolicitedResponse Rx UNSOL_OEM_HOOKRAW (1a0004) from LTE
12-08 16:31:42.639 D/use-Rlog/RLOG-RILMM( 247): RILMM_Main_OEM_onUnsolicitedResponse wl+ =18
12-08 16:31:42.639 D/use-Rlog/RLOG-RILMM( 247): RILMM_SIM_Oem_onUnsolicitedResponse +
12-08 16:31:42.639 D/use-Rlog/RLOG-RILMM( 247): RILMM_SIM_Oem_onUnsolicitedResponse Unsol OEM HOOKRAW msg id: 1a0004
12-08 16:31:42.639 D/use-Rlog/RLOG-RILMM( 247): RILMM_MAIN_send_request Sending Request with token = 771
12-08 16:31:42.639 I/use-Rlog/RLOG-RIL-MAIN( 247): onReq: reqCode = 59, dataLen = 26
12-08 16:31:42.639 D/use-Rlog/RLOG-RILMM( 247): RILMM_SIM_Oem_onUnsolicitedResponse -
12-08 16:31:42.639 D/use-Rlog/RLOG-RIL-LTE( 247): RILM_OEM_SIM_Async_SendCRLAEvent -
12-08 16:31:42.680 I/use-Rlog/RLOG-RIL-MX( 247): Read Ch0 << 0021~+GSYST=2015,12,1,8,21,31,42,-10,0
12-08 16:31:42.681 I/use-Rlog/RLOG-RIL-CC( 247): NitzTm utc=1449628302
12-08 16:31:42.681 I/use-Rlog/RLOG-RIL-CC( 247): NitzTm TPA_SECCLK_Set_NITZ_Time returned status = 58 & took 0.0 secs
12-08 16:31:42.681 D/RILJ ( 2509): [UNSL]< UNSOL_NITZ_TIME_RECEIVED 15/12/08,21:31:42-20,0 [SUB0]
12-08 16:31:42.682 D/CdmaSST ( 2509): [CdmaLteSST] handleMessage: 11
12-08 16:31:42.682 D/CdmaSST ( 2509): [CdmaLteSST] NITZ: 15/12/08,21:31:42-20,0,364846 start=364847 delay=1
12-08 16:31:42.682 D/CdmaSST ( 2509): [CdmaLteSST] NITZ: tzOffset=-18000000 dst=0 zone=America/New_York iso=us mGotCountryCode=true mNeedFixZone=false
12-08 16:31:42.682 D/CdmaSST ( 2509): [CdmaLteSST] setAndBroadcastNetworkSetTimeZone: setTimeZone=America/New_York
12-08 16:31:42.685 D/CdmaSST ( 2509): [CdmaLteSST] NITZ: ignore, a previous update was 2840ms ago and gained=-681ms
12-08 16:31:42.685 D/CdmaSST ( 2509): [CdmaLteSST] NITZ: end=364851 dur=4
12-08 16:31:42.716 I/use-Rlog/RLOG-RIL-MX( 247): Read Ch7 << 0416+CRSM=144,0,0000000000
12-08 16:31:42.716 D/use-Rlog/RLOG-RILMM( 247): RILMM_SIM_Send_onRequestComplete_to_Apps +
12-08 16:31:42.716 D/use-Rlog/RLOG-RILMM( 247): RILMM_SIM_Send_onRequestComplete_to_Apps -
12-08 16:31:42.716 I/use-Rlog/RLOG-RIL-MOD( 247): onReqComp: Ch7 process reqCode = 59
12-08 16:31:42.716 I/use-Rlog/RLOG-RIL-MX( 247): Ch7 > 0417AT+CRSM=178,28422,16,4,63,,3F007FFF,,1290116903
12-08 16:31:42.716 I/use-Rlog/RLOG-RIL-MX( 247):
12-08 16:31:42.717 D/RILJ ( 2509): [3730]< SIM_IO IccIoResponse sw1:0x90 sw2:0x0 [SUB0]
12-08 16:31:42.717 D/RILJ ( 2509): [3731]> iccIO: SIM_IO 0xb2 0x6f28 path: 3F007FFF,4,4,5 aid: a0000003431002f310ffff89020000ff [SUB0]
12-08 16:31:42.718 D/use-Rlog/RLOG-RILMM( 247): RILMM_SIM_SimIO_onRequest +
12-08 16:31:42.718 D/use-Rlog/RLOG-RILMM( 247): RILMM_SIM_SimIO_onRequest Reading aid from SIM_IO Req
12-08 16:31:42.718 D/use-Rlog/RLOG-RILMM( 247): RILMM_SIM_SimIO_onRequest Sending req to CDMA Modem- RIL_VERSION: 6
12-08 16:31:42.718 D/use-Rlog/RLOG-RILMM( 247): RILMM_MAIN_send_request Sending Request with token = 772
12-08 16:31:42.718 I/use-Rlog/RLOG-RIL-MAIN( 247): onReq: reqCode = 28, dataLen = 36
12-08 16:31:42.718 D/use-Rlog/RLOG-RILMM( 247): RILMM_SIM_SimIO_onRequest -
12-08 16:31:42.793 I/use-Rlog/RLOG-RIL-MX( 247): Read Ch7 << 0417+CRSM=144,0,800103a406830101950108800158a40683010a9501088401d4a40683010a950108800140a40683010a950108ffffffffffffffffffffffffffffffffffffff
12-08 16:31:42.793 I/use-Rlog/RLOG-RIL-ICC( 247): pCRSM: +CRSM=144,0,800103a406830101950108800158a40683010a9501088401d4a40683010a950108800140a40683010a950108ffffffffffffffffffffffffffffffffffffff
12-08 16:31:42.793 D/use-Rlog/RLOG-RILMM( 247): RILMM_SIM_SendResponseCDMA_onRequestComplete +
12-08 16:31:42.793 D/use-Rlog/RLOG-RILMM( 247): RILMM_SIM_SendResponseCDMA_onRequestComplete LTE OEM msg id 655379, RIL_Errno 0
12-08 16:31:42.793 D/use-Rlog/RLOG-RILMM( 247): RILMM_SIM_SendResponseCDMA_onRequestComplete Responselen 68
12-08 16:31:42.793 D/use-Rlog/RLOG-RILMM( 247): RILMM_MAIN_send_request Sending Request with token = 773
12-08 16:31:42.793 D/use-Rlog/RLOG-RIL-LTE( 247): RILM_SIM_OEM_HookRaw_onRequest Msg id = 0xa0013
12-08 16:31:42.793 D/use-Rlog/RLOG-RIL-LTE( 247): RILM_OEM_onRequest Msg id= 0xa0013,
12-08 16:31:42.793 D/use-Rlog/RLOG-RIL-LTE( 247): RILM_OEM_SIM_onRequest Msg id= 0xa0013
12-08 16:31:42.793 D/use-Rlog/RLOG-RIL-LTE( 247): RILM_OEM_SIM_SendCRSM_Or_CRLAResponse_onRequest Message id = a0013, SW1 = 90, SW2 = 0, resp len = 63
12-08 16:31:42.794 D/use-Rlog/RLOG-RIL-LTE( 247): RILM_OEM_M2M_onRequest Msg id= 0xa0013
12-08 16:31:42.794 D/use-Rlog/RLOG-RILMM( 247): RILMM_SIM_SendResponseCDMA_onRequestComplete wl- =1
12-08 16:31:42.794 D/use-Rlog/RLOG-RILMM( 247): RILMM_SIM_SendResponseCDMA_onRequestComplete -
12-08 16:31:42.794 I/use-Rlog/RLOG-RIL-MOD( 247): onReqComp: Ch7 process reqCode = 28
12-08 16:31:42.794 I/use-Rlog/RLOG-RIL-MX( 247): Ch7 > 0418AT+CRSM=178,28456,4,4,5,,3F007FFF,,,a0000003431002f310ffff89020000ff
12-08 16:31:42.794 I/use-Rlog/RLOG-RIL-MX( 247):
12-08 16:31:42.831 D/use-Rlog/RLOG-RIL-LTE( 247): RILM_OEM_SIM_SendSimDrvResponse_Callback +
12-08 16:31:42.831 D/use-Rlog/RLOG-RIL-LTE( 247): RILM_OEM_SIM_SendSimDrvResponse_Callback -
12-08 16:31:42.831 D/use-Rlog/RLOG-RIL-LTE( 247): RILM_OEM_SIM_Async_SendCRSMEvent +
12-08 16:31:42.831 D/use-Rlog/RLOG-RILMM( 247): RILMM_Main_OEM_onUnsolicitedResponse Rx UNSOL_OEM_HOOKRAW (1a0003) from LTE
12-08 16:31:42.831 D/use-Rlog/RLOG-RILMM( 247): RILMM_Main_OEM_onUnsolicitedResponse wl+ =18
12-08 16:31:42.831 D/use-Rlog/RLOG-RILMM( 247): RILMM_SIM_Oem_onUnsolicitedResponse +
12-08 16:31:42.831 D/use-Rlog/RLOG-RILMM( 247): RILMM_SIM_Oem_onUnsolicitedResponse Unsol OEM HOOKRAW msg id: 1a0003
12-08 16:31:42.831 D/use-Rlog/RLOG-RILMM( 247): RILMM_MAIN_send_request Sending Request with token = 774
12-08 16:31:42.831 I/use-Rlog/RLOG-RIL-MAIN( 247): onReq: reqCode = 59, dataLen = 22
12-08 16:31:42.831 D/use-Rlog/RLOG-RILMM( 247): RILMM_SIM_Oem_onUnsolicitedResponse -
12-08 16:31:42.831 D/use-Rlog/RLOG-RIL-LTE( 247): RILM_OEM_SIM_Async_SendCRSMEvent -
12-08 16:31:42.832 D/use-Rlog/RLOG-RIL-LTE( 247): RILM_SIM_GetFileInfoReq_Callback +
12-08 16:31:42.832 D/use-Rlog/RLOG-RIL-LTE( 247): RILM_SIM_GetFileInfoReq_Callback operation_result = 0, failure_cause = 4, file_type = 2, record_size = 6 num_records = 1, file_size = 6, invalidate_status = 0, rw_allowed_when_invalidated = 0
12-08 16:31:42.832 D/use-Rlog/RLOG-RILMM( 247): RILMM_SIM_Send_onRequestComplete_to_Apps +
12-08 16:31:42.832 D/use-Rlog/RLOG-RILMM( 247): RILMM_SIM_Send_onRequestComplete_to_Apps -
12-08 16:31:42.832 D/use-Rlog/RLOG-RIL-LTE( 247): RILM_SIM_GetFileInfoReq_Callback -
12-08 16:31:42.832 D/RILJ ( 2509): [3683]< SIM_IO IccIoResponse sw1:0x90 sw2:0x0 [SUB0]
12-08 16:31:42.833 D/RILJ ( 2509): [3732]> iccIO: SIM_IO 0xb2 0x6fca path: 3F007FFF,1,4,6 aid: A0000000871002F310FFFF89080000FF [SUB0]
12-08 16:31:42.834 D/use-Rlog/RLOG-RILMM( 247): RILMM_SIM_SimIO_onRequest +
12-08 16:31:42.834 D/use-Rlog/RLOG-RILMM( 247): RILMM_SIM_SimIO_onRequest Reading aid from SIM_IO Req
12-08 16:31:42.834 D/use-Rlog/RLOG-RILMM( 247): RILMM_SIM_SimIO_onRequest Sending req to LTE Modem- RIL_VERSION: 6
12-08 16:31:42.834 D/use-Rlog/RLOG-RILMM( 247): RILMM_SIM_SendRequesttoLTE +
12-08 16:31:42.834 D/use-Rlog/RLOG-RILMM( 247): RILMM_MAIN_send_request Sending Request with token = 775
12-08 16:31:42.834 D/use-Rlog/RLOG-RIL-LTE( 247): RILM_SIM_SimIO_onRequest +
12-08 16:31:42.834 I/use-Rlog/RLOG-RIL-MX( 247): Read Ch7 << 0418+CRSM=144,0,0000000000
12-08 16:31:42.834 D/use-Rlog/RLOG-RIL-LTE( 247): RILM_SIM_SimIO_onRequest Reading aid from SIM_IO Request
12-08 16:31:42.834 D/use-Rlog/RLOG-RIL-LTE( 247): is_input_ril_sim_io_valid is_input_ril_sim_io_valid = 0
12-08 16:31:42.834 D/use-Rlog/RLOG-RIL-LTE( 247): RILM_SIM_SimIO_onRequest Received AID. RIL_VERSION: 6
12-08 16:31:42.834 D/use-Rlog/RLOG-RIL-LTE( 247): perform_io_command perform_io_command 178
12-08 16:31:42.834 D/use-Rlog/RLOG-RIL-LTE( 247): RILM_SIM_SimIO_onRequest -
12-08 16:31:42.834 D/use-Rlog/RLOG-RILMM( 247): RILMM_SIM_SendRequesttoLTE -
12-08 16:31:42.834 D/use-Rlog/RLOG-RILMM( 247): RILMM_SIM_SimIO_onRequest -
12-08 16:31:42.834 D/use-Rlog/RLOG-RILMM( 247): RILMM_SIM_Send_onRequestComplete_to_Apps +
12-08 16:31:42.834 D/use-Rlog/RLOG-RILMM( 247): RILMM_SIM_Send_onRequestComplete_to_Apps -
12-08 16:31:42.834 I/use-Rlog/RLOG-RIL-MOD( 247): onReqComp: Ch7 process reqCode = 59
12-08 16:31:42.835 I/use-Rlog/RLOG-RIL-MX( 247): Ch7 > 0419AT+CRSM=164,12258,0,4,2,2FE2,3F00
12-08 16:31:42.835 I/use-Rlog/RLOG-RIL-MX( 247):
12-08 16:31:42.835 D/RILJ ( 2509): [3731]< SIM_IO IccIoResponse sw1:0x90 sw2:0x0 [SUB0]
12-08 16:31:42.835 D/use-Rlog/RLOG-RIL-LTE( 247): RILM_SIM_GetFileInfoReq_Callback +
12-08 16:31:42.835 D/use-Rlog/RLOG-RIL-LTE( 247): RILM_SIM_GetFileInfoReq_Callback operation_result = 1, failure_cause = 4, file_type = 1, record_size = 0 num_records = 0, file_size = 0, invalidate_status = 0, rw_allowed_when_invalidated = 0
12-08 16:31:42.835 D/use-Rlog/RLOG-RILMM( 247): RILMM_SIM_Send_onRequestComplete_to_Apps +
12-08 16:31:42.835 D/use-Rlog/RLOG-RILMM( 247): RILMM_SIM_Send_onRequestComplete_to_Apps -
12-08 16:31:42.835 D/use-Rlog/RLOG-RIL-LTE( 247): RILM_SIM_GetFileInfoReq_Callback -
12-08 16:31:42.835 D/use-Rlog/RLOG-RIL-LTE( 247): RILM_SIM_GetFileInfoReq_Callback +
12-08 16:31:42.836 D/use-Rlog/RLOG-RIL-LTE( 247): RILM_SIM_GetFileInfoReq_Callback operation_result = 1, failure_cause = 4, file_type = 2, record_size = 0 num_records = 0, file_size = 0, invalidate_status = 0, rw_allowed_when_invalidated = 0
12-08 16:31:42.836 D/use-Rlog/RLOG-RILMM( 247): RILMM_SIM_Send_onRequestComplete_to_Apps +
12-08 16:31:42.836 D/use-Rlog/RLOG-RILMM( 247): RILMM_SIM_Send_onRequestComplete_to_Apps -
12-08 16:31:42.836 D/use-Rlog/RLOG-RIL-LTE( 247): RILM_SIM_GetFileInfoReq_Callback -
12-08 16:31:42.836 D/use-Rlog/RLOG-RIL-LTE( 247): RILM_SIM_GetFileInfoReq_Callback +
12-08 16:31:42.836 D/use-Rlog/RLOG-RIL-LTE( 247): RILM_SIM_GetFileInfoReq_Callback operation_result = 1, failure_cause = 4, file_type = 1, record_size = 0 num_records = 0, file_size = 0, invalidate_status = 0, rw_allowed_when_invalidated = 0
12-08 16:31:42.836 D/use-Rlog/RLOG-RILMM( 247): RILMM_SIM_Send_onRequestComplete_to_Apps +
12-08 16:31:42.836 D/use-Rlog/RLOG-RILMM( 247): RILMM_SIM_Send_onRequestComplete_to_Apps -
12-08 16:31:42.836 D/use-Rlog/RLOG-RIL-LTE( 247): RILM_SIM_GetFileInfoReq_Callback -
12-08 16:31:42.836 D/RILJ ( 2509): [3733]> iccIO: SIM_IO 0xb2 0x6f28 path: 3F007FFF,5,4,5 aid: a0000003431002f310ffff89020000ff [SUB0]
12-08 16:31:42.836 D/use-Rlog/RLOG-RIL-LTE( 247): RILM_SIM_GetFileInfoReq_Callback +
12-08 16:31:42.836 D/use-Rlog/RLOG-RIL-LTE( 247): RILM_SIM_GetFileInfoReq_Callback operation_result = 1, failure_cause = 4, file_type = 1, record_size = 0 num_records = 0, file_size = 0, invalidate_status = 0, rw_allowed_when_invalidated = 0
12-08 16:31:42.836 D/use-Rlog/RLOG-RILMM( 247): RILMM_SIM_Send_onRequestComplete_to_Apps +
12-08 16:31:42.836 D/use-Rlog/RLOG-RILMM( 247): RILMM_SIM_Send_onRequestComplete_to_Apps -
12-08 16:31:42.836 D/use-Rlog/RLOG-RIL-LTE( 247): RILM_SIM_GetFileInfoReq_Callback -
12-08 16:31:42.836 D/use-Rlog/RLOG-RIL-LTE( 247): RILM_SIM_GetFileInfoReq_Callback +
12-08 16:31:42.836 D/use-Rlog/RLOG-RIL-LTE( 247): RILM_SIM_GetFileInfoReq_Callback operation_result = 1, failure_cause = 4, file_type = 1, record_size = 0 num_records = 0, file_size = 0, invalidate_status = 0, rw_allowed_when_invalidated = 0
12-08 16:31:42.837 D/RILJ ( 2509): [3684]< SIM_IO IccIoResponse sw1:0x94 sw2:0x4 [SUB0]
12-08 16:31:42.837 D/RILJ ( 2509): [3685]< SIM_IO IccIoResponse sw1:0x94 sw2:0x4 [SUB0]
12-08 16:31:42.837 D/RILJ ( 2509): [3686]< SIM_IO IccIoResponse sw1:0x94 sw2:0x4 [SUB0]
12-08 16:31:42.837 D/SIMRecords( 2509): [SIMRecords] EF_CPHS_MWI: null
12-08 16:31:42.837 D/SIMRecords( 2509): [SIMRecords] EVENT_GET_VOICE_MAIL_INDICATOR_CPHS_DONE exception = com.android.internal.telephony.uicc.IccFileNotFound
12-08 16:31:42.837 D/SIMRecords( 2509): [SIMRecords] onRecordLoaded 17 requested: true
12-08 16:31:42.837 D/SIMRecords( 2509): [SIMRecords] onRecordLoaded 16 requested: true
12-08 16:31:42.837 D/RILJ ( 2509): [3687]< SIM_IO IccIoResponse sw1:0x94 sw2:0x4 [SUB0]
12-08 16:31:42.837 D/SIMRecords( 2509): [SIMRecords] onRecordLoaded 15 requested: true
12-08 16:31:42.837 D/RILJ ( 2509): [3734]> iccIO: SIM_IO 0xc0 0x6f14 path: 3F007FFF,0,0,15 aid: A0000000871002F310FFFF89080000FF [SUB0]
12-08 16:31:42.838 D/use-Rlog/RLOG-RILMM( 247): RILMM_SIM_Send_onRequestComplete_to_Apps +
12-08 16:31:42.838 D/use-Rlog/RLOG-RILMM( 247): RILMM_SIM_Send_onRequestComplete_to_Apps -
12-08 16:31:42.838 D/use-Rlog/RLOG-RIL-LTE( 247): RILM_SIM_GetFileInfoReq_Callback -
12-08 16:31:42.838 D/use-Rlog/RLOG-RILMM( 247): RILMM_SIM_SimIO_onRequest +
12-08 16:31:42.838 D/use-Rlog/RLOG-RILMM( 247): RILMM_SIM_SimIO_onRequest Reading aid from SIM_IO Req
12-08 16:31:42.838 D/use-Rlog/RLOG-RILMM( 247): RILMM_SIM_SimIO_onRequest Sending req to CDMA Modem- RIL_VERSION: 6
12-08 16:31:42.838 D/use-Rlog/RLOG-RILMM( 247): RILMM_MAIN_send_request Sending Request with token = 776
12-08 16:31:42.838 D/RILJ ( 2509): [3688]< SIM_IO IccIoResponse sw1:0x94 sw2:0x4 [SUB0]
12-08 16:31:42.838 I/use-Rlog/RLOG-RIL-MAIN( 247): onReq: reqCode = 28, dataLen = 36
12-08 16:31:42.838 D/use-Rlog/RLOG-RILMM( 247): RILMM_SIM_SimIO_onRequest -
12-08 16:31:42.838 D/SIMRecords( 2509): [SIMRecords] onRecordLoaded 15 requested: true
12-08 16:31:42.838 D/use-Rlog/RLOG-RIL-LTE( 247): RILM_SIM_GetFileInfoReq_Callback +
12-08 16:31:42.838 D/use-Rlog/RLOG-RIL-LTE( 247): RILM_SIM_GetFileInfoReq_Callback operation_result = 0, failure_cause = 4, file_type = 2, record_size = 20 num_records = 5, file_size = 100, invalidate_status = 0, rw_allowed_when_invalidated = 0
12-08 16:31:42.838 D/SIMRecords( 2509): [SIMRecords] onRecordLoaded 14 requested: true
12-08 16:31:42.838 D/use-Rlog/RLOG-RILMM( 247): RILMM_SIM_Send_onRequestComplete_to_Apps +
12-08 16:31:42.838 D/use-Rlog/RLOG-RILMM( 247): RILMM_SIM_Send_onRequestComplete_to_Apps -
12-08 16:31:42.838 D/use-Rlog/RLOG-RIL-LTE( 247): RILM_SIM_GetFileInfoReq_Callback -
12-08 16:31:42.838 D/use-Rlog/RLOG-RILMM( 247): RILMM_SIM_SimIO_onRequest +
12-08 16:31:42.838 D/use-Rlog/RLOG-RILMM( 247): RILMM_SIM_SimIO_onRequest Reading aid from SIM_IO Req
12-08 16:31:42.838 D/use-Rlog/RLOG-RIL-LTE( 247): RILM_SIM_GetFileInfoReq_Callback +
12-08 16:31:42.839 D/use-Rlog/RLOG-RILMM( 247): RILMM_SIM_SimIO_onRequest Sending req to LTE Modem- RIL_VERSION: 6
12-08 16:31:42.839 D/use-Rlog/RLOG-RILMM( 247): RILMM_SIM_SendRequesttoLTE +
12-08 16:31:42.839 D/use-Rlog/RLOG-RIL-LTE( 247): RILM_SIM_GetFileInfoReq_Callback operation_result = 0, failure_cause = 4, file_type = 1, record_size = 11 num_records = 1, file_size = 11, invalidate_status = 0, rw_allowed_when_invalidated = 0
12-08 16:31:42.839 D/use-Rlog/RLOG-RILMM( 247): RILMM_MAIN_send_request Sending Request with token = 777
12-08 16:31:42.839 D/use-Rlog/RLOG-RIL-LTE( 247): RILM_SIM_SimIO_onRequest +
12-08 16:31:42.839 D/use-Rlog/RLOG-RIL-LTE( 247): RILM_SIM_SimIO_onRequest Reading aid from SIM_IO Request
12-08 16:31:42.839 D/use-Rlog/RLOG-RIL-LTE( 247): is_input_ril_sim_io_valid is_input_ril_sim_io_valid = 0
12-08 16:31:42.839 D/use-Rlog/RLOG-RIL-LTE( 247): RILM_SIM_SimIO_onRequest Received AID. RIL_VERSION: 6
12-08 16:31:42.839 D/RILJ ( 2509): [3689]< SIM_IO IccIoResponse sw1:0x90 sw2:0x0 [SUB0]
12-08 16:31:42.839 D/use-Rlog/RLOG-RIL-LTE( 247): RILM_SIM_SimIO_onRequest -
12-08 16:31:42.839 D/use-Rlog/RLOG-RILMM( 247): RILMM_SIM_SendRequesttoLTE -
12-08 16:31:42.839 D/use-Rlog/RLOG-RILMM( 247): RILMM_SIM_SimIO_onRequest -
12-08 16:31:42.839 D/use-Rlog/RLOG-RILMM( 247): RILMM_SIM_Send_onRequestComplete_to_Apps +
12-08 16:31:42.839 D/use-Rlog/RLOG-RILMM( 247): RILMM_SIM_Send_onRequestComplete_to_Apps -
12-08 16:31:42.839 D/RILJ ( 2509): [3735]> iccIO: SIM_IO 0xb2 0x6fc5 path: 3F007FFF,1,4,20 aid: A0000000871002F310FFFF89080000FF [SUB0]
12-08 16:31:42.839 D/use-Rlog/RLOG-RIL-LTE( 247): RILM_SIM_GetFileInfoReq_Callback -
12-08 16:31:42.839 D/use-Rlog/RLOG-RIL-LTE( 247): RILM_SIM_GetFileInfoReq_Callback +
12-08 16:31:42.839 D/use-Rlog/RLOG-RIL-LTE( 247): RILM_SIM_GetFileInfoReq_Callback operation_result = 1, failure_cause = 4, file_type = 1, record_size = 0 num_records = 0, file_size = 0, invalidate_status = 0, rw_allowed_when_invalidated = 0
12-08 16:31:42.839 D/use-Rlog/RLOG-RILMM( 247): RILMM_SIM_Send_onRequestComplete_to_Apps +
12-08 16:31:42.839 D/use-Rlog/RLOG-RILMM( 247): RILMM_SIM_Send_onRequestComplete_to_Apps -
12-08 16:31:42.839 D/use-Rlog/RLOG-RIL-LTE( 247): RILM_SIM_GetFileInfoReq_Callback -
12-08 16:31:42.840 D/RILJ ( 2509): [3690]< SIM_IO IccIoResponse sw1:0x90 sw2:0x0 [SUB0]
12-08 16:31:42.840 D/use-Rlog/RLOG-RILMM( 247): RILMM_SIM_SimIO_onRequest +
12-08 16:31:42.840 D/use-Rlog/RLOG-RILMM( 247): RILMM_SIM_SimIO_onRequest Reading aid from SIM_IO Req
12-08 16:31:42.840 D/use-Rlog/RLOG-RILMM( 247): RILMM_SIM_SimIO_onRequest Sending req to LTE Modem- RIL_VERSION: 6
12-08 16:31:42.840 D/use-Rlog/RLOG-RILMM( 247): RILMM_SIM_SendRequesttoLTE +
12-08 16:31:42.840 D/use-Rlog/RLOG-RILMM( 247): RILMM_MAIN_send_request Sending Request with token = 778
12-08 16:31:42.840 D/use-Rlog/RLOG-RIL-LTE( 247): RILM_SIM_SimIO_onRequest +
12-08 16:31:42.840 D/RILJ ( 2509): [3691]< SIM_IO IccIoResponse sw1:0x94 sw2:0x4 [SUB0]
12-08 16:31:42.840 D/use-Rlog/RLOG-RIL-LTE( 247): RILM_SIM_SimIO_onRequest Reading aid from SIM_IO Request
12-08 16:31:42.840 D/use-Rlog/RLOG-RIL-LTE( 247): is_input_ril_sim_io_valid is_input_ril_sim_io_valid = 0
12-08 16:31:42.840 D/use-Rlog/RLOG-RIL-LTE( 247): RILM_SIM_SimIO_onRequest Received AID. RIL_VERSION: 6
12-08 16:31:42.840 D/use-Rlog/RLOG-RIL-LTE( 247): perform_io_command perform_io_command 178
12-08 16:31:42.840 D/use-Rlog/RLOG-RIL-LTE( 247): RILM_SIM_SimIO_onRequest -
12-08 16:31:42.840 D/use-Rlog/RLOG-RILMM( 247): RILMM_SIM_SendRequesttoLTE -
12-08 16:31:42.840 D/use-Rlog/RLOG-RILMM( 247): RILMM_SIM_SimIO_onRequest -
12-08 16:31:42.840 D/RILJ ( 2509): [3736]> iccIO: SIM_IO 0xb0 0x6f38 path: 3F007FFF,0,0,11 aid: A0000000871002F310FFFF89080000FF [SUB0]
12-08 16:31:42.840 D/use-Rlog/RLOG-RIL-LTE( 247): RILM_SIM_GetFileInfoReq_Callback +
12-08 16:31:42.840 D/use-Rlog/RLOG-RIL-LTE( 247): RILM_SIM_GetFileInfoReq_Callback operation_result = 1, failure_cause = 4, file_type = 1, record_size = 0 num_records = 0, file_size = 0, invalidate_status = 0, rw_allowed_when_invalidated = 0
12-08 16:31:42.840 D/use-Rlog/RLOG-RILMM( 247): RILMM_SIM_Send_onRequestComplete_to_Apps +
12-08 16:31:42.841 D/RILJ ( 2509): [3692]< SIM_IO IccIoResponse sw1:0x94 sw2:0x4 [SUB0]
12-08 16:31:42.841 D/use-Rlog/RLOG-RILMM( 247): RILMM_SIM_Send_onRequestComplete_to_Apps -
12-08 16:31:42.841 D/use-Rlog/RLOG-RIL-LTE( 247): RILM_SIM_GetFileInfoReq_Callback -
12-08 16:31:42.841 D/SIMRecords( 2509): [SIMRecords] onRecordLoaded 13 requested: true
12-08 16:31:42.841 E/SIMRecords( 2509): [SIMRecords] Exception in fetching EF_CSP data com.android.internal.telephony.uicc.IccFileNotFound
12-08 16:31:42.841 D/SIMRecords( 2509): [SIMRecords] onRecordLoaded 12 requested: true
12-08 16:31:42.841 D/use-Rlog/RLOG-RILMM( 247): RILMM_SIM_SimIO_onRequest +
12-08 16:31:42.841 D/use-Rlog/RLOG-RILMM( 247): RILMM_SIM_SimIO_onRequest Reading aid from SIM_IO Req
12-08 16:31:42.841 D/use-Rlog/RLOG-RILMM( 247): RILMM_SIM_SimIO_onRequest Sending req to LTE Modem- RIL_VERSION: 6
12-08 16:31:42.841 D/use-Rlog/RLOG-RILMM( 247): RILMM_SIM_SendRequesttoLTE +
12-08 16:31:42.841 D/use-Rlog/RLOG-RIL-LTE( 247): RILM_SIM_GetFileInfoReq_Callback +
12-08 16:31:42.841 D/use-Rlog/RLOG-RILMM( 247): RILMM_MAIN_send_request Sending Request with token = 779
12-08 16:31:42.842 D/use-Rlog/RLOG-RIL-LTE( 247): RILM_SIM_GetFileInfoReq_Callback operation_result = 0, failure_cause = 4, file_type = 1, record_size = 8 num_records = 1, file_size = 8, invalidate_status = 0, rw_allowed_when_invalidated = 0
12-08 16:31:42.842 D/use-Rlog/RLOG-RIL-LTE( 247): RILM_SIM_SimIO_onRequest +
12-08 16:31:42.842 D/use-Rlog/RLOG-RIL-LTE( 247): RILM_SIM_SimIO_onRequest Reading aid from SIM_IO Request
12-08 16:31:42.842 D/use-Rlog/RLOG-RIL-LTE( 247): is_input_ril_sim_io_valid is_input_ril_sim_io_valid = 0
12-08 16:31:42.842 D/use-Rlog/RLOG-RIL-LTE( 247): RILM_SIM_SimIO_onRequest Received AID. RIL_VERSION: 6
12-08 16:31:42.842 D/use-Rlog/RLOG-RIL-LTE( 247): perform_io_command perform_io_command 176
12-08 16:31:42.842 D/use-Rlog/RLOG-RIL-LTE( 247): RILM_SIM_SimIO_onRequest -
12-08 16:31:42.842 D/use-Rlog/RLOG-RILMM( 247): RILMM_SIM_SendRequesttoLTE -
12-08 16:31:42.842 D/use-Rlog/RLOG-RILMM( 247): RILMM_SIM_SimIO_onRequest -
12-08 16:31:42.842 D/use-Rlog/RLOG-RILMM( 247): RILMM_SIM_Send_onRequestComplete_to_Apps +
12-08 16:31:42.843 D/RILJ ( 2509): [3693]< SIM_IO IccIoResponse sw1:0x90 sw2:0x0 [SUB0]
12-08 16:31:42.843 D/use-Rlog/RLOG-RILMM( 247): RILMM_SIM_Send_onRequestComplete_to_Apps -
12-08 16:31:42.843 D/use-Rlog/RLOG-RIL-LTE( 247): RILM_SIM_GetFileInfoReq_Callback -
12-08 16:31:42.843 D/RILJ ( 2509): [3737]> iccIO: SIM_IO 0xb0 0x6f3e path: 3F007FFF,0,0,8 aid: A0000000871002F310FFFF89080000FF [SUB0]
12-08 16:31:42.844 D/use-Rlog/RLOG-RILMM( 247): RILMM_SIM_SimIO_onRequest +
12-08 16:31:42.844 D/use-Rlog/RLOG-RILMM( 247): RILMM_SIM_SimIO_onRequest Reading aid from SIM_IO Req
12-08 16:31:42.844 D/use-Rlog/RLOG-RILMM( 247): RILMM_SIM_SimIO_onRequest Sending req to LTE Modem- RIL_VERSION: 6
12-08 16:31:42.844 D/use-Rlog/RLOG-RILMM( 247): RILMM_SIM_SendRequesttoLTE +
12-08 16:31:42.844 D/use-Rlog/RLOG-RILMM( 247): RILMM_MAIN_send_request Sending Request with token = 780
12-08 16:31:42.844 D/use-Rlog/RLOG-RIL-LTE( 247): RILM_SIM_SimIO_onRequest +
12-08 16:31:42.844 D/use-Rlog/RLOG-RIL-LTE( 247): RILM_SIM_SimIO_onRequest Reading aid from SIM_IO Request
12-08 16:31:42.844 D/use-Rlog/RLOG-RIL-LTE( 247): is_input_ril_sim_io_valid is_input_ril_sim_io_valid = 0
12-08 16:31:42.845 D/use-Rlog/RLOG-RIL-LTE( 247): RILM_SIM_SimIO_onRequest Received AID. RIL_VERSION: 6
12-08 16:31:42.845 D/use-Rlog/RLOG-RIL-LTE( 247): perform_io_command perform_io_command 176
12-08 16:31:42.845 D/use-Rlog/RLOG-RIL-LTE( 247): RILM_SIM_SimIO_onRequest -
12-08 16:31:42.845 D/use-Rlog/RLOG-RILMM( 247): RILMM_SIM_SendRequesttoLTE -
12-08 16:31:42.845 D/use-Rlog/RLOG-RILMM( 247): RILMM_SIM_SimIO_onRequest -
12-08 16:31:42.845 D/use-Rlog/RLOG-RIL-LTE( 247): RILM_SIM_GetFileInfoReq_Callback +
12-08 16:31:42.846 D/use-Rlog/RLOG-RIL-LTE( 247): RILM_SIM_GetFileInfoReq_Callback operation_result = 0, failure_cause = 4, file_type = 1, record_size = 8 num_records = 1, file_size = 8, invalidate_status = 0, rw_allowed_when_invalidated = 0
12-08 16:31:42.846 D/use-Rlog/RLOG-RILMM( 247): RILMM_SIM_Send_onRequestComplete_to_Apps +
12-08 16:31:42.846 D/RILJ ( 2509): [3694]< SIM_IO IccIoResponse sw1:0x90 sw2:0x0 [SUB0]
12-08 16:31:42.846 D/use-Rlog/RLOG-RILMM( 247): RILMM_SIM_Send_onRequestComplete_to_Apps -
12-08 16:31:42.846 D/use-Rlog/RLOG-RIL-LTE( 247): RILM_SIM_GetFileInfoReq_Callback -
12-08 16:31:42.846 D/RILJ ( 2509): [3738]> iccIO: SIM_IO 0xb0 0x6f3f path: 3F007FFF,0,0,8 aid: A0000000871002F310FFFF89080000FF [SUB0]
12-08 16:31:42.847 D/use-Rlog/RLOG-RIL-LTE( 247): RILM_SIM_GetFileInfoReq_Callback +
12-08 16:31:42.847 D/use-Rlog/RLOG-RIL-LTE( 247): RILM_SIM_GetFileInfoReq_Callback operation_result = 0, failure_cause = 4, file_type = 1, record_size = 6 num_records = 1, file_size = 6, invalidate_status = 0, rw_allowed_when_invalidated = 0
12-08 16:31:42.847 D/use-Rlog/RLOG-RILMM( 247): RILMM_SIM_Send_onRequestComplete_to_Apps +
12-08 16:31:42.847 D/use-Rlog/RLOG-RILMM( 247): RILMM_SIM_Send_onRequestComplete_to_Apps -
12-08 16:31:42.847 D/use-Rlog/RLOG-RIL-LTE( 247): RILM_SIM_GetFileInfoReq_Callback -
12-08 16:31:42.847 D/use-Rlog/RLOG-RILMM( 247): RILMM_SIM_SimIO_onRequest +
12-08 16:31:42.847 D/use-Rlog/RLOG-RILMM( 247): RILMM_SIM_SimIO_onRequest Reading aid from SIM_IO Req
12-08 16:31:42.847 D/use-Rlog/RLOG-RILMM( 247): RILMM_SIM_SimIO_onRequest Sending req to LTE Modem- RIL_VERSION: 6
12-08 16:31:42.847 D/use-Rlog/RLOG-RILMM( 247): RILMM_SIM_SendRequesttoLTE +
12-08 16:31:42.847 D/use-Rlog/RLOG-RILMM( 247): RILMM_MAIN_send_request Sending Request with token = 781
12-08 16:31:42.847 D/use-Rlog/RLOG-RIL-LTE( 247): RILM_SIM_SimIO_onRequest +
12-08 16:31:42.847 D/use-Rlog/RLOG-RIL-LTE( 247): RILM_SIM_SimIO_onRequest Reading aid from SIM_IO Request
12-08 16:31:42.847 D/use-Rlog/RLOG-RIL-LTE( 247): is_input_ril_sim_io_valid is_input_ril_sim_io_valid = 0
12-08 16:31:42.847 D/use-Rlog/RLOG-RIL-LTE( 247): RILM_SIM_SimIO_onRequest Received AID. RIL_VERSION: 6
12-08 16:31:42.847 D/use-Rlog/RLOG-RIL-LTE( 247): perform_io_command perform_io_command 176
12-08 16:31:42.847 D/RILJ ( 2509): [3695]< SIM_IO IccIoResponse sw1:0x90 sw2:0x0 [SUB0]
12-08 16:31:42.847 D/use-Rlog/RLOG-RIL-LTE( 247): RILM_SIM_SimIO_onRequest -
12-08 16:31:42.847 D/use-Rlog/RLOG-RILMM( 247): RILMM_SIM_SendRequesttoLTE -
12-08 16:31:42.847 D/use-Rlog/RLOG-RILMM( 247): RILMM_SIM_SimIO_onRequest -
12-08 16:31:42.848 D/RILJ ( 2509): [3739]> iccIO: SIM_IO 0xb0 0x6f05 path: 3F007FFF,0,0,6 aid: A0000000871002F310FFFF89080000FF [SUB0]
12-08 16:31:42.848 D/use-Rlog/RLOG-RILMM( 247): RILMM_SIM_SimIO_onRequest +
12-08 16:31:42.848 D/use-Rlog/RLOG-RILMM( 247): RILMM_SIM_SimIO_onRequest Reading aid from SIM_IO Req
12-08 16:31:42.848 D/use-Rlog/RLOG-RILMM( 247): RILMM_SIM_SimIO_onRequest Sending req to LTE Modem- RIL_VERSION: 6
12-08 16:31:42.848 D/use-Rlog/RLOG-RILMM( 247): RILMM_SIM_SendRequesttoLTE +
12-08 16:31:42.848 D/use-Rlog/RLOG-RILMM( 247): RILMM_MAIN_send_request Sending Request with token = 782
12-08 16:31:42.848 D/use-Rlog/RLOG-RIL-LTE( 247): RILM_SIM_SimIO_onRequest +
12-08 16:31:42.848 D/use-Rlog/RLOG-RIL-LTE( 247): RILM_SIM_SimIO_onRequest Reading aid from SIM_IO Request
12-08 16:31:42.848 D/use-Rlog/RLOG-RIL-LTE( 247): is_input_ril_sim_io_valid is_input_ril_sim_io_valid = 0
12-08 16:31:42.848 D/use-Rlog/RLOG-RIL-LTE( 247): RILM_SIM_SimIO_onRequest Received AID. RIL_VERSION: 6
12-08 16:31:42.848 D/use-Rlog/RLOG-RIL-LTE( 247): perform_io_command perform_io_command 176
12-08 16:31:42.848 D/use-Rlog/RLOG-RIL-LTE( 247): RILM_SIM_SimIO_onRequest -
12-08 16:31:42.848 D/use-Rlog/RLOG-RILMM( 247): RILMM_SIM_SendRequesttoLTE -
12-08 16:31:42.849 D/use-Rlog/RLOG-RILMM( 247): RILMM_SIM_SimIO_onRequest -
12-08 16:31:42.851 D/use-Rlog/RLOG-RIL-LTE( 247): RILM_SIM_GetFileInfoReq_Callback +
12-08 16:31:42.851 D/use-Rlog/RLOG-RIL-LTE( 247): RILM_SIM_GetFileInfoReq_Callback operation_result = 0, failure_cause = 4, file_type = 1, record_size = 6 num_records = 1, file_size = 6, invalidate_status = 0, rw_allowed_when_invalidated = 0
12-08 16:31:42.851 D/use-Rlog/RLOG-RILMM( 247): RILMM_SIM_Send_onRequestComplete_to_Apps +
12-08 16:31:42.851 D/use-Rlog/RLOG-RILMM( 247): RILMM_SIM_Send_onRequestComplete_to_Apps -
12-08 16:31:42.851 D/use-Rlog/RLOG-RIL-LTE( 247): RILM_SIM_GetFileInfoReq_Callback -
12-08 16:31:42.851 D/RILJ ( 2509): [3696]< SIM_IO IccIoResponse sw1:0x90 sw2:0x0 [SUB0]
12-08 16:31:42.851 D/RILJ ( 2509): [3740]> iccIO: SIM_IO 0xb0 0x2f05 path: 3F00,0,0,6 aid: A0000000871002F310FFFF89080000FF [SUB0]
12-08 16:31:42.852 D/use-Rlog/RLOG-RILMM( 247): RILMM_SIM_SimIO_onRequest +
12-08 16:31:42.852 D/use-Rlog/RLOG-RILMM( 247): RILMM_SIM_SimIO_onRequest Reading aid from SIM_IO Req
12-08 16:31:42.852 D/use-Rlog/RLOG-RILMM( 247): RILMM_SIM_SimIO_onRequest Sending req to LTE Modem- RIL_VERSION: 6
12-08 16:31:42.852 D/use-Rlog/RLOG-RILMM( 247): RILMM_SIM_SendRequesttoLTE +
12-08 16:31:42.852 D/use-Rlog/RLOG-RILMM( 247): RILMM_MAIN_send_request Sending Request with token = 783
12-08 16:31:42.852 D/use-Rlog/RLOG-RIL-LTE( 247): RILM_SIM_SimIO_onRequest +
12-08 16:31:42.852 D/use-Rlog/RLOG-RIL-LTE( 247): RILM_SIM_SimIO_onRequest Reading aid from SIM_IO Request
12-08 16:31:42.852 D/use-Rlog/RLOG-RIL-LTE( 247): is_input_ril_sim_io_valid is_input_ril_sim_io_valid = 0
12-08 16:31:42.852 D/use-Rlog/RLOG-RIL-LTE( 247): RILM_SIM_SimIO_onRequest Received AID. RIL_VERSION: 6
12-08 16:31:42.852 D/use-Rlog/RLOG-RIL-LTE( 247): perform_io_command perform_io_command 176
12-08 16:31:42.852 D/use-Rlog/RLOG-RIL-LTE( 247): RILM_SIM_SimIO_onRequest -
12-08 16:31:42.852 D/use-Rlog/RLOG-RILMM( 247): RILMM_SIM_SendRequesttoLTE -
12-08 16:31:42.853 D/use-Rlog/RLOG-RILMM( 247): RILMM_SIM_SimIO_onRequest -
12-08 16:31:42.854 D/use-Rlog/RLOG-RIL-LTE( 247): RILM_SIM_IO_OpenExplicitReq_Callback +
12-08 16:31:42.854 D/use-Rlog/RLOG-RIL-LTE( 247): RILM_SIM_IO_OpenExplicitReq_Callback OpenExplicitReq result = 0, file_descriptor = 21
12-08 16:31:42.854 D/use-Rlog/RLOG-RIL-LTE( 247): perform_io_command perform_io_command 192
12-08 16:31:42.854 D/use-Rlog/RLOG-RIL-LTE( 247): RILM_SIM_IO_OpenExplicitReq_Callback -
12-08 16:31:42.894 I/use-Rlog/RLOG-RIL-MX( 247): Read Ch7 << 0419+CRSM=144,0,621d8202412183022fe2a503c001408a01058b032f06038002000a8102001c
12-08 16:31:42.895 I/use-Rlog/RLOG-RIL-ICC( 247): pCRSM: +CRSM=144,0,621d8202412183022fe2a503c001408a01058b032f06038002000a8102001c
12-08 16:31:42.895 D/use-Rlog/RLOG-RILMM( 247): RILMM_SIM_SendResponseCDMA_onRequestComplete +
12-08 16:31:42.895 D/use-Rlog/RLOG-RILMM( 247): RILMM_SIM_SendResponseCDMA_onRequestComplete LTE OEM msg id 655378, RIL_Errno 0
12-08 16:31:42.895 D/use-Rlog/RLOG-RILMM( 247): RILMM_SIM_SendResponseCDMA_onRequestComplete Responselen 36
12-08 16:31:42.895 D/use-Rlog/RLOG-RILMM( 247): RILMM_MAIN_send_request Sending Request with token = 784
12-08 16:31:42.895 D/use-Rlog/RLOG-RIL-LTE( 247): RILM_SIM_OEM_HookRaw_onRequest Msg id = 0xa0012
12-08 16:31:42.895 D/use-Rlog/RLOG-RIL-LTE( 247): RILM_OEM_onRequest Msg id= 0xa0012,
12-08 16:31:42.895 D/use-Rlog/RLOG-RIL-LTE( 247): RILM_OEM_SIM_onRequest Msg id= 0xa0012
12-08 16:31:42.895 D/use-Rlog/RLOG-RIL-LTE( 247): RILM_OEM_SIM_SendCRSM_Or_CRLAResponse_onRequest Message id = a0012, SW1 = 90, SW2 = 0, resp len = 31
12-08 16:31:42.895 D/use-Rlog/RLOG-RIL-LTE( 247): RILM_OEM_M2M_onRequest Msg id= 0xa0012
12-08 16:31:42.895 D/use-Rlog/RLOG-RILMM( 247): RILMM_SIM_SendResponseCDMA_onRequestComplete wl- =1
12-08 16:31:42.895 D/use-Rlog/RLOG-RILMM( 247): RILMM_SIM_SendResponseCDMA_onRequestComplete -
12-08 16:31:42.895 I/use-Rlog/RLOG-RIL-MOD( 247): onReqComp: Ch7 process reqCode = 28
12-08 16:31:42.895 I/use-Rlog/RLOG-RIL-MX( 247): Ch7 > 0420AT+CRSM=178,28456,5,4,5,,3F007FFF,,,a0000003431002f310ffff89020000ff
12-08 16:31:42.895 I/use-Rlog/RLOG-RIL-MX( 247):
12-08 16:31:42.904 D/use-Rlog/RLOG-RIL-LTE( 247): RILM_OEM_SIM_SendSimDrvResponse_Callback +
12-08 16:31:42.904 D/use-Rlog/RLOG-RIL-LTE( 247): RILM_OEM_SIM_SendSimDrvResponse_Callback -
12-08 16:31:42.905 D/use-Rlog/RLOG-RIL-LTE( 247): RILM_OEM_SIM_Async_SendCRLAEvent +
12-08 16:31:42.905 D/use-Rlog/RLOG-RILMM( 247): RILMM_Main_OEM_onUnsolicitedResponse Rx UNSOL_OEM_HOOKRAW (1a0004) from LTE
12-08 16:31:42.905 D/use-Rlog/RLOG-RILMM( 247): RILMM_Main_OEM_onUnsolicitedResponse wl+ =18
12-08 16:31:42.905 D/use-Rlog/RLOG-RILMM( 247): RILMM_SIM_Oem_onUnsolicitedResponse +
12-08 16:31:42.905 D/use-Rlog/RLOG-RILMM( 247): RILMM_SIM_Oem_onUnsolicitedResponse Unsol OEM HOOKRAW msg id: 1a0004
12-08 16:31:42.905 D/use-Rlog/RLOG-RILMM( 247): RILMM_MAIN_send_request Sending Request with token = 785
12-08 16:31:42.905 I/use-Rlog/RLOG-RIL-MAIN( 247): onReq: reqCode = 59, dataLen = 28
12-08 16:31:42.905 D/use-Rlog/RLOG-RILMM( 247): RILMM_SIM_Oem_onUnsolicitedResponse -
12-08 16:31:42.905 D/use-Rlog/RLOG-RIL-LTE( 247): RILM_OEM_SIM_Async_SendCRLAEvent -
12-08 16:31:42.972 I/use-Rlog/RLOG-RIL-MX( 247): Read Ch7 << 0420+CRSM=144,0,0000000000
12-08 16:31:42.973 D/use-Rlog/RLOG-RILMM( 247): RILMM_SIM_Send_onRequestComplete_to_Apps +
12-08 16:31:42.973 D/use-Rlog/RLOG-RILMM( 247): RILMM_SIM_Send_onRequestComplete_to_Apps -
12-08 16:31:42.973 I/use-Rlog/RLOG-RIL-MOD( 247): onReqComp: Ch7 process reqCode = 59
12-08 16:31:42.973 I/use-Rlog/RLOG-RIL-MX( 247): Ch7 > 0421AT+CRSM=164,28476,0,4,2,6F3C,3F007FFF,,1290116903
12-08 16:31:42.973 I/use-Rlog/RLOG-RIL-MX( 247):
12-08 16:31:42.973 D/RILJ ( 2509): [3733]< SIM_IO IccIoResponse sw1:0x90 sw2:0x0 [SUB0]
12-08 16:31:42.974 D/RILJ ( 2509): [3741]> iccIO: SIM_IO 0xb2 0x6f28 path: 3F007FFF,6,4,5 aid: a0000003431002f310ffff89020000ff [SUB0]
12-08 16:31:42.975 D/use-Rlog/RLOG-RILMM( 247): RILMM_SIM_SimIO_onRequest +
12-08 16:31:42.975 D/use-Rlog/RLOG-RILMM( 247): RILMM_SIM_SimIO_onRequest Reading aid from SIM_IO Req
12-08 16:31:42.975 D/use-Rlog/RLOG-RILMM( 247): RILMM_SIM_SimIO_onRequest Sending req to CDMA Modem- RIL_VERSION: 6
12-08 16:31:42.975 D/use-Rlog/RLOG-RILMM( 247): RILMM_MAIN_send_request Sending Request with token = 786
12-08 16:31:42.975 I/use-Rlog/RLOG-RIL-MAIN( 247): onReq: reqCode = 28, dataLen = 36
12-08 16:31:42.975 D/use-Rlog/RLOG-RILMM( 247): RILMM_SIM_SimIO_onRequest -
12-08 16:31:43.023 I/use-Rlog/RLOG-RIL-MX( 247): Read Ch7 << 0421+CRSM=144,0,62228205422100b00f83026f3ca503c001008a01058b036f060480020a5081020a648800
12-08 16:31:43.024 I/use-Rlog/RLOG-RIL-ICC( 247): pCRSM: +CRSM=144,0,62228205422100b00f83026f3ca503c001008a01058b036f060480020a5081020a648800
12-08 16:31:43.024 D/use-Rlog/RLOG-RILMM( 247): RILMM_SIM_SendResponseCDMA_onRequestComplete +
12-08 16:31:43.024 D/use-Rlog/RLOG-RILMM( 247): RILMM_SIM_SendResponseCDMA_onRequestComplete LTE OEM msg id 655379, RIL_Errno 0
12-08 16:31:43.024 D/use-Rlog/RLOG-RILMM( 247): RILMM_SIM_SendResponseCDMA_onRequestComplete Responselen 41
12-08 16:31:43.024 D/use-Rlog/RLOG-RILMM( 247): RILMM_MAIN_send_request Sending Request with token = 787
12-08 16:31:43.024 D/use-Rlog/RLOG-RIL-LTE( 247): RILM_SIM_OEM_HookRaw_onRequest Msg id = 0xa0013
12-08 16:31:43.024 D/use-Rlog/RLOG-RIL-LTE( 247): RILM_OEM_onRequest Msg id= 0xa0013,
12-08 16:31:43.024 D/use-Rlog/RLOG-RIL-LTE( 247): RILM_OEM_SIM_onRequest Msg id= 0xa0013
12-08 16:31:43.024 D/use-Rlog/RLOG-RIL-LTE( 247): RILM_OEM_SIM_SendCRSM_Or_CRLAResponse_onRequest Message id = a0013, SW1 = 90, SW2 = 0, resp len = 36
12-08 16:31:43.024 D/use-Rlog/RLOG-RIL-LTE( 247): RILM_OEM_M2M_onRequest Msg id= 0xa0013
12-08 16:31:43.024 D/use-Rlog/RLOG-RILMM( 247): RILMM_SIM_SendResponseCDMA_onRequestComplete wl- =1
12-08 16:31:43.024 D/use-Rlog/RLOG-RILMM( 247): RILMM_SIM_SendResponseCDMA_onRequestComplete -
12-08 16:31:43.024 I/use-Rlog/RLOG-RIL-MOD( 247): onReqComp: Ch7 process reqCode = 28
12-08 16:31:43.024 I/use-Rlog/RLOG-RIL-MX( 247): Ch7 > 0422AT+CRSM=178,28456,6,4,5,,3F007FFF,,,a0000003431002f310ffff89020000ff
12-08 16:31:43.024 I/use-Rlog/RLOG-RIL-MX( 247):
12-08 16:31:43.032 D/use-Rlog/RLOG-RIL-LTE( 247): RILM_OEM_SIM_SendSimDrvResponse_Callback +
12-08 16:31:43.032 D/use-Rlog/RLOG-RIL-LTE( 247): RILM_OEM_SIM_SendSimDrvResponse_Callback -
12-08 16:31:43.033 D/use-Rlog/RLOG-RIL-LTE( 247): RILM_OEM_SIM_Async_SendCRLAEvent +
12-08 16:31:43.033 D/use-Rlog/RLOG-RILMM( 247): RILMM_Main_OEM_onUnsolicitedResponse Rx UNSOL_OEM_HOOKRAW (1a0004) from LTE
12-08 16:31:43.033 D/use-Rlog/RLOG-RILMM( 247): RILMM_Main_OEM_onUnsolicitedResponse wl+ =18
12-08 16:31:43.033 D/use-Rlog/RLOG-RILMM( 247): RILMM_SIM_Oem_onUnsolicitedResponse +
12-08 16:31:43.033 D/use-Rlog/RLOG-RILMM( 247): RILMM_SIM_Oem_onUnsolicitedResponse Unsol OEM HOOKRAW msg id: 1a0004
12-08 16:31:43.033 D/use-Rlog/RLOG-RILMM( 247): RILMM_MAIN_send_request Sending Request with token = 788
12-08 16:31:43.033 I/use-Rlog/RLOG-RIL-MAIN( 247): onReq: reqCode = 59, dataLen = 28
12-08 16:31:43.033 D/use-Rlog/RLOG-RILMM( 247): RILMM_SIM_Oem_onUnsolicitedResponse -
12-08 16:31:43.033 D/use-Rlog/RLOG-RIL-LTE( 247): RILM_OEM_SIM_Async_SendCRLAEvent -
12-08 16:31:43.065 I/use-Rlog/RLOG-RIL-MX( 247): Read Ch7 << 0422+CRSM=144,0,0000000000
12-08 16:31:43.065 D/use-Rlog/RLOG-RILMM( 247): RILMM_SIM_Send_onRequestComplete_to_Apps +
12-08 16:31:43.066 D/use-Rlog/RLOG-RILMM( 247): RILMM_SIM_Send_onRequestComplete_to_Apps -
12-08 16:31:43.066 I/use-Rlog/RLOG-RIL-MOD( 247): onReqComp: Ch7 process reqCode = 59
12-08 16:31:43.066 I/use-Rlog/RLOG-RIL-MX( 247): Ch7 > 0423AT+CRSM=164,28422,0,4,2,6F06,3F007FFF,,1290116903
12-08 16:31:43.066 I/use-Rlog/RLOG-RIL-MX( 247):
12-08 16:31:43.066 D/RILJ ( 2509): [3741]< SIM_IO IccIoResponse sw1:0x90 sw2:0x0 [SUB0]
12-08 16:31:43.066 D/RILJ ( 2509): [3742]> iccIO: SIM_IO 0xb2 0x6f28 path: 3F007FFF,7,4,5 aid: a0000003431002f310ffff89020000ff [SUB0]
12-08 16:31:43.071 D/use-Rlog/RLOG-RILMM( 247): RILMM_SIM_SimIO_onRequest +
12-08 16:31:43.071 D/use-Rlog/RLOG-RILMM( 247): RILMM_SIM_SimIO_onRequest Reading aid from SIM_IO Req
12-08 16:31:43.071 D/use-Rlog/RLOG-RILMM( 247): RILMM_SIM_SimIO_onRequest Sending req to CDMA Modem- RIL_VERSION: 6
12-08 16:31:43.071 D/use-Rlog/RLOG-RILMM( 247): RILMM_MAIN_send_request Sending Request with token = 789
12-08 16:31:43.071 I/use-Rlog/RLOG-RIL-MAIN( 247): onReq: reqCode = 28, dataLen = 36
12-08 16:31:43.071 D/use-Rlog/RLOG-RILMM( 247): RILMM_SIM_SimIO_onRequest -
12-08 16:31:43.101 I/use-Rlog/RLOG-RIL-MX( 247): Read Ch0 << 0022~+RSSI=4,13,85,1,2,112,36
12-08 16:31:43.101 I/use-Rlog/RLOG-RILMM( 247): RILMM_MM_onUnsolicitedResponse Rx UNSOL_SIGNAL_STRENGTH
12-08 16:31:43.101 D/use-Rlog/RLOG-RILMM( 247): util_get_cdmagsm_ril_modem_mode Modem mode = 1
12-08 16:31:43.101 D/CdmaSST ( 2509): [CdmaLteSST] handleMessage: 12
12-08 16:31:43.101 D/SubscriptionController( 2509): [getSubId]- sSlotIdxToSubId.size == 0, return DummySubIds slotIdx=0
12-08 16:31:43.102 D/DefaultPhoneNotifier( 2509): notifySignalStrength: mRegistry=com.android.internal.telephony.ITelephonyRegistry$Stub$Proxy@6c5e0f9 ss=SignalStrength: 99 -1 -85 -65 -120 -1 -1 99 2147483647 2147483647 2147483647 2147483647 2147483647 cdma sender=Handler (com.android.internal.telephony.cdma.CDMALTEPhone) {e766880}
12-08 16:31:43.102 D/TelephonyRegistry( 1246): notifySignalStrengthForSubscriber: invalid phoneId=-1
12-08 16:31:43.103 D/SubscriptionController( 2509): [getSubId]- sSlotIdxToSubId.size == 0, return DummySubIds slotIdx=0
12-08 16:31:43.149 I/use-Rlog/RLOG-RIL-MX( 247): Read Ch7 << 0423+CRSM=144,0,622382054221003f1483026f06a503c001008a01058b036f0601800204ec810205008801b8
12-08 16:31:43.149 I/use-Rlog/RLOG-RIL-ICC( 247): pCRSM: +CRSM=144,0,622382054221003f1483026f06a503c001008a01058b036f0601800204ec810205008801b8
12-08 16:31:43.150 D/use-Rlog/RLOG-RILMM( 247): RILMM_SIM_SendResponseCDMA_onRequestComplete +
