12-08 16:31:21.600 D/use-Rlog/RLOG-RILMM( 247): store_registration_state +
12-08 16:31:21.600 D/use-Rlog/RLOG-RILMM( 247): store_registration_state Storing RegInfo: {5, 0, 0, 6, 3203, 0, 0, 0, 21, 3, 64, 1, 64, 0}
12-08 16:31:21.600 D/use-Rlog/RLOG-RILMM( 247): store_registration_state -
12-08 16:31:21.600 D/use-Rlog/RLOG-RILMM( 247): determine_system_priority +
12-08 16:31:21.600 D/use-Rlog/RLOG-RILMM( 247): determine_system_priority -
12-08 16:31:21.601 D/use-Rlog/RLOG-RILMM( 247): RILMM_MM_OEM_GetCDMASysInfo_onRequestComplete -
12-08 16:31:21.686 D/SubscriptionController( 2509): [getPhoneId]- no sims, returning default phoneId=2147483647
12-08 16:31:21.797 D/SubscriptionController( 2509): [getActiveSubInfoList]+
12-08 16:31:21.798 D/SubscriptionController( 2509): [getPhoneId]- no sims, returning default phoneId=2147483647
12-08 16:31:21.799 D/SubscriptionController( 2509): [getActiveSubInfoList] Sub Controller not ready
12-08 16:31:21.835 E/CDMAPhone( 2509): getOperatorNumeric: Cannot retrieve operatorNumeric: mCdmaSubscriptionSource = -1 mIccRecords = null
12-08 16:31:21.835 D/CDMAPhone( 2509): getOperatorNumeric: mCdmaSubscriptionSource = -1 operatorNumeric = null
12-08 16:31:21.835 D/SubscriptionController( 2509): [getSubId]- sSlotIdxToSubId.size == 0, return DummySubIds slotIdx=0
12-08 16:31:21.835 D/CDMAPhone( 2509): updateCurrentCarrierInProvider: mSubscription = -2 currentDds = 1 operatorNumeric = null
12-08 16:31:21.835 D/CDMAPhone( 2509): CDMALTEPhone: constructor: sub = 0
12-08 16:31:21.835 D/ ( 2509): [0]DCT.constructor
12-08 16:31:21.835 D/SubscriptionController( 2509): [getSubId]- sSlotIdxToSubId.size == 0, return DummySubIds slotIdx=0
12-08 16:31:21.836 D/ ( 2509): [0]getDataEnabled: getIntWithSubId retVal=true
12-08 16:31:21.837 D/DCT ( 2509): [0]hasMatchedTetherApnSetting: APN=null
12-08 16:31:21.846 D/Dcc ( 2509): E ctor
12-08 16:31:21.846 D/Dcc ( 2509): X ctor
12-08 16:31:21.855 D/SubscriptionController( 2509): [getPhoneId] asked for default subId=-1
12-08 16:31:21.855 D/SubscriptionController( 2509): [getPhoneId]- invalid subId return=-1
12-08 16:31:21.856 D/DcTesterFailBrinupAll( 2509): register for intent action=com.android.internal.telephony.dataconnection.action_fail_bringup
12-08 16:31:21.856 D/DcTesterFailBrinupAll( 2509): register for intent action=com.android.internal.telephony.cdma.action_detached
12-08 16:31:21.856 D/DcTesterFailBrinupAll( 2509): register for intent action=com.android.internal.telephony.cdma.action_attached
12-08 16:31:21.857 D/DcTesterDeacativeAll( 2509): register for intent action=com.android.internal.telephony.dataconnection.action_deactivate_all
12-08 16:31:21.857 D/DcTesterDeacativeAll( 2509): register for intent action=com.android.internal.telephony.cdma.action_detached
12-08 16:31:21.858 D/Dcc ( 2509): DccDefaultState: msg.what=EVENT_RIL_CONNECTED mRilVersion=6
12-08 16:31:21.858 D/DCT ( 2509): [0]GsmDCT.constructor
12-08 16:31:21.859 D/CdmaSST ( 2509): [CdmaLteSST] notifyDataRegStateRilRadioTechnologyChanged: drs=1 rat=0
12-08 16:31:21.859 D/TelephonyManager( 2509): setTelephonyProperty: success phoneId=0 property=gsm.network.type value: Unknown propVal=Unknown
12-08 16:31:21.863 D/SubscriptionController( 2509): [getSubId]- sSlotIdxToSubId.size == 0, return DummySubIds slotIdx=0
12-08 16:31:21.863 D/DCT ( 2509): [0]update sub = -2
12-08 16:31:21.863 D/DCT ( 2509): [0]update(): Active DDS, register for all events now!
12-08 16:31:21.863 D/DCT ( 2509): [0]onUpdateIcc: newIccRecords null
12-08 16:31:21.863 D/DCT ( 2509): [0]getDataEnabled: getIntWithSubId retVal=true
12-08 16:31:21.864 E/CDMAPhone( 2509): getOperatorNumeric: Cannot retrieve operatorNumeric: mCdmaSubscriptionSource = -1 mIccRecords = null
12-08 16:31:21.864 D/CDMAPhone( 2509): getOperatorNumeric: mCdmaSubscriptionSource = -1 operatorNumeric = null
12-08 16:31:21.864 D/SubscriptionController( 2509): [getSubId]- sSlotIdxToSubId.size == 0, return DummySubIds slotIdx=0
12-08 16:31:21.865 D/CDMAPhone( 2509): updateCurrentCarrierInProvider: mSubscription = -2 currentDds = 1 operatorNumeric = null
12-08 16:31:21.875 D/DCT ( 2509): [0]initApnContexts: E
12-08 16:31:21.875 D/DCT ( 2509): [0]initApnContexts: skipping unknown type=1
12-08 16:31:21.875 D/DCT ( 2509): [0]initApnContexts: apnContext={mApnType=default mState=IDLE mWaitingApns={null} mWaitingApnsPermanentFailureCountDown=0 mApnSetting={null} mReason=dataEnabled mDataEnabled=false mDependencyMet=true}
12-08 16:31:21.875 D/DCT ( 2509): [0]initApnContexts: apnContext={mApnType=mms mState=IDLE mWaitingApns={null} mWaitingApnsPermanentFailureCountDown=0 mApnSetting={null} mReason=dataEnabled mDataEnabled=false mDependencyMet=true}
12-08 16:31:21.875 D/DCT ( 2509): [0]initApnContexts: apnContext={mApnType=supl mState=IDLE mWaitingApns={null} mWaitingApnsPermanentFailureCountDown=0 mApnSetting={null} mReason=dataEnabled mDataEnabled=false mDependencyMet=true}
12-08 16:31:21.875 D/DCT ( 2509): [0]initApnContexts: apnContext={mApnType=dun mState=IDLE mWaitingApns={null} mWaitingApnsPermanentFailureCountDown=0 mApnSetting={null} mReason=dataEnabled mDataEnabled=false mDependencyMet=true}
12-08 16:31:21.875 D/DCT ( 2509): [0]initApnContexts: apnContext={mApnType=hipri mState=IDLE mWaitingApns={null} mWaitingApnsPermanentFailureCountDown=0 mApnSetting={null} mReason=dataEnabled mDataEnabled=false mDependencyMet=true}
12-08 16:31:21.875 D/DCT ( 2509): [0]initApnContexts: skipping unknown type=7
12-08 16:31:21.876 D/DCT ( 2509): [0]initApnContexts: apnContext={mApnType=fota mState=IDLE mWaitingApns={null} mWaitingApnsPermanentFailureCountDown=0 mApnSetting={null} mReason=dataEnabled mDataEnabled=false mDependencyMet=true}
12-08 16:31:21.876 D/DCT ( 2509): [0]initApnContexts: apnContext={mApnType=ims mState=IDLE mWaitingApns={null} mWaitingApnsPermanentFailureCountDown=0 mApnSetting={null} mReason=dataEnabled mDataEnabled=false mDependencyMet=true}
12-08 16:31:21.885 D/DCT ( 2509): [0]initApnContexts: apnContext={mApnType=cbs mState=IDLE mWaitingApns={null} mWaitingApnsPermanentFailureCountDown=0 mApnSetting={null} mReason=dataEnabled mDataEnabled=false mDependencyMet=true}
12-08 16:31:21.885 D/DCT ( 2509): [0]initApnContexts: X mApnContexts={default={mApnType=default mState=IDLE mWaitingApns={null} mWaitingApnsPermanentFailureCountDown=0 mApnSetting={null} mReason=dataEnabled mDataEnabled=false mDependencyMet=true}, mms={mApnType=mms mState=IDLE mWaitingApns={null} mWaitingApnsPermanentFailureCountDown=0 mApnSetting={null} mReason=dataEnabled mDataEnabled=false mDependencyMet=true}, cbs={mApnType=cbs mState=IDLE mWaitingApns={null} mWaitingApnsPermanentFailureCountDown=0 mApnSetting={null} mReason=dataEnabled mDataEnabled=false mDependencyMet=true}, fota={mApnType=fota mState=IDLE mWaitingApns={null} mWaitingApnsPermanentFailureCountDown=0 mApnSetting={null} mReason=dataEnabled mDataEnabled=false mDependencyMet=true}, supl={mApnType=supl mState=IDLE mWaitingApns={null} mWaitingApnsPermanentFailureCountDown=0 mApnSetting={null} mReason=dataEnabled mDataEnabled=false mDependencyMet=true}, dun={mApnType=dun mState=IDLE mWaitingApns={null} mWaitingApnsPermanentFailureCountDown=0 mApnSetting={null} mReason=dataEnabled mDataEnabled=false mDependencyMet=true}, hipri={mApnType=hipri mState=IDLE mWaitingApns={null} mWaitingApnsPermanentFailureCountDown=0 mApnSetting={null} mReason=dataEnabled mDataEnabled=false mDependencyMet=true}, ims={mApnType=ims mState=IDLE mWaitingApns={null} mWaitingApnsPermanentFailureCountDown=0 mApnSetting={null} mReason=dataEnabled mDataEnabled=false mDependencyMet=true}}
12-08 16:31:21.941 D/CallManager( 2509): registerPhone(CDMA Handler (com.android.internal.telephony.cdma.CDMALTEPhone) {e766880})
12-08 16:31:21.948 D/CallManager( 2509): unregisterPhone(GSM Handler (com.android.internal.telephony.gsm.GSMPhone) {a83e266})
12-08 16:31:21.948 E/CallManager( 2509): Could not find Phone handler for unregistration
12-08 16:31:21.948 D/PhoneProxy( 2509): [PhoneProxy] Disposing old phone..
12-08 16:31:21.951 D/DCT ( 2509): [0]cleanUpAllConnections
12-08 16:31:21.955 V/RILJ ( 2509): motoOmap4RIL: stopLceService
12-08 16:31:21.962 D/GsmCallTracker( 2509): GsmCallTracker dispose
12-08 16:31:21.984 D/DCT ( 2509): [0]DcTracker.dispose
12-08 16:31:21.984 D/DCT ( 2509): [0]cleanUpAllConnections: tearDown=true reason=null
12-08 16:31:21.984 D/DCT ( 2509): [0]cleanUpConnection: tearDown=true reason=null apnContext={mApnType=default mState=IDLE mWaitingApns={null} mWaitingApnsPermanentFailureCountDown=0 mApnSetting={null} mReason=null mDataEnabled=false mDependencyMet=true}
12-08 16:31:21.984 D/DCT ( 2509): [0]setupDataForSinglePdn: reason = null isDisconnected = true
12-08 16:31:21.984 D/DCT ( 2509): [0]isOnlySingleDcAllowed(0): false
12-08 16:31:21.984 D/DCT ( 2509): [0]cleanUpConnection: X tearDown=true reason=null apnContext={mApnType=default mState=IDLE mWaitingApns={null} mWaitingApnsPermanentFailureCountDown=0 mApnSetting={null} mReason=null mDataEnabled=false mDependencyMet=true} dcac=null
12-08 16:31:21.984 D/DCT ( 2509): [0]cleanUpConnection: tearDown=true reason=null apnContext={mApnType=mms mState=IDLE mWaitingApns={null} mWaitingApnsPermanentFailureCountDown=0 mApnSetting={null} mReason=null mDataEnabled=false mDependencyMet=true}
12-08 16:31:21.984 D/DCT ( 2509): [0]setupDataForSinglePdn: reason = null isDisconnected = true
12-08 16:31:21.984 D/DCT ( 2509): [0]isOnlySingleDcAllowed(0): false
12-08 16:31:21.984 D/DCT ( 2509): [0]cleanUpConnection: X tearDown=true reason=null apnContext={mApnType=mms mState=IDLE mWaitingApns={null} mWaitingApnsPermanentFailureCountDown=0 mApnSetting={null} mReason=null mDataEnabled=false mDependencyMet=true} dcac=null
12-08 16:31:21.984 D/DCT ( 2509): [0]cleanUpConnection: tearDown=true reason=null apnContext={mApnType=cbs mState=IDLE mWaitingApns={null} mWaitingApnsPermanentFailureCountDown=0 mApnSetting={null} mReason=null mDataEnabled=false mDependencyMet=true}
12-08 16:31:21.984 D/DCT ( 2509): [0]setupDataForSinglePdn: reason = null isDisconnected = true
12-08 16:31:21.985 D/DCT ( 2509): [0]isOnlySingleDcAllowed(0): false
12-08 16:31:21.985 D/DCT ( 2509): [0]cleanUpConnection: X tearDown=true reason=null apnContext={mApnType=cbs mState=IDLE mWaitingApns={null} mWaitingApnsPermanentFailureCountDown=0 mApnSetting={null} mReason=null mDataEnabled=false mDependencyMet=true} dcac=null
12-08 16:31:21.985 D/DCT ( 2509): [0]cleanUpConnection: tearDown=true reason=null apnContext={mApnType=fota mState=IDLE mWaitingApns={null} mWaitingApnsPermanentFailureCountDown=0 mApnSetting={null} mReason=null mDataEnabled=false mDependencyMet=true}
12-08 16:31:21.985 D/DCT ( 2509): [0]setupDataForSinglePdn: reason = null isDisconnected = true
12-08 16:31:21.985 D/DCT ( 2509): [0]isOnlySingleDcAllowed(0): false
12-08 16:31:21.985 D/DCT ( 2509): [0]cleanUpConnection: X tearDown=true reason=null apnContext={mApnType=fota mState=IDLE mWaitingApns={null} mWaitingApnsPermanentFailureCountDown=0 mApnSetting={null} mReason=null mDataEnabled=false mDependencyMet=true} dcac=null
12-08 16:31:21.985 D/DCT ( 2509): [0]cleanUpConnection: tearDown=true reason=null apnContext={mApnType=supl mState=IDLE mWaitingApns={null} mWaitingApnsPermanentFailureCountDown=0 mApnSetting={null} mReason=null mDataEnabled=false mDependencyMet=true}
12-08 16:31:21.985 D/DCT ( 2509): [0]setupDataForSinglePdn: reason = null isDisconnected = true
12-08 16:31:21.985 D/DCT ( 2509): [0]isOnlySingleDcAllowed(0): false
12-08 16:31:21.985 D/DCT ( 2509): [0]cleanUpConnection: X tearDown=true reason=null apnContext={mApnType=supl mState=IDLE mWaitingApns={null} mWaitingApnsPermanentFailureCountDown=0 mApnSetting={null} mReason=null mDataEnabled=false mDependencyMet=true} dcac=null
12-08 16:31:21.985 D/DCT ( 2509): [0]cleanUpConnection: tearDown=true reason=null apnContext={mApnType=dun mState=IDLE mWaitingApns={null} mWaitingApnsPermanentFailureCountDown=0 mApnSetting={null} mReason=null mDataEnabled=false mDependencyMet=true}
12-08 16:31:21.985 D/DCT ( 2509): [0]setupDataForSinglePdn: reason = null isDisconnected = true
12-08 16:31:21.985 D/DCT ( 2509): [0]isOnlySingleDcAllowed(0): false
12-08 16:31:21.985 D/DCT ( 2509): [0]cleanUpConnection: X tearDown=true reason=null apnContext={mApnType=dun mState=IDLE mWaitingApns={null} mWaitingApnsPermanentFailureCountDown=0 mApnSetting={null} mReason=null mDataEnabled=false mDependencyMet=true} dcac=null
12-08 16:31:21.985 D/DCT ( 2509): [0]cleanUpConnection: tearDown=true reason=null apnContext={mApnType=hipri mState=IDLE mWaitingApns={null} mWaitingApnsPermanentFailureCountDown=0 mApnSetting={null} mReason=null mDataEnabled=false mDependencyMet=true}
12-08 16:31:21.985 D/DCT ( 2509): [0]setupDataForSinglePdn: reason = null isDisconnected = true
12-08 16:31:21.985 D/DCT ( 2509): [0]isOnlySingleDcAllowed(0): false
12-08 16:31:21.986 D/DCT ( 2509): [0]cleanUpConnection: X tearDown=true reason=null apnContext={mApnType=hipri mState=IDLE mWaitingApns={null} mWaitingApnsPermanentFailureCountDown=0 mApnSetting={null} mReason=null mDataEnabled=false mDependencyMet=true} dcac=null
12-08 16:31:21.986 D/DCT ( 2509): [0]cleanUpConnection: tearDown=true reason=null apnContext={mApnType=ims mState=IDLE mWaitingApns={null} mWaitingApnsPermanentFailureCountDown=0 mApnSetting={null} mReason=null mDataEnabled=false mDependencyMet=true}
12-08 16:31:21.986 D/DCT ( 2509): [0]setupDataForSinglePdn: reason = null isDisconnected = true
12-08 16:31:21.986 D/DCT ( 2509): [0]isOnlySingleDcAllowed(0): false
12-08 16:31:21.986 D/DCT ( 2509): [0]cleanUpConnection: X tearDown=true reason=null apnContext={mApnType=ims mState=IDLE mWaitingApns={null} mWaitingApnsPermanentFailureCountDown=0 mApnSetting={null} mReason=null mDataEnabled=false mDependencyMet=true} dcac=null
12-08 16:31:21.986 D/DCT ( 2509): [0]stopNetStatPoll
12-08 16:31:21.986 D/SubscriptionController( 2509): [getSubId]- sSlotIdxToSubId.size == 0, return DummySubIds slotIdx=0
12-08 16:31:21.987 D/DCT ( 2509): [0]cleanUpConnection: mDisconnectPendingCount = 0
12-08 16:31:21.987 D/DCT ( 2509): [0]notifyDataDisconnectComplete
12-08 16:31:21.987 D/DCT ( 2509): [0]DCT.dispose
12-08 16:31:21.995 D/Dcc ( 2509): dispose: call quiteNow()
12-08 16:31:21.998 D/DCT ( 2509): [0]destroyDataConnections: clear mDataConnectionList
12-08 16:31:21.998 D/GsmSST ( 2509): [GsmSST] ServiceStateTracker dispose
12-08 16:31:22.002 D/RIL_ImsSms( 2509): In IMS updatePhoneObject
12-08 16:31:22.002 D/SMSDispatcher( 2509): Active phone changed to CDMA
12-08 16:31:22.002 D/SMSDispatcher( 2509): Active phone changed to CDMA
12-08 16:31:22.002 D/SMSDispatcher( 2509): Active phone changed to CDMA
12-08 16:31:22.003 D/IccCardProxy( 2509): Setting radio tech 1xRTT
12-08 16:31:22.003 D/GsmInboundSmsHandler( 2509): IdleState.processMessage:7
12-08 16:31:22.003 D/CdmaSSM ( 2509): getcdmasubscriptionSource: 0
12-08 16:31:22.003 D/GsmInboundSmsHandler( 2509): Idle state processing message type 7
12-08 16:31:22.003 D/IccCardProxy( 2509): updateQuietMode: no changes don't setExternalState
12-08 16:31:22.003 D/IccCardProxy( 2509): updateQuietMode: QuietMode is false (app_type=2 cdmaSource=0)
12-08 16:31:22.003 D/GsmInboundSmsHandler( 2509): onUpdatePhoneObject: phone=CDMALTEPhone
12-08 16:31:22.003 D/GsmInboundSmsHandler( 2509): onUpdatePhoneObject: dispose of old CellBroadcastHandler and make a new one
12-08 16:31:22.003 D/CdmaInboundSmsHandler( 2509): IdleState.processMessage:7
12-08 16:31:22.004 D/CdmaInboundSmsHandler( 2509): Idle state processing message type 7
12-08 16:31:22.004 D/CdmaInboundSmsHandler( 2509): onUpdatePhoneObject: phone=CDMALTEPhone
12-08 16:31:22.004 D/CellBroadcastHandler( 2509): updatePhoneObject: phone=CDMALTEPhone
12-08 16:31:22.005 D/SubscriptionController( 2509): [getSubId]- sSlotIdxToSubId.size == 0, return DummySubIds slotIdx=0
12-08 16:31:22.008 D/DctController( 2509): updatePhoneBaseForIndex for phone index=0
12-08 16:31:22.008 D/GsmCellBroadcastHandler( 2509): acquired wakelock, leaving Idle state
12-08 16:31:22.008 D/DctController( 2509): unregister TelephonyNetworkFactory for phone index=0
12-08 16:31:22.025 D/SubscriptionController( 2509): [getSubId]- sSlotIdxToSubId.size == 0, return DummySubIds slotIdx=0
12-08 16:31:22.025 D/DctController( 2509): [TNF -2]NetworkCapabilities: [ Transports: CELLULAR Capabilities: MMS&SUPL&DUN&FOTA&IMS&CBS&IA&RCS&XCAP&EIMS&INTERNET&NOT_RESTRICTED&TRUSTED&NOT_VPN]
12-08 16:31:22.043 D/CdmaSSM ( 2509): CDMA_SUBSCRIPTION_SOURCE event = 1
12-08 16:31:22.043 D/UiccController( 2509): Received EVENT_ICC_STATUS_CHANGED, calling getIccCardStatus
12-08 16:31:22.044 D/RILJ ( 2509): [3664]> GET_SIM_STATUS [SUB0]
12-08 16:31:22.047 D/use-Rlog/RLOG-RILMM( 247): RILMM_SIM_GetSimStatus_onRequest +
12-08 16:31:22.047 E/GsmSST ( 2509): Received message { when=-3s946ms what=1 obj=android.os.AsyncResult@d5eed7b target=com.android.internal.telephony.gsm.GsmServiceStateTracker }[1] while being destroyed. Ignoring.
12-08 16:31:22.047 D/use-Rlog/RLOG-RILMM( 247): RILMM_MAIN_send_request Sending Request with token = 704
12-08 16:31:22.047 I/use-Rlog/RLOG-RIL-MAIN( 247): onReq: reqCode = 1, dataLen = 0
12-08 16:31:22.048 D/use-Rlog/RLOG-RILMM( 247): RILMM_SIM_GetSimStatus_onRequest -
12-08 16:31:22.048 I/use-Rlog/RLOG-RIL-MX( 247): Ch7 > 0377AT+MSIM?
12-08 16:31:22.048 I/use-Rlog/RLOG-RIL-MX( 247):
12-08 16:31:22.048 E/GsmCallTracker( 2509): Received message { when=-3s946ms what=9 obj=android.os.AsyncResult@5e8c798 target=com.android.internal.telephony.gsm.GsmCallTracker }[9] while being destroyed. Ignoring.
12-08 16:31:22.048 E/GSMPhone( 2509): Received message { when=-3s946ms what=5 obj=android.os.AsyncResult@87d7bf1 target=com.android.internal.telephony.gsm.GSMPhone }[5] while being destroyed. Ignoring.
12-08 16:31:22.048 D/RILJ ( 2509): [3665]> RIL_REQUEST_VOICE_RADIO_TECH [SUB0]
12-08 16:31:22.062 D/use-Rlog/RLOG-RILMM( 247): onStateRequest +
12-08 16:31:22.062 V/RILJ ( 2509): motoOmap4RIL: getImsRegistrationState
12-08 16:31:22.062 I/use-Rlog/RLOG-RIL-MAIN( 247): curState: Returns 6
12-08 16:31:22.062 I/use-Rlog/RLOG-RILMM( 247): onStateRequest moto-ril current_state = 6
12-08 16:31:22.062 D/use-Rlog/RLOG-RILMM( 247): onStateRequest -
12-08 16:31:22.062 D/RILJ ( 2509): [3665]< RIL_REQUEST_VOICE_RADIO_TECH {6} [SUB0]
12-08 16:31:22.062 D/RILJ ( 2509): [3666]> RIL_REQUEST_CDMA_GET_SUBSCRIPTION_SOURCE [SUB0]
12-08 16:31:22.064 D/use-Rlog/RLOG-RILMM( 247): onStateRequest +
12-08 16:31:22.064 I/use-Rlog/RLOG-RIL-MAIN( 247): curState: Returns 6
12-08 16:31:22.064 I/use-Rlog/RLOG-RILMM( 247): onStateRequest moto-ril current_state = 6
12-08 16:31:22.064 D/use-Rlog/RLOG-RILMM( 247): onStateRequest -
12-08 16:31:22.064 D/SubscriptionController( 2509): [getSubId]- sSlotIdxToSubId.size == 0, return DummySubIds slotIdx=0
12-08 16:31:22.064 D/RILJ ( 2509): [3666]< RIL_REQUEST_CDMA_GET_SUBSCRIPTION_SOURCE {0} [SUB0]
12-08 16:31:22.064 D/DCT ( 2509): [0]getDataOnRoamingEnabled: phoneSubId=-2 isDataRoamingEnabled=true
12-08 16:31:22.065 D/SubscriptionController( 2509): [getSubId]- sSlotIdxToSubId.size == 0, return DummySubIds slotIdx=0
12-08 16:31:22.065 D/DCT ( 2509): [0]getDataOnRoamingEnabled: phoneSubId=-2 isDataRoamingEnabled=true
12-08 16:31:22.065 D/SubscriptionController( 2509): [getSubId]- sSlotIdxToSubId.size == 0, return DummySubIds slotIdx=0
12-08 16:31:22.065 D/DCT ( 2509): [0]getDataOnRoamingEnabled: phoneSubId=-2 isDataRoamingEnabled=true
12-08 16:31:22.065 D/UiccController( 2509): Received EVENT_GET_ICC_STATUS_DONE
12-08 16:31:22.066 D/UiccCard( 2509): 3 applications
12-08 16:31:22.066 D/UiccCardApplication( 2509): Creating UiccApp: {APPTYPE_USIM,APPSTATE_READY,pin1=PINSTATE_DISABLED,pin2=PINSTATE_ENABLED_NOT_VERIFIED}
12-08 16:31:22.073 I/use-Rlog/RLOG-RIL-MX( 247): Read Ch7 << 0377+MSIM=1,0,a0000000871002f310ffff89080000ff,3,1,3,3,3,3,3,a0000003431002f310ffff89020000ff,3,1,3,3,3,3,3,0,0,0,0,0,0,0,0,0,0,0,0,0,0,0,0,a0000000871004f310ffff89080000ff,1,1,0,0,0
12-08 16:31:22.074 I/use-Rlog/RLOG-RIL-ICC( 247): setCardStatus: cardState:1, univPin:0, gsmIdx:0, cdmaIdx:1, numApps:3
12-08 16:31:22.074 D/use-Rlog/RLOG-RILMM( 247): RILMM_SIM_GetSimStatusCDMA_onRequestComplete +
12-08 16:31:22.074 D/use-Rlog/RLOG-RILMM( 247): update_global_card_status Reset the global card status at invalid indexes
12-08 16:31:22.074 D/use-Rlog/RLOG-RILMM( 247): update_global_card_status card state:1, upin state:0, gsm_umts app index:0, cdma app index:1, isim app index:2, num of apps:3
12-08 16:31:22.074 D/use-Rlog/RLOG-RILMM( 247): update_global_card_status app[0]: appType:2, appState:5, persoState:2, aid:A0000000871002F310FFFF89080000FF, pin1:3, pin2:1, pinRep:0
12-08 16:31:22.074 D/use-Rlog/RLOG-RILMM( 247): update_global_card_status app[1]: appType:4, appState:5, persoState:0, aid:a0000003431002f310ffff89020000ff, pin1:3, pin2:1, pinRep:0
12-08 16:31:22.074 D/use-Rlog/RLOG-RILMM( 247): update_global_card_status app[2]: appType:5, appState:1, persoState:0, aid:a0000000871004f310ffff89080000ff, pin1:0, pin2:0, pinRep:0
12-08 16:31:22.074 D/use-Rlog/RLOG-RILMM( 247): save_card_status_from_cdma_bp card state:1, upin state:0, gsm_umts app index:0, cdma app index:1, isim app index:2, num of apps:3
12-08 16:31:22.074 D/use-Rlog/RLOG-RILMM( 247): RILMM_MAIN_send_request Sending Request with token = 705
12-08 16:31:22.074 D/use-Rlog/RLOG-RIL-LTE( 247): RILM_SIM_OEM_HookRaw_onRequest Msg id = 0xa0019
12-08 16:31:22.074 D/use-Rlog/RLOG-RIL-LTE( 247): RILM_OEM_onRequest Msg id= 0xa0019,
12-08 16:31:22.074 D/use-Rlog/RLOG-RIL-LTE( 247): RILM_OEM_SIM_onRequest Msg id= 0xa0019
12-08 16:31:22.074 D/use-Rlog/RLOG-RIL-LTE( 247): RILM_OEM_SIM_SendCardStatusResponse_onRequest +
12-08 16:31:22.074 D/use-Rlog/RLOG-RIL-LTE( 247): RILM_OEM_SIM_SendCardStatusResponse_onRequest card state:1,universal pin state :0, gsm_umts app index:0, cdma app index :1, num of apps:3
12-08 16:31:22.074 D/use-Rlog/RLOG-RIL-LTE( 247): RILM_OEM_SIM_SendCardStatusResponse_onRequest App type 2 App state 5
12-08 16:31:22.074 D/use-Rlog/RLOG-RIL-LTE( 247): RILM_OEM_SIM_SendCardStatusResponse_onRequest aid_len: 32
12-08 16:31:22.074 D/use-Rlog/RLOG-RIL-LTE( 247): RILM_OEM_SIM_SendCardStatusResponse_onRequest App type 4 App state 5
12-08 16:31:22.074 D/use-Rlog/RLOG-RIL-LTE( 247): RILM_OEM_SIM_SendCardStatusResponse_onRequest aid_len: 32
12-08 16:31:22.074 D/use-Rlog/RLOG-RIL-LTE( 247): RILM_OEM_SIM_SendCardStatusResponse_onRequest App type 5 App state 1
12-08 16:31:22.074 D/use-Rlog/RLOG-RIL-LTE( 247): RILM_OEM_SIM_SendCardStatusResponse_onRequest aid_len: 32
12-08 16:31:22.074 D/use-Rlog/RLOG-RIL-LTE( 247): RILM_OEM_SIM_SendCardStatusResponse_onRequest -
12-08 16:31:22.074 D/use-Rlog/RLOG-RIL-LTE( 247): RILM_OEM_M2M_onRequest Msg id= 0xa0019
12-08 16:31:22.074 D/use-Rlog/RLOG-RILMM( 247): RILMM_MM_HandleSimStateInfo +
12-08 16:31:22.074 D/use-Rlog/RLOG-RILMM( 247): RILMM_MM_HandleSimStateInfo Subsidy Lock = 1
12-08 16:31:22.074 D/use-Rlog/RLOG-RILMM( 247): RILMM_MM_HandleSimStateInfo card_state = 1, gsm_app_state = 5
12-08 16:31:22.074 D/use-Rlog/RLOG-RILMM( 247): determine_system_priority +
12-08 16:31:22.074 D/use-Rlog/RLOG-RILMM( 247): determine_system_priority -
12-08 16:31:22.074 D/use-Rlog/RLOG-RILMM( 247): RILMM_MM_HandleSimStateInfo -
12-08 16:31:22.074 D/use-Rlog/RLOG-RILMM( 247): RILMM_SAT_HandleSimCardStatus +
12-08 16:31:22.074 D/use-Rlog/RLOG-RILMM( 247): RILMM_SAT_HandleSimCardStatus -
12-08 16:31:22.075 D/use-Rlog/RLOG-RILMM( 247): RILMM_SIM_GetSimStatusCDMA_onRequestComplete -
12-08 16:31:22.075 V/RILJ ( 2509): motoOmap4RIL: responseIccCardStatus
12-08 16:31:22.076 D/RILJ ( 2509): [3664]< GET_SIM_STATUS IccCardState {CARDSTATE_PRESENT,PINSTATE_UNKNOWN,num_apps=3,gsm_id=0{APPTYPE_USIM,APPSTATE_READY,pin1=PINSTATE_DISABLED,pin2=PINSTATE_ENABLED_NOT_VERIFIED},cdma_id=1{APPTYPE_CSIM,APPSTATE_READY,pin1=PINSTATE_DISABLED,pin2=PINSTATE_ENABLED_NOT_VERIFIED},ims_id=2{APPTYPE_ISIM,APPSTATE_DETECTED,pin1=PINSTATE_UNKNOWN,pin2=PINSTATE_UNKNOWN}} [SUB0]
12-08 16:31:22.078 D/SpnOverride( 2509): No SPN in OEM image = /oem/telephony/spn-conf.xml Load SPN from system image
12-08 16:31:22.079 W/SpnOverride( 2509): Can not open /system/etc/spn-conf.xml
12-08 16:31:22.082 W/VoiceMailConstants( 2509): Can't open /system/etc/voicemail-conf.xml
12-08 16:31:22.082 D/SIMRecords( 2509): [SIMRecords] setting0 mMncLength-1
12-08 16:31:22.082 D/SIMRecords( 2509): [SIMRecords] SIMRecords: onRadioOffOrNotAvailable set 'gsm.sim.operator.numeric' to operator=null
12-08 16:31:22.082 D/SIMRecords( 2509): [SIMRecords] update icc_operator_numeric=null
12-08 16:31:22.082 D/TelephonyManager( 2509): setTelephonyProperty: success phoneId=0 property=gsm.sim.operator.numeric value: propVal=
12-08 16:31:22.083 D/TelephonyManager( 2509): setTelephonyProperty: success phoneId=0 property=gsm.sim.operator.alpha value: propVal=
12-08 16:31:22.083 D/TelephonyManager( 2509): setTelephonyProperty: success phoneId=0 property=gsm.sim.operator.iso-country value: propVal=
12-08 16:31:22.084 D/UiccCardApplication( 2509): Notifying 1 registrant: READY
12-08 16:31:22.085 D/SIMRecords( 2509): [SIMRecords] getOperatorNumeric: IMSI == null
12-08 16:31:22.085 D/SIMRecords( 2509): [SIMRecords] SIMRecords X ctor this=SimRecords: mDestroyed=false mContext=com.android.phone.PhoneGlobals@69763d6 mCi=com.android.internal.telephony.motoOmap4RIL@10a05db mFh=Handler (com.android.internal.telephony.uicc.UsimFileHandler) {c64e657} mParentApp=com.android.internal.telephony.uicc.UiccCardApplication@36ec544 mSpnOverride=mSpnOverride recordsLoadedRegistrants=android.os.RegistrantList@cdce62d mImsiReadyRegistrants=android.os.RegistrantList@bfde762 mRecordsEventsRegistrants=android.os.RegistrantList@f6790f3 mNewSmsRegistrants=android.os.RegistrantList@c34f1b0 mNetworkSelectionModeAutomaticRegistrants=android.os.RegistrantList@24eb829 recordsToLoad=0 adnCache=Handler (com.android.internal.telephony.uicc.AdnRecordCache) {5717ae} recordsRequested=false iccid=null msisdnTag=null voiceMailNum=null voiceMailTag=null newVoiceMailNum=null newVoiceMailTag=null isVoiceMailFixed=false mncLength=-1 mailboxIndex=0 spn=null mVmConfigcom.android.internal.telephony.uicc.VoiceMailConstants@ce0494f callForwardingEnabled=0 spnState=null mCphsInfo=null mCspPlmnEnabled=true efMWIS=null efCPHS_MWI=null mEfCff=null mEfCfis=null getOperatorNumeric=null
12-08 16:31:22.085 D/RILJ ( 2509): [3667]> QUERY_FACILITY_LOCK [SUB0]
12-08 16:31:22.087 D/use-Rlog/RLOG-RILMM( 247): RILMM_SIM_onRequest Received RIL_REQUEST_QUERY_FACILITY_LOCK
12-08 16:31:22.087 D/use-Rlog/RLOG-RILMM( 247): RILMM_SIM_HandleFacilityLock_onRequest +
12-08 16:31:22.087 D/use-Rlog/RLOG-RILMM( 247): RILMM_SIM_HandleFacilityLock_onRequest Sending Facility Req to CDMA Modem: FD
12-08 16:31:22.087 D/use-Rlog/RLOG-RILMM( 247): RILMM_MAIN_send_request Sending Request with token = 706
12-08 16:31:22.087 I/use-Rlog/RLOG-RIL-MAIN( 247): onReq: reqCode = 42, dataLen = 16
12-08 16:31:22.087 D/use-Rlog/RLOG-RILMM( 247): RILMM_SIM_HandleFacilityLock_onRequest -
12-08 16:31:22.087 I/use-Rlog/RLOG-RIL-MX( 247): Ch7 > 0378AT+CLCK=2,2,A0000000871002F310FFFF89080000FF
12-08 16:31:22.087 I/use-Rlog/RLOG-RIL-MX( 247):
12-08 16:31:22.087 D/RILJ ( 2509): [3668]> QUERY_FACILITY_LOCK [SUB0]
12-08 16:31:22.091 D/use-Rlog/RLOG-RILMM( 247): RILMM_SIM_onRequest Received RIL_REQUEST_QUERY_FACILITY_LOCK
12-08 16:31:22.091 D/use-Rlog/RLOG-RILMM( 247): RILMM_SIM_HandleFacilityLock_onRequest +
12-08 16:31:22.091 D/use-Rlog/RLOG-RILMM( 247): RILMM_SIM_HandleFacilityLock_onRequest Sending Facility Req to LTE Modem: SC
12-08 16:31:22.091 D/use-Rlog/RLOG-RILMM( 247): RILMM_SIM_SendRequesttoLTE +
12-08 16:31:22.091 D/use-Rlog/RLOG-RILMM( 247): RILMM_MAIN_send_request Sending Request with token = 707
12-08 16:31:22.091 D/use-Rlog/RLOG-RIL-LTE( 247): RILM_SL_QueryFacilityLock_onRequest +
12-08 16:31:22.091 D/use-Rlog/RLOG-RIL-LTE( 247): RILM_SL_QueryFacilityLock_onRequest subsidy_status = 0
12-08 16:31:22.091 D/use-Rlog/RLOG-RIL-LTE( 247): RILM_SIM_QueryFacilityLockSC_onRequest +
12-08 16:31:22.091 D/use-Rlog/RLOG-RIL-LTE( 247): RILM_SIM_QueryFacilityLockSC_onRequest PIN1 = 1
12-08 16:31:22.091 D/use-Rlog/RLOG-RILMM( 247): RILMM_SIM_Send_onRequestComplete_to_Apps +
12-08 16:31:22.091 D/use-Rlog/RLOG-RILMM( 247): RILMM_SIM_Send_onRequestComplete_to_Apps -
12-08 16:31:22.091 D/use-Rlog/RLOG-RIL-LTE( 247): RILM_SIM_QueryFacilityLockSC_onRequest -
12-08 16:31:22.091 D/use-Rlog/RLOG-RILMM( 247): RILMM_SIM_SendRequesttoLTE -
12-08 16:31:22.091 D/use-Rlog/RLOG-RILMM( 247): RILMM_SIM_HandleFacilityLock_onRequest -
12-08 16:31:22.092 D/RILJ ( 2509): [3668]< QUERY_FACILITY_LOCK {0} [SUB0]
12-08 16:31:22.092 D/UiccCardApplication( 2509): Creating UiccApp: {APPTYPE_CSIM,APPSTATE_READY,pin1=PINSTATE_DISABLED,pin2=PINSTATE_ENABLED_NOT_VERIFIED}
12-08 16:31:22.094 D/SpnOverride( 2509): No SPN in OEM image = /oem/telephony/spn-conf.xml Load SPN from system image
12-08 16:31:22.095 W/SpnOverride( 2509): Can not open /system/etc/spn-conf.xml
12-08 16:31:22.095 D/RuimRecords( 2509): [RuimRecords] setting0 mMncLength-1
12-08 16:31:22.095 D/UiccCardApplication( 2509): Notifying 1 registrant: READY
12-08 16:31:22.096 D/RuimRecords( 2509): [RuimRecords] RuimRecords X ctor this=RuimRecords: mDestroyed=false mContext=com.android.phone.PhoneGlobals@69763d6 mCi=com.android.internal.telephony.motoOmap4RIL@10a05db mFh=Handler (com.android.internal.telephony.uicc.CsimFileHandler) {3ef78dc} mParentApp=com.android.internal.telephony.uicc.UiccCardApplication@9f1ade5 mSpnOverride=mSpnOverride recordsLoadedRegistrants=android.os.RegistrantList@30100ba mImsiReadyRegistrants=android.os.RegistrantList@f822b6b mRecordsEventsRegistrants=android.os.RegistrantList@36946c8 mNewSmsRegistrants=android.os.RegistrantList@e144361 mNetworkSelectionModeAutomaticRegistrants=android.os.RegistrantList@92e6e86 recordsToLoad=0 adnCache=Handler (com.android.internal.telephony.uicc.AdnRecordCache) {161347} recordsRequested=false iccid=null msisdnTag=null voiceMailNum=null voiceMailTag=null newVoiceMailNum=null newVoiceMailTag=null isVoiceMailFixed=false mncLength=-1 mailboxIndex=0 spn=null m_ota_commitedfalse mMyMobileNumber=xxxx mMin2Min1=null mPrlVersion=null mEFpl=null mEFli=null mCsimSpnDisplayCondition=false mMdn=null mMin=null mHomeSystemId=null mHomeNetworkId=null
12-08 16:31:22.096 D/RILJ ( 2509): [3669]> QUERY_FACILITY_LOCK [SUB0]
12-08 16:31:22.098 D/use-Rlog/RLOG-RILMM( 247): RILMM_SIM_onRequest Received RIL_REQUEST_QUERY_FACILITY_LOCK
12-08 16:31:22.098 D/use-Rlog/RLOG-RILMM( 247): RILMM_SIM_HandleFacilityLock_onRequest +
12-08 16:31:22.098 D/use-Rlog/RLOG-RILMM( 247): RILMM_SIM_HandleFacilityLock_onRequest Sending Facility Req to CDMA Modem: FD
12-08 16:31:22.098 D/use-Rlog/RLOG-RILMM( 247): RILMM_MAIN_send_request Sending Request with token = 708
12-08 16:31:22.098 I/use-Rlog/RLOG-RIL-MAIN( 247): onReq: reqCode = 42, dataLen = 16
12-08 16:31:22.098 D/use-Rlog/RLOG-RILMM( 247): RILMM_SIM_HandleFacilityLock_onRequest -
12-08 16:31:22.098 D/RILJ ( 2509): [3670]> QUERY_FACILITY_LOCK [SUB0]
12-08 16:31:22.100 D/use-Rlog/RLOG-RILMM( 247): RILMM_SIM_onRequest Received RIL_REQUEST_QUERY_FACILITY_LOCK
12-08 16:31:22.100 D/use-Rlog/RLOG-RILMM( 247): RILMM_SIM_HandleFacilityLock_onRequest +
12-08 16:31:22.100 D/use-Rlog/RLOG-RILMM( 247): RILMM_SIM_HandleFacilityLock_onRequest Sending Facility Req to LTE Modem: SC
12-08 16:31:22.100 D/use-Rlog/RLOG-RILMM( 247): RILMM_SIM_SendRequesttoLTE +
12-08 16:31:22.100 D/use-Rlog/RLOG-RILMM( 247): RILMM_MAIN_send_request Sending Request with token = 709
12-08 16:31:22.100 D/use-Rlog/RLOG-RIL-LTE( 247): RILM_SL_QueryFacilityLock_onRequest +
12-08 16:31:22.100 D/use-Rlog/RLOG-RIL-LTE( 247): RILM_SL_QueryFacilityLock_onRequest subsidy_status = 0
12-08 16:31:22.100 D/use-Rlog/RLOG-RIL-LTE( 247): RILM_SIM_QueryFacilityLockSC_onRequest +
12-08 16:31:22.100 D/use-Rlog/RLOG-RIL-LTE( 247): RILM_SIM_QueryFacilityLockSC_onRequest PIN1 = 1
12-08 16:31:22.100 D/use-Rlog/RLOG-RILMM( 247): RILMM_SIM_Send_onRequestComplete_to_Apps +
12-08 16:31:22.100 D/use-Rlog/RLOG-RILMM( 247): RILMM_SIM_Send_onRequestComplete_to_Apps -
12-08 16:31:22.100 D/use-Rlog/RLOG-RIL-LTE( 247): RILM_SIM_QueryFacilityLockSC_onRequest -
12-08 16:31:22.100 D/use-Rlog/RLOG-RILMM( 247): RILMM_SIM_SendRequesttoLTE -
12-08 16:31:22.100 D/use-Rlog/RLOG-RILMM( 247): RILMM_SIM_HandleFacilityLock_onRequest -
12-08 16:31:22.101 D/RILJ ( 2509): [3670]< QUERY_FACILITY_LOCK {0} [SUB0]
12-08 16:31:22.101 D/UiccCardApplication( 2509): Creating UiccApp: {APPTYPE_ISIM,APPSTATE_DETECTED,pin1=PINSTATE_UNKNOWN,pin2=PINSTATE_UNKNOWN}
12-08 16:31:22.104 D/SpnOverride( 2509): No SPN in OEM image = /oem/telephony/spn-conf.xml Load SPN from system image
12-08 16:31:22.106 W/SpnOverride( 2509): Can not open /system/etc/spn-conf.xml
12-08 16:31:22.106 D/IsimUiccRecords( 2509): [ISIM] IsimUiccRecords X ctor this=IsimUiccRecords: mDestroyed=false mContext=com.android.phone.PhoneGlobals@69763d6 mCi=com.android.internal.telephony.motoOmap4RIL@10a05db mFh=Handler (com.android.internal.telephony.uicc.IsimFileHandler) {3300774} mParentApp=com.android.internal.telephony.uicc.UiccCardApplication@570b49d mSpnOverride=mSpnOverride recordsLoadedRegistrants=android.os.RegistrantList@672ed12 mImsiReadyRegistrants=android.os.RegistrantList@1169ce3 mRecordsEventsRegistrants=android.os.RegistrantList@50026e0 mNewSmsRegistrants=android.os.RegistrantList@e28fd99 mNetworkSelectionModeAutomaticRegistrants=android.os.RegistrantList@20ec85e recordsToLoad=0 adnCache=null recordsRequested=false iccid=null msisdnTag=null voiceMailNum=null voiceMailTag=null newVoiceMailNum=null newVoiceMailTag=null isVoiceMailFixed=false mncLength=-1 mailboxIndex=0 spn=null
12-08 16:31:22.108 I/use-Rlog/RLOG-RIL-MX( 247): Read Ch7 << 0378+CLCK:ERROR=11
12-08 16:31:22.108 D/use-Rlog/RLOG-RILMM( 247): RILMM_SIM_Send_onRequestComplete_to_Apps +
12-08 16:31:22.108 D/use-Rlog/RLOG-RILMM( 247): RILMM_SIM_Send_onRequestComplete_to_Apps -
12-08 16:31:22.108 I/use-Rlog/RLOG-RIL-MOD( 247): onReqComp: Ch7 process reqCode = 42
12-08 16:31:22.108 I/use-Rlog/RLOG-RIL-MX( 247): Ch7 > 0379AT+CLCK=2,2,a0000003431002f310ffff89020000ff
12-08 16:31:22.108 I/use-Rlog/RLOG-RIL-MX( 247):
12-08 16:31:22.109 D/RilRequest( 2509): [3667]< QUERY_FACILITY_LOCK error: com.android.internal.telephony.CommandException: GENERIC_FAILURE ret={-1}
12-08 16:31:22.117 D/CAT ( 2509): CatService: registerForRecordsLoaded slotid=0 instance:Handler (com.android.internal.telephony.cat.CatService) {a8c55b}
12-08 16:31:22.118 D/CAT ( 2509): CatService: Running CAT service on Slotid: 0. STK app installed:true
12-08 16:31:22.118 D/UiccCard( 2509): Before privilege rules: null : CARDSTATE_PRESENT
12-08 16:31:22.119 D/UiccCard( 2509): update: radioState=RADIO_ON mLastRadioState=RADIO_UNAVAILABLE
12-08 16:31:22.119 D/UiccController( 2509): Notifying IccChangedRegistrants
12-08 16:31:22.146 I/use-Rlog/RLOG-RIL-MX( 247): Read Ch7 << 0379+CLCK:ERROR=11
12-08 16:31:22.146 D/use-Rlog/RLOG-RILMM( 247): RILMM_SIM_Send_onRequestComplete_to_Apps +
12-08 16:31:22.146 D/use-Rlog/RLOG-RILMM( 247): RILMM_SIM_Send_onRequestComplete_to_Apps -
12-08 16:31:22.147 D/RilRequest( 2509): [3669]< QUERY_FACILITY_LOCK error: com.android.internal.telephony.CommandException: GENERIC_FAILURE ret={-1}
12-08 16:31:22.147 D/SubscriptionController( 2509): [getSubId]- sSlotIdxToSubId.size == 0, return DummySubIds slotIdx=0
12-08 16:31:22.147 D/DCT ( 2509): [0]getDataOnRoamingEnabled: phoneSubId=-2 isDataRoamingEnabled=true
12-08 16:31:22.147 D/SubscriptionController( 2509): [getSubId]- sSlotIdxToSubId.size == 0, return DummySubIds slotIdx=0
12-08 16:31:22.148 D/DCT ( 2509): [0]getDataOnRoamingEnabled: phoneSubId=-2 isDataRoamingEnabled=true
12-08 16:31:22.148 D/SubscriptionController( 2509): [getSubId]- sSlotIdxToSubId.size == 0, return DummySubIds slotIdx=0
12-08 16:31:22.148 D/DCT ( 2509): [0]getDataOnRoamingEnabled: phoneSubId=-2 isDataRoamingEnabled=true
12-08 16:31:22.148 D/RILJ ( 2509): [3671]> RIL_REQUEST_QUERY_TTY_MODE [SUB0]
12-08 16:31:22.150 D/SubscriptionController( 2509): [getSubId]- sSlotIdxToSubId.size == 0, return DummySubIds slotIdx=0
12-08 16:31:22.153 D/use-Rlog/RLOG-RILMM( 247): RILMM_CC_onRequest +
12-08 16:31:22.153 D/use-Rlog/RLOG-RILMM( 247): RILMM_MAIN_send_request Sending Request with token = 710
12-08 16:31:22.153 I/use-Rlog/RLOG-RIL-MAIN( 247): onReq: reqCode = 81, dataLen = 0
12-08 16:31:22.153 D/use-Rlog/RLOG-RILMM( 247): RILMM_CC_onRequest -
12-08 16:31:22.154 I/use-Rlog/RLOG-RIL-MX( 247): Ch1 > 0380AT+TTY?
12-08 16:31:22.154 D/DCT ( 2509): [0]getDataOnRoamingEnabled: phoneSubId=-2 isDataRoamingEnabled=true
12-08 16:31:22.154 D/SubscriptionController( 2509): [getSubId]- sSlotIdxToSubId.size == 0, return DummySubIds slotIdx=0
12-08 16:31:22.155 D/DCT ( 2509): [0]getDataOnRoamingEnabled: phoneSubId=-2 isDataRoamingEnabled=true
12-08 16:31:22.155 D/SubscriptionController( 2509): [getSubId]- sSlotIdxToSubId.size == 0, return DummySubIds slotIdx=0
12-08 16:31:22.155 D/DCT ( 2509): [0]getDataOnRoamingEnabled: phoneSubId=-2 isDataRoamingEnabled=true
12-08 16:31:22.155 D/SubscriptionController( 2509): [getSubId]- sSlotIdxToSubId.size == 0, return DummySubIds slotIdx=0
12-08 16:31:22.157 D/DCT ( 2509): [0]getDataOnRoamingEnabled: phoneSubId=-2 isDataRoamingEnabled=true
12-08 16:31:22.157 D/SubscriptionController( 2509): [getSubId]- sSlotIdxToSubId.size == 0, return DummySubIds slotIdx=0
12-08 16:31:22.157 D/DCT ( 2509): [0]getDataOnRoamingEnabled: phoneSubId=-2 isDataRoamingEnabled=true
12-08 16:31:22.158 D/SubscriptionController( 2509): [getSubId]- sSlotIdxToSubId.size == 0, return DummySubIds slotIdx=0
12-08 16:31:22.158 D/DCT ( 2509): [0]getDataOnRoamingEnabled: phoneSubId=-2 isDataRoamingEnabled=true
12-08 16:31:22.158 D/SubscriptionController( 2509): [getSubId]- sSlotIdxToSubId.size == 0, return DummySubIds slotIdx=0
12-08 16:31:22.158 D/DCT ( 2509): [0]getDataOnRoamingEnabled: phoneSubId=-2 isDataRoamingEnabled=true
12-08 16:31:22.158 D/SubscriptionController( 2509): [getSubId]- sSlotIdxToSubId.size == 0, return DummySubIds slotIdx=0
12-08 16:31:22.158 D/DCT ( 2509): [0]getDataOnRoamingEnabled: phoneSubId=-2 isDataRoamingEnabled=true
12-08 16:31:22.158 D/SubscriptionController( 2509): [getSubId]- sSlotIdxToSubId.size == 0, return DummySubIds slotIdx=0
12-08 16:31:22.158 D/DCT ( 2509): [0]getDataOnRoamingEnabled: phoneSubId=-2 isDataRoamingEnabled=true
12-08 16:31:22.159 D/SubscriptionController( 2509): [getSubId]- sSlotIdxToSubId.size == 0, return DummySubIds slotIdx=0
12-08 16:31:22.159 D/DCT ( 2509): [0]getDataOnRoamingEnabled: phoneSubId=-2 isDataRoamingEnabled=true
12-08 16:31:22.159 D/SubscriptionController( 2509): [getSubId]- sSlotIdxToSubId.size == 0, return DummySubIds slotIdx=0
12-08 16:31:22.159 D/DCT ( 2509): [0]getDataOnRoamingEnabled: phoneSubId=-2 isDataRoamingEnabled=true
12-08 16:31:22.159 D/SubscriptionController( 2509): [getSubId]- sSlotIdxToSubId.size == 0, return DummySubIds slotIdx=0
12-08 16:31:22.159 D/DCT ( 2509): [0]getDataOnRoamingEnabled: phoneSubId=-2 isDataRoamingEnabled=true
12-08 16:31:22.160 D/SubscriptionController( 2509): [getSubId]- sSlotIdxToSubId.size == 0, return DummySubIds slotIdx=0
12-08 16:31:22.160 D/DCT ( 2509): [0]getDataOnRoamingEnabled: phoneSubId=-2 isDataRoamingEnabled=true
12-08 16:31:22.160 D/SubscriptionController( 2509): [getSubId]- sSlotIdxToSubId.size == 0, return DummySubIds slotIdx=0
12-08 16:31:22.160 D/DCT ( 2509): [0]getDataOnRoamingEnabled: phoneSubId=-2 isDataRoamingEnabled=true
12-08 16:31:22.160 D/SubscriptionController( 2509): [getSubId]- sSlotIdxToSubId.size == 0, return DummySubIds slotIdx=0
12-08 16:31:22.160 D/DCT ( 2509): [0]getDataOnRoamingEnabled: phoneSubId=-2 isDataRoamingEnabled=true
12-08 16:31:22.160 D/SubscriptionController( 2509): [getSubId]- sSlotIdxToSubId.size == 0, return DummySubIds slotIdx=0
12-08 16:31:22.160 D/DCT ( 2509): [0]getDataOnRoamingEnabled: phoneSubId=-2 isDataRoamingEnabled=true
12-08 16:31:22.160 D/SubscriptionController( 2509): [getSubId]- sSlotIdxToSubId.size == 0, return DummySubIds slotIdx=0
12-08 16:31:22.160 D/DCT ( 2509): [0]getDataOnRoamingEnabled: phoneSubId=-2 isDataRoamingEnabled=true
12-08 16:31:22.161 D/SubscriptionController( 2509): [getSubId]- sSlotIdxToSubId.size == 0, return DummySubIds slotIdx=0
12-08 16:31:22.161 D/DCT ( 2509): [0]getDataOnRoamingEnabled: phoneSubId=-2 isDataRoamingEnabled=true
12-08 16:31:22.161 D/SubscriptionController( 2509): [getSubId]- sSlotIdxToSubId.size == 0, return DummySubIds slotIdx=0
12-08 16:31:22.161 D/DCT ( 2509): [0]getDataOnRoamingEnabled: phoneSubId=-2 isDataRoamingEnabled=true
12-08 16:31:22.161 D/SubscriptionController( 2509): [getSubId]- sSlotIdxToSubId.size == 0, return DummySubIds slotIdx=0
12-08 16:31:22.161 D/DCT ( 2509): [0]getDataOnRoamingEnabled: phoneSubId=-2 isDataRoamingEnabled=true
12-08 16:31:22.162 D/SubscriptionController( 2509): [getSubId]- sSlotIdxToSubId.size == 0, return DummySubIds slotIdx=0
12-08 16:31:22.162 D/DCT ( 2509): [0]getDataOnRoamingEnabled: phoneSubId=-2 isDataRoamingEnabled=true
12-08 16:31:22.162 D/SubscriptionController( 2509): [getSubId]- sSlotIdxToSubId.size == 0, return DummySubIds slotIdx=0
12-08 16:31:22.162 D/DCT ( 2509): [0]getDataOnRoamingEnabled: phoneSubId=-2 isDataRoamingEnabled=true
12-08 16:31:22.162 D/SubscriptionController( 2509): [getSubId]- sSlotIdxToSubId.size == 0, return DummySubIds slotIdx=0
12-08 16:31:22.162 D/DCT ( 2509): [0]getDataOnRoamingEnabled: phoneSubId=-2 isDataRoamingEnabled=true
12-08 16:31:22.162 D/SubscriptionController( 2509): [getSubId]- sSlotIdxToSubId.size == 0, return DummySubIds slotIdx=0
12-08 16:31:22.163 D/DCT ( 2509): [0]getDataOnRoamingEnabled: phoneSubId=-2 isDataRoamingEnabled=true
12-08 16:31:22.163 E/GSMPhone( 2509): Received message { when=-3s615ms what=35 obj=android.os.AsyncResult@35ff1f8 target=com.android.internal.telephony.gsm.GSMPhone }[35] while being destroyed. Ignoring.
12-08 16:31:22.163 E/GSMPhone( 2509): Received message { when=-3s615ms what=37 obj=android.os.AsyncResult@963c6d1 target=com.android.internal.telephony.gsm.GSMPhone }[37] while being destroyed. Ignoring.
12-08 16:31:22.163 E/GSMPhone( 2509): Received message { when=-3s608ms what=9 obj=android.os.AsyncResult@cb58536 target=com.android.internal.telephony.gsm.GSMPhone }[9] while being destroyed. Ignoring.
12-08 16:31:22.163 D/PhoneProxy( 2509): [PhoneProxy] EVENT_REQUEST_VOICE_RADIO_TECH_DONE: newVoiceTech=6
12-08 16:31:22.163 D/PhoneProxy( 2509): [PhoneProxy] phoneObjectUpdater: newVoiceRadioTech=6
12-08 16:31:22.163 D/TelephonyManager( 2509): getLteOnCdmaMode=1 curVal=1 product_type='' lteOnCdmaProductType=''
12-08 16:31:22.163 D/PhoneProxy( 2509): [PhoneProxy] phoneObjectUpdater: LTE ON CDMA property is set. Use CDMA Phone newVoiceRadioTech=6 mActivePhone=CDMA
12-08 16:31:22.163 E/GSMPhone( 2509): Received message { when=-3s601ms what=10 obj=android.os.AsyncResult@5a45c37 target=com.android.internal.telephony.gsm.GSMPhone }[10] while being destroyed. Ignoring.
12-08 16:31:22.163 E/GSMPhone( 2509): Received message { when=-3s420ms what=6 obj=android.os.AsyncResult@49e35a4 target=com.android.internal.telephony.gsm.GSMPhone }[6] while being destroyed. Ignoring.
12-08 16:31:22.163 D/DctController( 2509): handleMessage msg={ when=-2s930ms what=107 target=com.android.internal.telephony.dataconnection.DctController }
12-08 16:31:22.163 D/DctController( 2509): onSubInfoReady mPhoneNum=1
12-08 16:31:22.163 D/SubscriptionController( 2509): [getSubId]- sSlotIdxToSubId.size == 0, return DummySubIds slotIdx=0
12-08 16:31:22.163 D/DctController( 2509): onSubInfoReady handle pending requests subId=-2
12-08 16:31:22.164 D/SubscriptionController( 2509): [getSubId]- sSlotIdxToSubId.size == 0, return DummySubIds slotIdx=0
12-08 16:31:22.164 D/DctController( 2509): [TNF -2]evalPendingRequest, pending request size is 0
12-08 16:31:22.164 D/DctController( 2509): processRequests
12-08 16:31:22.168 D/SubscriptionController( 2509): [getPhoneId]- invalid subId return=-1
12-08 16:31:22.170 D/SubscriptionController( 2509): [getSubId]- sSlotIdxToSubId.size == 0, return DummySubIds slotIdx=0
12-08 16:31:22.173 E/GsmSST ( 2509): Received message { when=-1s152ms what=12 obj=android.os.AsyncResult@c8cff0d target=com.android.internal.telephony.gsm.GsmServiceStateTracker }[12] while being destroyed. Ignoring.
12-08 16:31:22.173 E/GsmSST ( 2509): Received message { when=-1s77ms what=11 obj=android.os.AsyncResult@eccbec2 target=com.android.internal.telephony.gsm.GsmServiceStateTracker }[11] while being destroyed. Ignoring.
12-08 16:31:22.174 D/SubscriptionController( 2509): [getSubId]- sSlotIdxToSubId.size == 0, return DummySubIds slotIdx=0
12-08 16:31:22.178 I/use-Rlog/RLOG-RIL-MX( 247): Read Ch1 << 0380+TTY=0
12-08 16:31:22.178 I/use-Rlog/RLOG-RIL-RDS( 247): parseTtyMode: Unsol notif to Audio HAL, ttyMode = 0
12-08 16:31:22.178 D/use-Rlog/RLOG-RILMM( 247): RILMM_CC_CDMA_onRequestComplete +
12-08 16:31:22.178 D/use-Rlog/RLOG-RILMM( 247): RILMM_CC_CDMA_onRequestComplete -
12-08 16:31:22.178 D/RILJ ( 2509): [3671]< RIL_REQUEST_QUERY_TTY_MODE {0} [SUB0]
12-08 16:31:22.187 E/GsmSST ( 2509): Received message { when=-915ms what=12 obj=android.os.AsyncResult@b5884d3 target=com.android.internal.telephony.gsm.GsmServiceStateTracker }[12] while being destroyed. Ignoring.
12-08 16:31:22.187 E/GsmSST ( 2509): Received message { when=-842ms what=11 obj=android.os.AsyncResult@b5b0810 target=com.android.internal.telephony.gsm.GsmServiceStateTracker }[11] while being destroyed. Ignoring.
12-08 16:31:22.187 D/GsmSST ( 2509): [GsmSST] SubscriptionListener.onSubscriptionInfoChanged
12-08 16:31:22.187 D/SubscriptionController( 2509): [getSubId]- sSlotIdxToSubId.size == 0, return DummySubIds slotIdx=0
12-08 16:31:22.188 D/DCT ( 2509): [0]SubscriptionListener.onSubscriptionInfoChanged
12-08 16:31:22.188 D/SubscriptionController( 2509): [getSubId]- sSlotIdxToSubId.size == 0, return DummySubIds slotIdx=0
12-08 16:31:22.254 D/SubscriptionController( 2509): [getSubId]- sSlotIdxToSubId.size == 0, return DummySubIds slotIdx=0
12-08 16:31:22.255 D/DCT ( 2509): [0]handleMessage msg={ when=-887ms what=270377 obj=android.os.AsyncResult@81c9b2f target=com.android.internal.telephony.dataconnection.DcTracker }
12-08 16:31:22.255 E/DCT ( 2509): [0]handleMessage: Ignore GSM msgs since GSM phone is inactive
12-08 16:31:22.255 E/GsmSST ( 2509): Received message { when=-872ms what=11 obj=android.os.AsyncResult@d0953c target=com.android.internal.telephony.gsm.GsmServiceStateTracker }[11] while being destroyed. Ignoring.
12-08 16:31:22.255 D/CDMALTEPhone( 2509): New Uicc application found
12-08 16:31:22.255 D/PhoneBase( 2509): config LCE service failed: com.android.internal.telephony.CommandException: REQUEST_NOT_SUPPORTED
12-08 16:31:22.255 D/CdmaSST ( 2509): [CdmaLteSST] handleMessage: 42
12-08 16:31:22.255 D/CdmaSST ( 2509): [CdmaLteSST] Removing stale icc objects.
12-08 16:31:22.255 D/CdmaSST ( 2509): [CdmaLteSST] unregisterForRuimEvents
12-08 16:31:22.255 D/CdmaSST ( 2509): [CdmaLteSST] New card found
12-08 16:31:22.255 D/CdmaSST ( 2509): [CdmaLteSST] registerForRuimEvents
12-08 16:31:22.255 D/UiccCardApplication( 2509): Notifying 1 registrant: READY
12-08 16:31:22.255 E/GsmSST ( 2509): Received message { when=-800ms what=11 obj=android.os.AsyncResult@eb002c5 target=com.android.internal.telephony.gsm.GsmServiceStateTracker }[11] while being destroyed. Ignoring.
12-08 16:31:22.255 D/CdmaSST ( 2509): [CdmaLteSST] SubscriptionListener.onSubscriptionInfoChanged
12-08 16:31:22.256 D/SubscriptionController( 2509): [getSubId]- sSlotIdxToSubId.size == 0, return DummySubIds slotIdx=0
12-08 16:31:22.256 D/CdmaSST ( 2509): [CdmaLteSST] handleMessage: 1
12-08 16:31:22.256 D/CdmaSSM ( 2509): getcdmasubscriptionSource: 0
12-08 16:31:22.256 D/CdmaSST ( 2509): [CdmaLteSST] Subscription Source : 0
12-08 16:31:22.256 D/CdmaSST ( 2509): [CdmaLteSST] isFromRuim: true
12-08 16:31:22.256 D/CdmaSST ( 2509): [CdmaLteSST] Storing cdma subscription source: 0
12-08 16:31:22.257 D/CdmaSST ( 2509): [CdmaLteSST] Read from settings: 0
12-08 16:31:22.257 D/CdmaSST ( 2509): [CdmaLteSST] registerForRuimEvents
12-08 16:31:22.257 D/RILJ ( 2509): [3672]> OPERATOR [SUB0]
12-08 16:31:22.259 D/use-Rlog/RLOG-RILMM( 247): util_get_cdmagsm_ril_modem_mode Modem mode = 1
12-08 16:31:22.259 V/RILJ ( 2509): motoOmap4RIL: Operator response
12-08 16:31:22.259 D/RILJ ( 2509): [3672]< OPERATOR {null, null, 31000, null, null, null} [SUB0]
12-08 16:31:22.260 D/RILJ ( 2509): [3673]> VOICE_REGISTRATION_STATE [SUB0]
12-08 16:31:22.261 D/use-Rlog/RLOG-RILMM( 247): util_get_cdmagsm_ril_modem_mode Modem mode = 1
12-08 16:31:22.261 D/use-Rlog/RLOG-RILMM( 247): send_cdma_reg_state_onRequestComplete +
12-08 16:31:22.262 D/use-Rlog/RLOG-RILMM( 247): send_cdma_reg_state_onRequestComplete selected_rat = 2
12-08 16:31:22.262 D/use-Rlog/RLOG-RILMM( 247): send_cdma_reg_state +
12-08 16:31:22.262 D/use-Rlog/RLOG-RILMM( 247): send_cdma_reg_state -
12-08 16:31:22.262 D/use-Rlog/RLOG-RILMM( 247): send_cdma_reg_state_onRequestComplete -
12-08 16:31:22.262 V/RILJ ( 2509): motoOmap4RIL: VoiceRegistrationState response
12-08 16:31:22.262 D/RILJ ( 2509): [3673]< VOICE_REGISTRATION_STATE {5, 0, 0, 0, 3203, 0, 0, 0, 21, 3, 64, 1, 64, 0} [SUB0]
12-08 16:31:22.263 D/RILJ ( 2509): [3674]> DATA_REGISTRATION_STATE [SUB0]
12-08 16:31:22.264 D/use-Rlog/RLOG-RILMM( 247): util_get_cdmagsm_ril_modem_mode Modem mode = 1
12-08 16:31:22.264 D/RilRequest( 2509): [3674]< DATA_REGISTRATION_STATE error: com.android.internal.telephony.CommandException: GENERIC_FAILURE ret=
12-08 16:31:22.266 D/CdmaSST ( 2509): [CdmaLteSST] handleMessage: 11
12-08 16:31:22.266 D/CdmaSST ( 2509): [CdmaLteSST] NITZ: 15/12/08,21:31:39-20,0,361163 start=361974 delay=811
12-08 16:31:22.267 D/CdmaSST ( 2509): [CdmaLteSST] NITZ: tzOffset=-18000000 dst=0 zone=NULL iso= mGotCountryCode=false mNeedFixZone=true
