12-08 16:31:40.711 D/use-Rlog/RLOG-RILMM( 247): RILMM_MM_GetOperatorCDMA_onRequestComplete -
12-08 16:31:40.711 I/use-Rlog/RLOG-RIL-MOD( 247): onReqComp: Ch0 process reqCode = 22
12-08 16:31:40.711 I/use-Rlog/RLOG-RIL-MX( 247): Ch0 > 0389AT+COPS?
12-08 16:31:40.718 D/CdmaSST ( 2509): [CdmaLteSST] NITZ: ignore, a previous update was 874ms ago and gained=-560ms
12-08 16:31:40.718 D/CdmaSST ( 2509): [CdmaLteSST] NITZ: end=362884 dur=10
12-08 16:31:40.734 D/CdmaSST ( 2509): [CdmaLteSST] handleMessage: 25
12-08 16:31:40.734 D/CdmaSST ( 2509): [CdmaLteSST] handleMessage: 24
12-08 16:31:40.748 I/use-Rlog/RLOG-RIL-MX( 247): Read Ch7 << 0387+CRSM=144,0,000000062f05040001004404020000
12-08 16:31:40.748 D/use-Rlog/RLOG-RILMM( 247): RILMM_SIM_Send_onRequestComplete_to_Apps +
12-08 16:31:40.748 D/use-Rlog/RLOG-RILMM( 247): RILMM_SIM_Send_onRequestComplete_to_Apps -
12-08 16:31:40.748 I/use-Rlog/RLOG-RIL-MOD( 247): onReqComp: Ch7 process reqCode = 28
12-08 16:31:40.748 I/use-Rlog/RLOG-RIL-MX( 247): Ch7 > 0390AT+CRSM=192,28474,0,0,15,,3F007FFF,,,a0000003431002f310ffff89020000ff
12-08 16:31:40.748 I/use-Rlog/RLOG-RIL-MX( 247):
12-08 16:31:40.749 D/RILJ ( 2509): [3699]< SIM_IO IccIoResponse sw1:0x90 sw2:0x0 [SUB0]
12-08 16:31:40.760 D/PHONE ( 2509): [ServiceState] setVoiceRegState=0
12-08 16:31:40.760 E/PHONE ( 2509): [ServiceState] setState deprecated use setVoiceRegState()
12-08 16:31:40.760 D/RILJ ( 2509): [3714]> iccIO: SIM_IO 0xb0 0x2fe2 path: 3F00,0,0,10 aid: A0000000871002F310FFFF89080000FF [SUB0]
12-08 16:31:40.766 D/CdmaSST ( 2509): [CdmaLteSST] handleMessage: 5
12-08 16:31:40.766 D/CdmaSST ( 2509): [CdmaLteSST] handleMessage EVENT_POLL_STATE_GPRS
12-08 16:31:40.767 D/use-Rlog/RLOG-RILMM( 247): RILMM_SIM_SimIO_onRequest +
12-08 16:31:40.767 D/use-Rlog/RLOG-RILMM( 247): RILMM_SIM_SimIO_onRequest Reading aid from SIM_IO Req
12-08 16:31:40.767 D/use-Rlog/RLOG-RILMM( 247): RILMM_SIM_SimIO_onRequest Sending req to LTE Modem- RIL_VERSION: 6
12-08 16:31:40.767 D/use-Rlog/RLOG-RILMM( 247): RILMM_SIM_SendRequesttoLTE +
12-08 16:31:40.767 D/use-Rlog/RLOG-RILMM( 247): RILMM_MAIN_send_request Sending Request with token = 752
12-08 16:31:40.767 D/use-Rlog/RLOG-RIL-LTE( 247): RILM_SIM_SimIO_onRequest +
12-08 16:31:40.767 D/use-Rlog/RLOG-RIL-LTE( 247): RILM_SIM_SimIO_onRequest Reading aid from SIM_IO Request
12-08 16:31:40.767 D/use-Rlog/RLOG-RIL-LTE( 247): is_input_ril_sim_io_valid is_input_ril_sim_io_valid = 0
12-08 16:31:40.767 D/use-Rlog/RLOG-RIL-LTE( 247): RILM_SIM_SimIO_onRequest Received AID. RIL_VERSION: 6
12-08 16:31:40.767 D/use-Rlog/RLOG-RIL-LTE( 247): perform_io_command perform_io_command 176
12-08 16:31:40.767 D/use-Rlog/RLOG-RIL-LTE( 247): RILM_SIM_SimIO_onRequest -
12-08 16:31:40.768 D/use-Rlog/RLOG-RILMM( 247): RILMM_SIM_SendRequesttoLTE -
12-08 16:31:40.768 D/use-Rlog/RLOG-RILMM( 247): RILMM_SIM_SimIO_onRequest -
12-08 16:31:40.771 E/CdmaSST ( 2509): [CdmaLteSST] handlePollStateResult: RIL returned an error where it must succeedcom.android.internal.telephony.CommandException: GENERIC_FAILURE
12-08 16:31:40.772 D/CdmaSST ( 2509): [CdmaLteSST] Turn off roaming indicator if !isPrlLoaded or voice RAT is unknown
12-08 16:31:40.772 D/CdmaSST ( 2509): [CdmaLteSST] Set CDMA Roaming Indicator to: 1. voiceRoaming = false. dataRoaming = false, isPrlLoaded = false. namMatch = false , mIsInPrl = true, mRoamingIndicator = 64, mDefaultRoamingIndicator= 64
12-08 16:31:40.773 D/SubscriptionController( 2509): [getSubId]- sSlotIdxToSubId.size == 0, return DummySubIds slotIdx=0
12-08 16:31:40.775 D/CdmaSST ( 2509): [CdmaLteSST] pollStateDone: lte 1 ss=[1 1 voice home data home null null null null null null Unknown Unknown CSS not supported 0 0 RoamInd=0 DefRoamInd=0 EmergOnly=false IsDataRoamingFromRegistration=false] newSS=[0 1 voice home data home null null 31000 null null 31000 Unknown Unknown CSS not supported 3 21 RoamInd=1 DefRoamInd=64 EmergOnly=false IsDataRoamingFromRegistration=false]
12-08 16:31:40.775 D/CdmaSST ( 2509): [CdmaLteSST] pollStateDone: hasRegistered=true hasDeegistered=false hasCdmaDataConnectionAttached=false hasCdmaDataConnectionDetached=false hasCdmaDataConnectionChanged=false hasVoiceRadioTechnologyChanged= false hasDataRadioTechnologyChanged=false hasChanged=true hasVoiceRoamingOn=false hasVoiceRoamingOff=false hasDataRoamingOn=false hasDataRoamingOff=false hasLocationChanged=true has4gHandoff = false hasMultiApnSupport=false hasLostMultiApnSupport=false
12-08 16:31:40.775 D/PHONE ( 2509): [ServiceState] setNullState=1
12-08 16:31:40.775 D/PHONE ( 2509): [ServiceState] setNullState=1
12-08 16:31:40.775 D/TelephonyManager( 2509): setTelephonyProperty: success phoneId=0 property=gsm.operator.alpha value: propVal=
12-08 16:31:40.779 D/TelephonyManager( 2509): setTelephonyProperty: success phoneId=0 property=gsm.operator.numeric value: 31000 propVal=31000
12-08 16:31:40.780 D/CdmaSST ( 2509): [CdmaLteSST] update mccmnc=31000 fromServiceState=true
12-08 16:31:40.782 D/SubscriptionController( 2509): [getPhoneId]- no sims, returning default phoneId=2147483647
12-08 16:31:40.787 I/use-Rlog/RLOG-RIL-SPLT( 247): >> MIN1 len=9, min1=2279095
12-08 16:31:40.787 I/use-Rlog/RLOG-RIL-SPLT( 247): << MIN2 numLoops=2
12-08 16:31:40.789 D/TelephonyManager( 2509): setTelephonyProperty: success phoneId=0 property=gsm.operator.iso-country value: us propVal=us
12-08 16:31:40.824 I/use-Rlog/RLOG-RIL-MX( 247): Read Ch0 << 0389+COPS=0,,,31000
12-08 16:31:40.824 D/use-Rlog/RLOG-RILMM( 247): RILMM_MM_GetOperatorCDMA_onRequestComplete +
12-08 16:31:40.824 D/use-Rlog/RLOG-RILMM( 247): RILMM_MM_GetOperatorCDMA_onRequestComplete MCC:310
12-08 16:31:40.824 D/use-Rlog/RLOG-RILMM( 247): send_cdma_operator_info +
12-08 16:31:40.824 D/use-Rlog/RLOG-RILMM( 247): send_cdma_operator_info -
12-08 16:31:40.824 D/use-Rlog/RLOG-RILMM( 247): store_operator_info Storing OperatorInfo: {(null), (null), 31000, (null), (null), (null)}
12-08 16:31:40.824 D/use-Rlog/RLOG-RILMM( 247): send_oem_get_cdma_system_info +
12-08 16:31:40.824 D/use-Rlog/RLOG-RILMM( 247): RILMM_MAIN_send_request Sending Request with token = 753
12-08 16:31:40.824 I/use-Rlog/RLOG-RIL-MAIN( 247): onReq: reqCode = 59, dataLen = 8
12-08 16:31:40.824 D/use-Rlog/RLOG-RILMM( 247): send_oem_get_cdma_system_info -
12-08 16:31:40.824 D/use-Rlog/RLOG-RILMM( 247): RILMM_MM_GetOperatorCDMA_onRequestComplete -
12-08 16:31:40.824 I/use-Rlog/RLOG-RIL-MOD( 247): onReqComp: Ch0 process reqCode = 59
12-08 16:31:40.824 I/use-Rlog/RLOG-RIL-MX( 247): Ch0 > 0392AT+CREG?
12-08 16:31:40.845 D/TelephonyManager( 2509): setTelephonyProperty: success phoneId=0 property=gsm.operator.idpstring value: 011 propVal=011
12-08 16:31:40.847 D/CdmaSST ( 2509): [CdmaLteSST] shouldFixTimeZoneNow: retVal=true iccCardExist=true operatorNumeric=31000 mcc=310 prevOperatorNumeric= prevMcc=311 needToFixTimeZone=true ltod=12-08 16:31:40.846
12-08 16:31:40.847 D/CdmaSST ( 2509): [CdmaLteSST] fixTimeZone zoneName='America/New_York' mZoneOffset=-18000000 mZoneDst=false iso-cc='us' iso-cc-idx=-21
12-08 16:31:40.863 I/use-Rlog/RLOG-RIL-MX( 247): Read Ch7 << 0390+CRSM=144,0,000000046f3a040001004404020000
12-08 16:31:40.863 D/use-Rlog/RLOG-RILMM( 247): RILMM_SIM_Send_onRequestComplete_to_Apps +
12-08 16:31:40.863 D/use-Rlog/RLOG-RILMM( 247): RILMM_SIM_Send_onRequestComplete_to_Apps -
12-08 16:31:40.863 I/use-Rlog/RLOG-RIL-MOD( 247): onReqComp: Ch7 process reqCode = 28
12-08 16:31:40.863 I/use-Rlog/RLOG-RIL-MX( 247): Ch7 > 0393AT+CRSM=192,28481,0,0,15,,3F007FFF,,,a0000003431002f310ffff89020000ff
12-08 16:31:40.863 I/use-Rlog/RLOG-RIL-MX( 247):
12-08 16:31:40.864 D/RILJ ( 2509): [3700]< SIM_IO IccIoResponse sw1:0x90 sw2:0x0 [SUB0]
12-08 16:31:40.900 I/use-Rlog/RLOG-RIL-SPLT( 247): >>MIN2 len=5, min2=339
12-08 16:31:40.900 I/use-Rlog/RLOG-RIL-SPLT( 247): << SID/NID numLoops=3
12-08 16:31:40.907 D/CdmaSST ( 2509): [CdmaLteSST] fixTimeZone: using getTimeZone(off, dst, time, iso)
12-08 16:31:40.907 D/CdmaSST ( 2509): [CdmaLteSST] fixTimeZone: zone != null zone.getID=America/New_York
12-08 16:31:40.908 D/CdmaSST ( 2509): [CdmaLteSST] setAndBroadcastNetworkSetTimeZone: setTimeZone=America/New_York
12-08 16:31:40.918 D/TelephonyManager( 2509): setTelephonyProperty: success phoneId=0 property=gsm.operator.isroaming value: false propVal=false
12-08 16:31:40.930 D/SubscriptionController( 2509): [getSubId]- sSlotIdxToSubId.size == 0, return DummySubIds slotIdx=0
12-08 16:31:40.930 D/CdmaSST ( 2509): [CdmaLteSST] updateSpnDisplay: changed sending intent showPlmn='false' plmn='null' subId='-2'
12-08 16:31:40.940 I/use-Rlog/RLOG-RIL-MX( 247): Read Ch0 << 0392+CREG=5,5,3203,0,0,21,3,64,1,3,0080058000000000000ACD1A0076C65F/100,1
12-08 16:31:40.940 D/use-Rlog/RLOG-RILMM( 247): RILMM_MM_OEM_GetCDMASysInfo_onRequestComplete +
12-08 16:31:40.940 D/use-Rlog/RLOG-RILMM( 247): send_cdma_reg_state +
12-08 16:31:40.940 D/use-Rlog/RLOG-RILMM( 247): send_cdma_reg_state -
12-08 16:31:40.940 D/use-Rlog/RLOG-RILMM( 247): store_registration_state +
12-08 16:31:40.941 D/use-Rlog/RLOG-RILMM( 247): store_registration_state Storing RegInfo: {5, 0, 0, 13, 3203, 0, 0, 1, 21, 3, 64, 1, 64, 0}
12-08 16:31:40.941 D/use-Rlog/RLOG-RILMM( 247): store_registration_state -
12-08 16:31:40.941 D/use-Rlog/RLOG-RILMM( 247): determine_system_priority +
12-08 16:31:40.941 D/use-Rlog/RLOG-RILMM( 247): determine_system_priority -
12-08 16:31:40.941 D/use-Rlog/RLOG-RILMM( 247): RILMM_MM_OEM_GetCDMASysInfo_onRequestComplete -
12-08 16:31:40.941 I/use-Rlog/RLOG-RIL-MOD( 247): onReqComp: Ch0 process reqCode = 59
12-08 16:31:40.941 I/use-Rlog/RLOG-RIL-MX( 247): Ch0 > 0395AT+CREG?
12-08 16:31:40.981 D/SubscriptionController( 2509): [getSubId]- sSlotIdxToSubId.size == 0, return DummySubIds slotIdx=0
12-08 16:31:40.983 I/use-Rlog/RLOG-RIL-MX( 247): Read Ch0 << 0395+CREG=5,5,3203,0,0,21,3,64,1,3,0080058000000000000ACD1A0076C65F/100,1
12-08 16:31:40.983 D/use-Rlog/RLOG-RILMM( 247): RILMM_MM_OEM_GetCDMASysInfo_onRequestComplete +
12-08 16:31:40.983 D/use-Rlog/RLOG-RILMM( 247): send_cdma_reg_state +
12-08 16:31:40.983 D/use-Rlog/RLOG-RILMM( 247): send_cdma_reg_state -
12-08 16:31:40.983 D/use-Rlog/RLOG-RILMM( 247): store_registration_state +
12-08 16:31:40.983 D/use-Rlog/RLOG-RILMM( 247): store_registration_state Storing RegInfo: {5, 0, 0, 13, 3203, 0, 0, 1, 21, 3, 64, 1, 64, 0}
12-08 16:31:40.983 D/use-Rlog/RLOG-RILMM( 247): store_registration_state -
12-08 16:31:40.983 D/use-Rlog/RLOG-RILMM( 247): determine_system_priority +
12-08 16:31:40.983 D/use-Rlog/RLOG-RILMM( 247): determine_system_priority -
12-08 16:31:40.983 D/use-Rlog/RLOG-RILMM( 247): RILMM_MM_OEM_GetCDMASysInfo_onRequestComplete -
12-08 16:31:40.987 D/SubscriptionController( 2509): [getSubId]- sSlotIdxToSubId.size == 0, return DummySubIds slotIdx=0
12-08 16:31:40.992 D/SubscriptionController( 2509): [setPlmnSpn] No valid subscription to store info
12-08 16:31:40.993 D/SubscriptionController( 2509): notifySubscriptionInfoChanged:
12-08 16:31:41.002 D/CdmaSST ( 2509): [CdmaLteSST] Broadcasting ServiceState : 0 1 voice home data home null null 31000 null null 31000 Unknown Unknown CSS not supported 3 21 RoamInd=1 DefRoamInd=64 EmergOnly=false IsDataRoamingFromRegistration=false
12-08 16:31:41.002 D/SubscriptionController( 2509): [getSubId]- sSlotIdxToSubId.size == 0, return DummySubIds slotIdx=0
12-08 16:31:41.002 D/DefaultPhoneNotifier( 2509): nofityServiceState: mRegistry=com.android.internal.telephony.ITelephonyRegistry$Stub$Proxy@6c5e0f9 ss=0 1 voice home data home null null 31000 null null 31000 Unknown Unknown CSS not supported 3 21 RoamInd=1 DefRoamInd=64 EmergOnly=false IsDataRoamingFromRegistration=false sender=Handler (com.android.internal.telephony.cdma.CDMALTEPhone) {e766880} phondId=0 subId=-2
12-08 16:31:41.004 D/SubscriptionController( 2509): [getSlotId]- subId invalid
12-08 16:31:41.005 D/SubscriptionController( 2509): getSimStateForSlotIdx: simState=READY ordinal=5
12-08 16:31:41.005 D/SubscriptionManager( 1246): getSimStateForSubscriber: simState=5 slotIdx=0
12-08 16:31:41.005 D/TelephonyManager( 1246): getSimState: default sim:-1, sim state for slotIdx=0 is 5, return state as unknown
12-08 16:31:41.007 D/SubscriptionController( 2509): [getSubId]- sSlotIdxToSubId.size == 0, return DummySubIds slotIdx=0
12-08 16:31:41.007 D/TelephonyRegistry( 1246): notifyCellLocationForSubscriber: subId=-2 cellLocation=Bundle[mParcelledData.dataSize=216]
12-08 16:31:41.008 D/CdmaSST ( 2509): [CdmaLteSST] pollStateDone: hasRegistered=true hasDeregistered=false cidChanged=false mCellInfo=CellInfoLte:{mRegistered=YES mTimeStampType=unknown mTimeStamp=9223372036854775807ns CellIdentityLte:{ mMcc=2147483647 mMnc=2147483647 mCi=2147483647 mPci=2147483647 mTac=2147483647} CellSignalStrengthLte: ss=2147483647 rsrp=2147483647 rsrq=2147483647 rssnr=2147483647 cqi=2147483647 ta=2147483647}
12-08 16:31:41.008 D/SubscriptionController( 2509): [getSubId]- sSlotIdxToSubId.size == 0, return DummySubIds slotIdx=0
12-08 16:31:41.017 D/CdmaSST ( 2509): [CdmaLteSST] handleMessage: 14
12-08 16:31:41.017 D/CdmaSST ( 2509): [CdmaLteSST] EVENT_POLL_STATE_NETWORK_SELECTION_MODE
12-08 16:31:41.017 D/RILJ ( 2509): [3715]> iccIO: SIM_IO 0xb2 0x6f40 path: 3F007FFF,1,4,39 aid: A0000000871002F310FFFF89080000FF [SUB0]
12-08 16:31:41.020 D/use-Rlog/RLOG-RILMM( 247): RILMM_SIM_SimIO_onRequest +
12-08 16:31:41.020 D/use-Rlog/RLOG-RILMM( 247): RILMM_SIM_SimIO_onRequest Reading aid from SIM_IO Req
12-08 16:31:41.020 D/use-Rlog/RLOG-RILMM( 247): RILMM_SIM_SimIO_onRequest Sending req to LTE Modem- RIL_VERSION: 6
12-08 16:31:41.020 D/use-Rlog/RLOG-RILMM( 247): RILMM_SIM_SendRequesttoLTE +
12-08 16:31:41.020 D/use-Rlog/RLOG-RILMM( 247): RILMM_MAIN_send_request Sending Request with token = 754
12-08 16:31:41.020 D/use-Rlog/RLOG-RIL-LTE( 247): RILM_SIM_SimIO_onRequest +
12-08 16:31:41.020 D/use-Rlog/RLOG-RIL-LTE( 247): RILM_SIM_SimIO_onRequest Reading aid from SIM_IO Request
12-08 16:31:41.020 D/use-Rlog/RLOG-RIL-LTE( 247): is_input_ril_sim_io_valid is_input_ril_sim_io_valid = 0
12-08 16:31:41.020 D/use-Rlog/RLOG-RIL-LTE( 247): RILM_SIM_SimIO_onRequest Received AID. RIL_VERSION: 6
12-08 16:31:41.020 D/use-Rlog/RLOG-RIL-LTE( 247): perform_io_command perform_io_command 178
12-08 16:31:41.020 D/use-Rlog/RLOG-RIL-LTE( 247): RILM_SIM_SimIO_onRequest -
12-08 16:31:41.020 D/use-Rlog/RLOG-RILMM( 247): RILMM_SIM_SendRequesttoLTE -
12-08 16:31:41.020 D/use-Rlog/RLOG-RILMM( 247): RILMM_SIM_SimIO_onRequest -
12-08 16:31:41.021 D/CdmaSST ( 2509): [CdmaLteSST] handleMessage: 36
12-08 16:31:41.021 D/CdmaSST ( 2509): [CdmaLteSST] [CdmaServiceStateTracker] ERI file has been loaded, repolling.
12-08 16:31:41.021 D/RILJ ( 2509): [3716]> OPERATOR [SUB0]
12-08 16:31:41.021 I/use-Rlog/RLOG-RIL-MX( 247): Read Ch7 << 0393+CRSM=144,0,000000236f41040004004404020000
12-08 16:31:41.022 D/use-Rlog/RLOG-RILMM( 247): RILMM_SIM_Send_onRequestComplete_to_Apps +
12-08 16:31:41.022 D/use-Rlog/RLOG-RILMM( 247): RILMM_SIM_Send_onRequestComplete_to_Apps -
12-08 16:31:41.022 I/use-Rlog/RLOG-RIL-MOD( 247): onReqComp: Ch7 process reqCode = 28
12-08 16:31:41.022 I/use-Rlog/RLOG-RIL-MX( 247): Ch7 > 0396AT+CRSM=192,28484,0,0,15,,3F007FFF,,,a0000003431002f310ffff89020000ff
12-08 16:31:41.022 I/use-Rlog/RLOG-RIL-MX( 247):
12-08 16:31:41.022 D/RILJ ( 2509): [3701]< SIM_IO IccIoResponse sw1:0x90 sw2:0x0 [SUB0]
12-08 16:31:41.025 D/RILJ ( 2509): [3717]> VOICE_REGISTRATION_STATE [SUB0]
12-08 16:31:41.027 D/use-Rlog/RLOG-RILMM( 247): util_get_cdmagsm_ril_modem_mode Modem mode = 1
12-08 16:31:41.029 D/RILJ ( 2509): [3718]> DATA_REGISTRATION_STATE [SUB0]
12-08 16:31:41.030 D/use-Rlog/RLOG-RILMM( 247): util_get_cdmagsm_ril_modem_mode Modem mode = 1
12-08 16:31:41.030 D/use-Rlog/RLOG-RILMM( 247): send_cdma_reg_state_onRequestComplete +
12-08 16:31:41.030 D/use-Rlog/RLOG-RILMM( 247): send_cdma_reg_state_onRequestComplete selected_rat = 2
12-08 16:31:41.030 D/use-Rlog/RLOG-RILMM( 247): send_cdma_reg_state +
12-08 16:31:41.030 D/use-Rlog/RLOG-RILMM( 247): send_cdma_reg_state -
12-08 16:31:41.030 D/use-Rlog/RLOG-RILMM( 247): send_cdma_reg_state_onRequestComplete -
12-08 16:31:41.031 V/RILJ ( 2509): motoOmap4RIL: Operator response
12-08 16:31:41.031 D/RILJ ( 2509): [3716]< OPERATOR {null, null, 31000, null, null, null} [SUB0]
12-08 16:31:41.031 V/RILJ ( 2509): motoOmap4RIL: VoiceRegistrationState response
12-08 16:31:41.031 D/RILJ ( 2509): [3717]< VOICE_REGISTRATION_STATE {5, 0, 0, 0, 3203, 0, 0, 1, 21, 3, 64, 1, 64, 0} [SUB0]
12-08 16:31:41.036 D/use-Rlog/RLOG-RILMM( 247): util_get_cdmagsm_ril_modem_mode Modem mode = 1
12-08 16:31:41.037 D/RilRequest( 2509): [3718]< DATA_REGISTRATION_STATE error: com.android.internal.telephony.CommandException: GENERIC_FAILURE ret=
12-08 16:31:41.037 D/RILJ ( 2509): [3719]> iccIO: SIM_IO 0xb0 0x6fad path: 3F007FFF,0,0,4 aid: A0000000871002F310FFFF89080000FF [SUB0]
12-08 16:31:41.040 D/RILJ ( 2509): [3720]> iccIO: SIM_IO 0xb0 0x2fe2 path: 3F00,0,0,10 aid: a0000003431002f310ffff89020000ff [SUB0]
12-08 16:31:41.041 D/use-Rlog/RLOG-RILMM( 247): RILMM_SIM_SimIO_onRequest +
12-08 16:31:41.041 D/use-Rlog/RLOG-RILMM( 247): RILMM_SIM_SimIO_onRequest Reading aid from SIM_IO Req
12-08 16:31:41.041 D/use-Rlog/RLOG-RILMM( 247): RILMM_SIM_SimIO_onRequest Sending req to LTE Modem- RIL_VERSION: 6
12-08 16:31:41.041 D/use-Rlog/RLOG-RILMM( 247): RILMM_SIM_SendRequesttoLTE +
12-08 16:31:41.041 D/use-Rlog/RLOG-RILMM( 247): RILMM_MAIN_send_request Sending Request with token = 755
12-08 16:31:41.041 D/use-Rlog/RLOG-RIL-LTE( 247): RILM_SIM_SimIO_onRequest +
12-08 16:31:41.041 D/use-Rlog/RLOG-RIL-LTE( 247): RILM_SIM_SimIO_onRequest Reading aid from SIM_IO Request
12-08 16:31:41.041 D/use-Rlog/RLOG-RIL-LTE( 247): is_input_ril_sim_io_valid is_input_ril_sim_io_valid = 0
12-08 16:31:41.041 D/use-Rlog/RLOG-RIL-LTE( 247): RILM_SIM_SimIO_onRequest Received AID. RIL_VERSION: 6
12-08 16:31:41.041 D/use-Rlog/RLOG-RIL-LTE( 247): perform_io_command perform_io_command 176
12-08 16:31:41.041 D/use-Rlog/RLOG-RIL-LTE( 247): RILM_SIM_SimIO_onRequest -
12-08 16:31:41.041 D/use-Rlog/RLOG-RILMM( 247): RILMM_SIM_SendRequesttoLTE -
12-08 16:31:41.041 D/use-Rlog/RLOG-RILMM( 247): RILMM_SIM_SimIO_onRequest -
12-08 16:31:41.043 D/DctController( 2509): handleMessage msg={ when=-398ms what=100 target=com.android.internal.telephony.dataconnection.DctController }
12-08 16:31:41.043 D/SubscriptionController( 2509): [getPhoneId]- no sims, returning default phoneId=2147483647
12-08 16:31:41.044 D/use-Rlog/RLOG-RILMM( 247): RILMM_SIM_SimIO_onRequest +
12-08 16:31:41.044 D/use-Rlog/RLOG-RILMM( 247): RILMM_SIM_SimIO_onRequest Reading aid from SIM_IO Req
12-08 16:31:41.044 D/use-Rlog/RLOG-RILMM( 247): RILMM_SIM_SimIO_onRequest Sending req to CDMA Modem- RIL_VERSION: 6
12-08 16:31:41.044 D/use-Rlog/RLOG-RILMM( 247): RILMM_MAIN_send_request Sending Request with token = 756
12-08 16:31:41.044 I/use-Rlog/RLOG-RIL-MAIN( 247): onReq: reqCode = 28, dataLen = 36
12-08 16:31:41.044 D/use-Rlog/RLOG-RILMM( 247): RILMM_SIM_SimIO_onRequest -
12-08 16:31:41.046 D/DcSwitchAsyncChannel( 2509): [DcSwitchAsyncChannel-0]: rspIsIdle=true
12-08 16:31:41.046 D/DctController( 2509): onProcessRequest requestedPhoneId=-1, activePhoneId=-1
12-08 16:31:41.048 D/RILJ ( 2509): [3721]> iccIO: SIM_IO 0xb0 0x2f05 path: 3F00,0,0,6 aid: a0000003431002f310ffff89020000ff [SUB0]
12-08 16:31:41.052 D/use-Rlog/RLOG-RILMM( 247): RILMM_SIM_SimIO_onRequest +
12-08 16:31:41.052 D/use-Rlog/RLOG-RILMM( 247): RILMM_SIM_SimIO_onRequest Reading aid from SIM_IO Req
12-08 16:31:41.052 D/use-Rlog/RLOG-RILMM( 247): RILMM_SIM_SimIO_onRequest Sending req to CDMA Modem- RIL_VERSION: 6
12-08 16:31:41.052 D/use-Rlog/RLOG-RILMM( 247): RILMM_MAIN_send_request Sending Request with token = 757
12-08 16:31:41.052 I/use-Rlog/RLOG-RIL-MAIN( 247): onReq: reqCode = 28, dataLen = 36
12-08 16:31:41.052 D/use-Rlog/RLOG-RILMM( 247): RILMM_SIM_SimIO_onRequest -
12-08 16:31:41.052 D/CDMAPhone( 2509): Event EVENT_REGISTERED_TO_NETWORK Received
12-08 16:31:41.052 D/RILJ ( 2509): [3722]> iccIO: SIM_IO 0xb0 0x6f3a path: 3F007FFF,0,0,4 aid: a0000003431002f310ffff89020000ff [SUB0]
12-08 16:31:41.056 D/SubscriptionController( 2509): [getActiveSubInfoList]+
12-08 16:31:41.056 D/use-Rlog/RLOG-RILMM( 247): RILMM_SIM_SimIO_onRequest +
12-08 16:31:41.056 D/use-Rlog/RLOG-RILMM( 247): RILMM_SIM_SimIO_onRequest Reading aid from SIM_IO Req
12-08 16:31:41.056 D/use-Rlog/RLOG-RILMM( 247): RILMM_SIM_SimIO_onRequest Sending req to CDMA Modem- RIL_VERSION: 6
12-08 16:31:41.056 D/use-Rlog/RLOG-RILMM( 247): RILMM_MAIN_send_request Sending Request with token = 758
12-08 16:31:41.056 I/use-Rlog/RLOG-RIL-MAIN( 247): onReq: reqCode = 28, dataLen = 36
12-08 16:31:41.057 D/use-Rlog/RLOG-RILMM( 247): RILMM_SIM_SimIO_onRequest -
12-08 16:31:41.057 D/SubscriptionController( 2509): [getActiveSubInfoList] Sub Controller not ready
12-08 16:31:41.062 D/SubscriptionController( 2509): [getSubId]- sSlotIdxToSubId.size == 0, return DummySubIds slotIdx=0
12-08 16:31:41.062 D/SubscriptionController( 2509): [getSubId]- sSlotIdxToSubId.size == 0, return DummySubIds slotIdx=0
12-08 16:31:41.063 D/SubscriptionController( 2509): [getPhoneId]- invalid subId return=-1
12-08 16:31:41.069 D/SubscriptionController( 2509): [getSubId]- sSlotIdxToSubId.size == 0, return DummySubIds slotIdx=0
12-08 16:31:41.070 D/SubscriptionController( 2509): [getSubId]- sSlotIdxToSubId.size == 0, return DummySubIds slotIdx=0
12-08 16:31:41.071 D/SubscriptionController( 2509): [getSubId]- sSlotIdxToSubId.size == 0, return DummySubIds slotIdx=0
12-08 16:31:41.106 D/SubscriptionController( 2509): [getActiveSubInfoList]+
12-08 16:31:41.131 D/SubscriptionController( 2509): [getActiveSubInfoList] Sub Controller not ready
12-08 16:31:41.161 D/SubscriptionController( 2509): [getPhoneId]- no sims, returning default phoneId=2147483647
12-08 16:31:41.198 D/CdmaSST ( 2509): [CdmaLteSST] SubscriptionListener.onSubscriptionInfoChanged
12-08 16:31:41.198 D/SubscriptionController( 2509): [getSubId]- sSlotIdxToSubId.size == 0, return DummySubIds slotIdx=0
12-08 16:31:41.199 D/DCT ( 2509): [0]SubscriptionListener.onSubscriptionInfoChanged
12-08 16:31:41.199 D/SubscriptionController( 2509): [getSubId]- sSlotIdxToSubId.size == 0, return DummySubIds slotIdx=0
12-08 16:31:41.199 D/SubscriptionController( 2509): [getSubId]- sSlotIdxToSubId.size == 0, return DummySubIds slotIdx=0
12-08 16:31:41.199 D/RILJ ( 2509): [3723]> iccIO: SIM_IO 0xb0 0x6f41 path: 3F007FFF,0,0,35 aid: a0000003431002f310ffff89020000ff [SUB0]
12-08 16:31:41.200 D/CdmaSST ( 2509): [CdmaLteSST] handleMessage: 25
12-08 16:31:41.200 D/CdmaSST ( 2509): [CdmaLteSST] handleMessage: 24
12-08 16:31:41.200 D/PHONE ( 2509): [ServiceState] setVoiceRegState=0
12-08 16:31:41.200 E/PHONE ( 2509): [ServiceState] setState deprecated use setVoiceRegState()
12-08 16:31:41.200 D/CdmaSST ( 2509): [CdmaLteSST] handleMessage: 5
12-08 16:31:41.200 D/CdmaSST ( 2509): [CdmaLteSST] handleMessage EVENT_POLL_STATE_GPRS
12-08 16:31:41.200 E/CdmaSST ( 2509): [CdmaLteSST] handlePollStateResult: RIL returned an error where it must succeedcom.android.internal.telephony.CommandException: GENERIC_FAILURE
12-08 16:31:41.200 D/CdmaSST ( 2509): [CdmaLteSST] Turn off roaming indicator if !isPrlLoaded or voice RAT is unknown
12-08 16:31:41.200 D/CdmaSST ( 2509): [CdmaLteSST] Set CDMA Roaming Indicator to: 1. voiceRoaming = false. dataRoaming = false, isPrlLoaded = false. namMatch = false , mIsInPrl = true, mRoamingIndicator = 64, mDefaultRoamingIndicator= 64
12-08 16:31:41.201 D/use-Rlog/RLOG-RILMM( 247): RILMM_SIM_SimIO_onRequest +
12-08 16:31:41.201 D/use-Rlog/RLOG-RILMM( 247): RILMM_SIM_SimIO_onRequest Reading aid from SIM_IO Req
12-08 16:31:41.201 D/use-Rlog/RLOG-RILMM( 247): RILMM_SIM_SimIO_onRequest Sending req to CDMA Modem- RIL_VERSION: 6
12-08 16:31:41.201 D/use-Rlog/RLOG-RILMM( 247): RILMM_MAIN_send_request Sending Request with token = 759
12-08 16:31:41.201 I/use-Rlog/RLOG-RIL-MAIN( 247): onReq: reqCode = 28, dataLen = 36
12-08 16:31:41.201 D/use-Rlog/RLOG-RILMM( 247): RILMM_SIM_SimIO_onRequest -
12-08 16:31:41.202 D/SubscriptionController( 2509): [getSubId]- sSlotIdxToSubId.size == 0, return DummySubIds slotIdx=0
12-08 16:31:41.203 D/CdmaSST ( 2509): [CdmaLteSST] pollStateDone: lte 1 ss=[0 1 voice home data home null null 31000 null null 31000 Unknown Unknown CSS not supported 3 21 RoamInd=1 DefRoamInd=64 EmergOnly=false IsDataRoamingFromRegistration=false] newSS=[0 1 voice home data home null null 31000 null null 31000 Unknown Unknown CSS supported 3 21 RoamInd=1 DefRoamInd=64 EmergOnly=false IsDataRoamingFromRegistration=false]
12-08 16:31:41.203 D/CdmaSST ( 2509): [CdmaLteSST] pollStateDone: hasRegistered=false hasDeegistered=false hasCdmaDataConnectionAttached=false hasCdmaDataConnectionDetached=false hasCdmaDataConnectionChanged=false hasVoiceRadioTechnologyChanged= false hasDataRadioTechnologyChanged=false hasChanged=true hasVoiceRoamingOn=false hasVoiceRoamingOff=false hasDataRoamingOn=false hasDataRoamingOff=false hasLocationChanged=false has4gHandoff = false hasMultiApnSupport=false hasLostMultiApnSupport=false
12-08 16:31:41.203 D/PHONE ( 2509): [ServiceState] setNullState=1
12-08 16:31:41.203 D/PHONE ( 2509): [ServiceState] setNullState=1
12-08 16:31:41.203 D/TelephonyManager( 2509): setTelephonyProperty: success phoneId=0 property=gsm.operator.alpha value: propVal=
12-08 16:31:41.204 D/TelephonyManager( 2509): setTelephonyProperty: success phoneId=0 property=gsm.operator.numeric value: 31000 propVal=31000
12-08 16:31:41.205 D/TelephonyManager( 2509): setTelephonyProperty: success phoneId=0 property=gsm.operator.iso-country value: us propVal=us
12-08 16:31:41.266 I/use-Rlog/RLOG-RIL-SPLT( 247): >> SID/NID len=81, sid=21, nid=65535
12-08 16:31:41.267 I/use-Rlog/RLOG-RIL-SPLT( 247): << PRL_VER numLoops=4
12-08 16:31:41.304 I/use-Rlog/RLOG-RIL-MX( 247): Read Ch7 << 0396+CRSM=144,0,0000000b6f4404001400440402010b
12-08 16:31:41.304 D/use-Rlog/RLOG-RILMM( 247): RILMM_SIM_Send_onRequestComplete_to_Apps +
12-08 16:31:41.304 D/use-Rlog/RLOG-RILMM( 247): RILMM_SIM_Send_onRequestComplete_to_Apps -
12-08 16:31:41.304 I/use-Rlog/RLOG-RIL-MOD( 247): onReqComp: Ch7 process reqCode = 28
12-08 16:31:41.304 I/use-Rlog/RLOG-RIL-MX( 247): Ch7 > 0398AT+CRSM=192,28450,0,0,15,,3F007FFF,,,a0000003431002f310ffff89020000ff
12-08 16:31:41.304 I/use-Rlog/RLOG-RIL-MX( 247):
12-08 16:31:41.305 D/RILJ ( 2509): [3702]< SIM_IO IccIoResponse sw1:0x90 sw2:0x0 [SUB0]
12-08 16:31:41.340 I/use-Rlog/RLOG-RIL-SPLT( 247): >> PRL_VER is 15428
12-08 16:31:41.341 D/use-Rlog/RLOG-RILMM( 247): RILMM_MDM_CDMASubscription_onRequestComplete +
12-08 16:31:41.341 D/use-Rlog/RLOG-RILMM( 247): RILMM_MDM_CDMASubscription_onRequestComplete -
12-08 16:31:41.341 D/RILJ ( 2509): [3708]< RIL_REQUEST_CDMA_SUBSCRIPTION {*PRIVATE BITCHES!!*, 21,0,0,0,0,0,0,0,0,0,0,0,0,0,0,0,0,0,0,0, 65535,0,0,0,0,0,0,0,0,0,0,0,0,0,0,0,0,0,0,0, 4402401706, 15428} [SUB0]
12-08 16:31:41.349 D/SubscriptionController( 2509): [getActiveSubInfoList]+
12-08 16:31:41.351 D/SubscriptionController( 2509): [getActiveSubInfoList] Sub Controller not ready
12-08 16:31:41.378 I/use-Rlog/RLOG-RIL-MX( 247): Read Ch7 << 0398+CRSM=144,0,0000000a6f22040014001404020000
12-08 16:31:41.379 D/use-Rlog/RLOG-RILMM( 247): RILMM_SIM_Send_onRequestComplete_to_Apps +
12-08 16:31:41.379 D/use-Rlog/RLOG-RILMM( 247): RILMM_SIM_Send_onRequestComplete_to_Apps -
12-08 16:31:41.379 I/use-Rlog/RLOG-RIL-MOD( 247): onReqComp: Ch7 process reqCode = 28
12-08 16:31:41.379 I/use-Rlog/RLOG-RIL-MX( 247): Ch7 > 0399AT+CRSM=192,28456,0,0,15,,3F007FFF,,,a0000003431002f310ffff89020000ff
12-08 16:31:41.379 I/use-Rlog/RLOG-RIL-MX( 247):
12-08 16:31:41.379 D/RILJ ( 2509): [3703]< SIM_IO IccIoResponse sw1:0x90 sw2:0x0 [SUB0]
12-08 16:31:41.411 D/TelephonyManager( 2509): setTelephonyProperty: success phoneId=0 property=gsm.operator.idpstring value: 011 propVal=011
12-08 16:31:41.413 D/CdmaSST ( 2509): [CdmaLteSST] shouldFixTimeZoneNow: retVal=false iccCardExist=true operatorNumeric=31000 mcc=310 prevOperatorNumeric=31000 prevMcc=310 needToFixTimeZone=false ltod=12-08 16:31:41.412
12-08 16:31:41.413 D/TelephonyManager( 2509): setTelephonyProperty: success phoneId=0 property=gsm.operator.isroaming value: false propVal=false
12-08 16:31:41.418 D/SubscriptionController( 2509): [getSubId]- sSlotIdxToSubId.size == 0, return DummySubIds slotIdx=0
12-08 16:31:41.418 D/CdmaSST ( 2509): [CdmaLteSST] Broadcasting ServiceState : 0 1 voice home data home null null 31000 null null 31000 Unknown Unknown CSS supported 3 21 RoamInd=1 DefRoamInd=64 EmergOnly=false IsDataRoamingFromRegistration=false
12-08 16:31:41.418 D/SubscriptionController( 2509): [getSubId]- sSlotIdxToSubId.size == 0, return DummySubIds slotIdx=0
12-08 16:31:41.418 D/DefaultPhoneNotifier( 2509): nofityServiceState: mRegistry=com.android.internal.telephony.ITelephonyRegistry$Stub$Proxy@6c5e0f9 ss=0 1 voice home data home null null 31000 null null 31000 Unknown Unknown CSS supported 3 21 RoamInd=1 DefRoamInd=64 EmergOnly=false IsDataRoamingFromRegistration=false sender=Handler (com.android.internal.telephony.cdma.CDMALTEPhone) {e766880} phondId=0 subId=-2
12-08 16:31:41.423 D/SubscriptionController( 2509): [getSlotId]- subId invalid
12-08 16:31:41.424 D/SubscriptionController( 2509): getSimStateForSlotIdx: simState=READY ordinal=5
12-08 16:31:41.424 D/SubscriptionManager( 1246): getSimStateForSubscriber: simState=5 slotIdx=0
12-08 16:31:41.424 D/TelephonyManager( 1246): getSimState: default sim:-1, sim state for slotIdx=0 is 5, return state as unknown
12-08 16:31:41.429 D/DCT ( 2509): [0]get all active apn types
12-08 16:31:41.429 D/SubscriptionController( 2509): [getSubId]- sSlotIdxToSubId.size == 0, return DummySubIds slotIdx=0
12-08 16:31:41.430 D/RILJ ( 2509): [3724]> iccIO: SIM_IO 0xc0 0x6f17 path: 3F007FFF,0,0,15 aid: A0000000871002F310FFFF89080000FF [SUB0]
12-08 16:31:41.430 D/SIMRecords( 2509): [SIMRecords] onRecordLoaded 18 requested: true
12-08 16:31:41.431 D/use-Rlog/RLOG-RILMM( 247): RILMM_SIM_SimIO_onRequest +
12-08 16:31:41.431 D/use-Rlog/RLOG-RILMM( 247): RILMM_SIM_SimIO_onRequest Reading aid from SIM_IO Req
12-08 16:31:41.431 D/use-Rlog/RLOG-RILMM( 247): RILMM_SIM_SimIO_onRequest Sending req to LTE Modem- RIL_VERSION: 6
12-08 16:31:41.431 D/use-Rlog/RLOG-RILMM( 247): RILMM_SIM_SendRequesttoLTE +
12-08 16:31:41.431 D/use-Rlog/RLOG-RILMM( 247): RILMM_MAIN_send_request Sending Request with token = 760
12-08 16:31:41.431 D/use-Rlog/RLOG-RIL-LTE( 247): RILM_SIM_SimIO_onRequest +
12-08 16:31:41.431 D/use-Rlog/RLOG-RIL-LTE( 247): RILM_SIM_SimIO_onRequest Reading aid from SIM_IO Request
12-08 16:31:41.431 D/use-Rlog/RLOG-RIL-LTE( 247): is_input_ril_sim_io_valid is_input_ril_sim_io_valid = 0
12-08 16:31:41.431 D/use-Rlog/RLOG-RIL-LTE( 247): RILM_SIM_SimIO_onRequest Received AID. RIL_VERSION: 6
12-08 16:31:41.432 D/use-Rlog/RLOG-RIL-LTE( 247): RILM_SIM_SimIO_onRequest -
12-08 16:31:41.432 D/use-Rlog/RLOG-RILMM( 247): RILMM_SIM_SendRequesttoLTE -
12-08 16:31:41.432 D/use-Rlog/RLOG-RILMM( 247): RILMM_SIM_SimIO_onRequest -
12-08 16:31:41.433 D/DctController( 2509): handleMessage msg={ when=-375ms what=107 target=com.android.internal.telephony.dataconnection.DctController }
12-08 16:31:41.433 D/DctController( 2509): onSubInfoReady mPhoneNum=1
12-08 16:31:41.433 D/SubscriptionController( 2509): [getSubId]- sSlotIdxToSubId.size == 0, return DummySubIds slotIdx=0
12-08 16:31:41.433 D/DctController( 2509): onSubInfoReady handle pending requests subId=-2
12-08 16:31:41.433 D/SubscriptionController( 2509): [getSubId]- sSlotIdxToSubId.size == 0, return DummySubIds slotIdx=0
12-08 16:31:41.433 D/DctController( 2509): [TNF -2]evalPendingRequest, pending request size is 1
12-08 16:31:41.434 D/SubscriptionController( 2509): [getSubId]- sSlotIdxToSubId.size == 0, return DummySubIds slotIdx=0
12-08 16:31:41.434 D/DctController( 2509): [TNF -2]evalPendingRequest: request = NetworkRequest [ id=1, legacyType=-1, [ Capabilities: INTERNET&NOT_RESTRICTED&TRUSTED&NOT_VPN] ]
12-08 16:31:41.434 D/SubscriptionController( 2509): [getSubId]- sSlotIdxToSubId.size == 0, return DummySubIds slotIdx=0
12-08 16:31:41.434 D/DctController( 2509): [TNF -2]Cellular needs Network for NetworkRequest [ id=1, legacyType=-1, [ Capabilities: INTERNET&NOT_RESTRICTED&TRUSTED&NOT_VPN] ]
12-08 16:31:41.434 D/SubscriptionController( 2509): [getSubId]- sSlotIdxToSubId.size == 0, return DummySubIds slotIdx=0
12-08 16:31:41.434 D/SubscriptionController( 2509): [getSubId]- sSlotIdxToSubId.size == 0, return DummySubIds slotIdx=0
12-08 16:31:41.434 D/DctController( 2509): [TNF -2]Request not useable, pending request.
12-08 16:31:41.434 D/DctController( 2509): processRequests
12-08 16:31:41.434 D/SubscriptionController( 2509): [getSubId]- sSlotIdxToSubId.size == 0, return DummySubIds slotIdx=0
12-08 16:31:41.438 D/use-Rlog/RLOG-RIL-LTE( 247): RILM_SIM_IO_OpenExplicitReq_Callback +
12-08 16:31:41.438 D/use-Rlog/RLOG-RIL-LTE( 247): RILM_SIM_IO_OpenExplicitReq_Callback OpenExplicitReq result = 0, file_descriptor = 20
12-08 16:31:41.438 D/use-Rlog/RLOG-RIL-LTE( 247): perform_io_command perform_io_command 192
12-08 16:31:41.438 D/use-Rlog/RLOG-RIL-LTE( 247): RILM_SIM_IO_OpenExplicitReq_Callback -
12-08 16:31:41.439 I/use-Rlog/RLOG-RIL-MX( 247): Read Ch7 << 0399+CRSM=144,0,000000646f28040011004404020105
12-08 16:31:41.439 D/use-Rlog/RLOG-RILMM( 247): RILMM_SIM_Send_onRequestComplete_to_Apps +
12-08 16:31:41.439 D/use-Rlog/RLOG-RILMM( 247): RILMM_SIM_Send_onRequestComplete_to_Apps -
12-08 16:31:41.439 I/use-Rlog/RLOG-RIL-MOD( 247): onReqComp: Ch7 process reqCode = 28
12-08 16:31:41.440 I/use-Rlog/RLOG-RIL-MX( 247): Ch7 > 0400AT+CRSM=176,28506,0,0,4,,3F007FFF,,,a0000003431002f310ffff89020000ff
12-08 16:31:41.440 I/use-Rlog/RLOG-RIL-MX( 247):
12-08 16:31:41.440 D/RILJ ( 2509): [3704]< SIM_IO IccIoResponse sw1:0x90 sw2:0x0 [SUB0]
12-08 16:31:41.442 D/RILJ ( 2509): [3725]> iccIO: SIM_IO 0xb2 0x6f44 path: 3F007FFF,1,4,11 aid: a0000003431002f310ffff89020000ff [SUB0]
12-08 16:31:41.443 D/use-Rlog/RLOG-RILMM( 247): RILMM_SIM_SimIO_onRequest +
12-08 16:31:41.443 D/use-Rlog/RLOG-RILMM( 247): RILMM_SIM_SimIO_onRequest Reading aid from SIM_IO Req
12-08 16:31:41.444 D/use-Rlog/RLOG-RILMM( 247): RILMM_SIM_SimIO_onRequest Sending req to CDMA Modem- RIL_VERSION: 6
12-08 16:31:41.444 D/use-Rlog/RLOG-RILMM( 247): RILMM_MAIN_send_request Sending Request with token = 761
12-08 16:31:41.444 I/use-Rlog/RLOG-RIL-MAIN( 247): onReq: reqCode = 28, dataLen = 36
12-08 16:31:41.444 D/use-Rlog/RLOG-RILMM( 247): RILMM_SIM_SimIO_onRequest -
12-08 16:31:41.444 D/RuimRecords( 2509): [RuimRecords] MDN: *PRIVATE BITCHES!!* MIN: 4402401706
12-08 16:31:41.444 D/RILJ ( 2509): [3726]> iccIO: SIM_IO 0xb0 0x6f22 path: 3F007FFF,0,0,10 aid: a0000003431002f310ffff89020000ff [SUB0]
12-08 16:31:41.446 D/use-Rlog/RLOG-RILMM( 247): RILMM_SIM_SimIO_onRequest +
12-08 16:31:41.446 D/use-Rlog/RLOG-RILMM( 247): RILMM_SIM_SimIO_onRequest Reading aid from SIM_IO Req
12-08 16:31:41.446 D/use-Rlog/RLOG-RILMM( 247): RILMM_SIM_SimIO_onRequest Sending req to CDMA Modem- RIL_VERSION: 6
12-08 16:31:41.446 D/use-Rlog/RLOG-RILMM( 247): RILMM_MAIN_send_request Sending Request with token = 762
12-08 16:31:41.446 I/use-Rlog/RLOG-RIL-MAIN( 247): onReq: reqCode = 28, dataLen = 36
12-08 16:31:41.446 D/use-Rlog/RLOG-RILMM( 247): RILMM_SIM_SimIO_onRequest -
12-08 16:31:41.447 D/SubscriptionController( 2509): [getSubId]- sSlotIdxToSubId.size == 0, return DummySubIds slotIdx=0
12-08 16:31:41.447 D/DctController( 2509): handleMessage msg={ when=-12ms what=100 target=com.android.internal.telephony.dataconnection.DctController }
12-08 16:31:41.447 D/SubscriptionController( 2509): [getPhoneId]- no sims, returning default phoneId=2147483647
12-08 16:31:41.448 D/DcSwitchAsyncChannel( 2509): [DcSwitchAsyncChannel-0]: rspIsIdle=true
12-08 16:31:41.448 D/DctController( 2509): onProcessRequest requestedPhoneId=-1, activePhoneId=-1
12-08 16:31:41.448 D/RILJ ( 2509): [3727]> iccIO: SIM_IO 0xb2 0x6f28 path: 3F007FFF,1,4,5 aid: a0000003431002f310ffff89020000ff [SUB0]
12-08 16:31:41.450 D/use-Rlog/RLOG-RILMM( 247): RILMM_SIM_SimIO_onRequest +
12-08 16:31:41.450 D/use-Rlog/RLOG-RILMM( 247): RILMM_SIM_SimIO_onRequest Reading aid from SIM_IO Req
12-08 16:31:41.450 D/use-Rlog/RLOG-RILMM( 247): RILMM_SIM_SimIO_onRequest Sending req to CDMA Modem- RIL_VERSION: 6
12-08 16:31:41.450 D/use-Rlog/RLOG-RILMM( 247): RILMM_MAIN_send_request Sending Request with token = 763
12-08 16:31:41.450 I/use-Rlog/RLOG-RIL-MAIN( 247): onReq: reqCode = 28, dataLen = 36
12-08 16:31:41.450 D/use-Rlog/RLOG-RILMM( 247): RILMM_SIM_SimIO_onRequest -
12-08 16:31:41.476 I/use-Rlog/RLOG-RIL-MX( 247): Read Ch7 << 0400+CRSM=144,0,12c33c44
12-08 16:31:41.477 D/use-Rlog/RLOG-RILMM( 247): RILMM_SIM_Send_onRequestComplete_to_Apps +
12-08 16:31:41.477 D/use-Rlog/RLOG-RILMM( 247): RILMM_SIM_Send_onRequestComplete_to_Apps -
12-08 16:31:41.477 I/use-Rlog/RLOG-RIL-MOD( 247): onReqComp: Ch7 process reqCode = 28
12-08 16:31:41.477 I/use-Rlog/RLOG-RIL-MX( 247): Ch7 > 0401AT+CRSM=192,28493,0,0,15,,3F007FFF,,,a0000003431002f310ffff89020000ff
12-08 16:31:41.477 I/use-Rlog/RLOG-RIL-MX( 247):
12-08 16:31:41.478 D/RILJ ( 2509): [3705]< SIM_IO IccIoResponse sw1:0x90 sw2:0x0 [SUB0]
12-08 16:31:41.478 D/RuimRecords( 2509): [RuimRecords] EF_CSIM_EPRL LOADED
12-08 16:31:41.478 D/RuimRecords( 2509): [RuimRecords] CSIM_EPRL=12c33c44
12-08 16:31:41.478 D/RuimRecords( 2509): [RuimRecords] CSIM PRL version=15428
12-08 16:31:41.478 D/RuimRecords( 2509): [RuimRecords] onRecordLoaded 8 requested: true
12-08 16:31:41.543 I/use-Rlog/RLOG-RIL-MX( 247): Read Ch7 << 0401+CRSM=144,0,000000936f4d040014004404020000
12-08 16:31:41.543 D/use-Rlog/RLOG-RILMM( 247): RILMM_SIM_Send_onRequestComplete_to_Apps +
12-08 16:31:41.543 D/use-Rlog/RLOG-RILMM( 247): RILMM_SIM_Send_onRequestComplete_to_Apps -
12-08 16:31:41.543 I/use-Rlog/RLOG-RIL-MOD( 247): onReqComp: Ch7 process reqCode = 28
12-08 16:31:41.543 I/use-Rlog/RLOG-RIL-MX( 247): Ch7 > 0402AT+CRSM=192,28476,0,0,15,,3F007FFF,,,a0000003431002f310ffff89020000ff
12-08 16:31:41.543 I/use-Rlog/RLOG-RIL-MX( 247):
12-08 16:31:41.544 D/RILJ ( 2509): [3706]< SIM_IO IccIoResponse sw1:0x90 sw2:0x0 [SUB0]
12-08 16:31:41.544 D/RILJ ( 2509): [3728]> iccIO: SIM_IO 0xb0 0x6f4d path: 3F007FFF,0,0,147 aid: a0000003431002f310ffff89020000ff [SUB0]
12-08 16:31:41.548 D/use-Rlog/RLOG-RILMM( 247): RILMM_SIM_SimIO_onRequest +
12-08 16:31:41.548 D/use-Rlog/RLOG-RILMM( 247): RILMM_SIM_SimIO_onRequest Reading aid from SIM_IO Req
12-08 16:31:41.548 D/use-Rlog/RLOG-RILMM( 247): RILMM_SIM_SimIO_onRequest Sending req to CDMA Modem- RIL_VERSION: 6
12-08 16:31:41.548 D/use-Rlog/RLOG-RILMM( 247): RILMM_MAIN_send_request Sending Request with token = 764
12-08 16:31:41.548 I/use-Rlog/RLOG-RIL-MAIN( 247): onReq: reqCode = 28, dataLen = 36
12-08 16:31:41.548 D/use-Rlog/RLOG-RILMM( 247): RILMM_SIM_SimIO_onRequest -
12-08 16:31:41.617 I/use-Rlog/RLOG-RIL-MX( 247): Read Ch7 << 0402+CRSM=144,0,00000a506f3c0400110044040201b0
12-08 16:31:41.617 D/use-Rlog/RLOG-RILMM( 247): RILMM_SIM_Send_onRequestComplete_to_Apps +
12-08 16:31:41.619 D/use-Rlog/RLOG-RILMM( 247): RILMM_SIM_Send_onRequestComplete_to_Apps -
12-08 16:31:41.619 I/use-Rlog/RLOG-RIL-MOD( 247): onReqComp: Ch7 process reqCode = 103
12-08 16:31:41.619 I/use-Rlog/RLOG-RIL-MX( 247): Ch7 > 0403AT+MSATSR
12-08 16:31:41.619 I/use-Rlog/RLOG-RIL-MX( 247):
12-08 16:31:41.620 D/RILJ ( 2509): [3707]< SIM_IO IccIoResponse sw1:0x90 sw2:0x0 [SUB0]
12-08 16:31:41.620 D/RuimRecords( 2509): [RuimRecords] EVENT_GET_SMS_RECORD_SIZE_DONE Size 176 total 2640 record 15
12-08 16:31:41.656 I/use-Rlog/RLOG-RIL-MX( 247): Read Ch7 << 0403+MSATSR=0
12-08 16:31:41.656 D/use-Rlog/RLOG-RILMM( 247): RILMM_SAT_Send_onRequestComplete_to_Apps +
12-08 16:31:41.656 D/use-Rlog/RLOG-RILMM( 247): RILMM_SAT_Send_onRequestComplete_to_Apps -
12-08 16:31:41.656 I/use-Rlog/RLOG-RIL-MOD( 247): onReqComp: Ch7 process reqCode = 59
12-08 16:31:41.656 I/use-Rlog/RLOG-RIL-MX( 247): Ch7 > 0404AT+CRSM=164,28618,0,4,2,6FCA,3F007FFF,,1290116903
12-08 16:31:41.656 I/use-Rlog/RLOG-RIL-MX( 247):
12-08 16:31:41.657 D/RILJ ( 2509): [3709]< RIL_REQUEST_REPORT_STK_SERVICE_IS_RUNNING [SUB0]
12-08 16:31:41.703 I/use-Rlog/RLOG-RIL-MX( 247): Read Ch7 << 0020~+MSATP=05d00e810301050082028182990303090a
12-08 16:31:41.703 D/use-Rlog/RLOG-RILMM( 247): RILMM_SAT_onUnsolicitedResponse +
12-08 16:31:41.703 D/use-Rlog/RLOG-RILMM( 247): RILMM_SAT_onUnsolicitedResponse Received RIL_UNSOL_STK_PROACTIVE_COMMAND - CDMA
12-08 16:31:41.703 D/use-Rlog/RLOG-RILMM( 247): handle_stk_proactive_command +
12-08 16:31:41.703 D/use-Rlog/RLOG-RILMM( 247): handle_stk_proactive_command cmd_length: 16
12-08 16:31:41.703 D/use-Rlog/RLOG-RILMM( 247): handle_stk_proactive_command global_command: 255
12-08 16:31:41.703 D/use-Rlog/RLOG-RILMM( 247): handle_stk_proactive_command Received Proactive Command: SETUP EVENT LIST
12-08 16:31:41.703 D/use-Rlog/RLOG-RILMM( 247): handle_setup_event_list +
12-08 16:31:41.703 D/use-Rlog/RLOG-RILMM( 247): handle_setup_event_list term_resp_result:0
12-08 16:31:41.703 D/use-Rlog/RLOG-RILMM( 247): handle_setup_event_list current_event:3
12-08 16:31:41.703 D/use-Rlog/RLOG-RILMM( 247): handle_setup_event_list current_event:9
12-08 16:31:41.703 D/use-Rlog/RLOG-RILMM( 247): handle_setup_event_list current_event:10
12-08 16:31:41.703 D/use-Rlog/RLOG-RILMM( 247): RILMM_BIP_set_send_env_evt_channel_status +
12-08 16:31:41.703 D/use-Rlog/RLOG-RILMM( 247): RILMM_BIP_set_send_env_evt_channel_status -
12-08 16:31:41.703 D/use-Rlog/RLOG-RILMM( 247): RILMM_BIP_set_send_env_evt_data_available +
12-08 16:31:41.703 D/use-Rlog/RLOG-RILMM( 247): RILMM_BIP_set_send_env_evt_data_available -
12-08 16:31:41.703 D/use-Rlog/RLOG-RILMM( 247): handle_setup_event_list Sending to FW
12-08 16:31:41.703 D/use-Rlog/RLOG-RILMM( 247): build_terminal_response_with_result +
12-08 16:31:41.703 D/use-Rlog/RLOG-RILMM( 247): send_terminal_response +
12-08 16:31:41.703 D/use-Rlog/RLOG-RILMM( 247): send_stk_msg_to_cdma +
12-08 16:31:41.703 D/use-Rlog/RLOG-RILMM( 247): send_stk_msg_to_cdma_with_callback +
12-08 16:31:41.703 D/use-Rlog/RLOG-RILMM( 247): send_stk_msg_to_cdma_with_callback Message Length: 12
12-08 16:31:41.703 D/use-Rlog/RLOG-RILMM( 247): RILMM_MAIN_send_request Sending Request with token = 765
12-08 16:31:41.703 I/use-Rlog/RLOG-RIL-MAIN( 247): onReq: reqCode = 70, dataLen = 25
12-08 16:31:41.703 D/use-Rlog/RLOG-RILMM( 247): send_stk_msg_to_cdma_with_callback -
12-08 16:31:41.703 D/use-Rlog/RLOG-RILMM( 247): send_stk_msg_to_cdma -
12-08 16:31:41.703 D/use-Rlog/RLOG-RILMM( 247): send_terminal_response global_command: 255
12-08 16:31:41.703 D/use-Rlog/RLOG-RILMM( 247): send_terminal_response -
12-08 16:31:41.703 D/use-Rlog/RLOG-RILMM( 247): build_terminal_response_with_result -
12-08 16:31:41.703 D/use-Rlog/RLOG-RILMM( 247): handle_setup_event_list -
12-08 16:31:41.703 D/use-Rlog/RLOG-RILMM( 247): handle_stk_proactive_command -
12-08 16:31:41.704 D/use-Rlog/RLOG-RILMM( 247): RILMM_SAT_onUnsolicitedResponse -
12-08 16:31:41.704 D/RILJ ( 2509): [UNSL]< UNSOL_STK_EVENT_NOTIFY [SUB0]
12-08 16:31:41.706 D/CAT ( 2509): CatService: handleMessage[3]
12-08 16:31:41.706 D/CAT ( 2509): CatService: ril message arrived,slotid:0
12-08 16:31:41.709 D/CAT ( 2509): CommandParamsFactory: process SetUpEventList
12-08 16:31:41.712 D/CAT ( 2509): CatService: handleMessage[10]
12-08 16:31:41.712 D/CAT ( 2509): CatService: SET_UP_EVENT_LIST
12-08 16:31:41.713 D/CAT ( 2509): CatService: Sending CmdMsg: com.android.internal.telephony.cat.CatCmdMessage@7fc0d3b on slotid:0
12-08 16:31:41.746 I/use-Rlog/RLOG-RIL-MX( 247): Read Ch7 << 0404+CRSM=144,0,62228205422100060183026fcaa503c001008a01058b036f0610800200068102001a8800
12-08 16:31:41.746 I/use-Rlog/RLOG-RIL-ICC( 247): pCRSM: +CRSM=144,0,62228205422100060183026fcaa503c001008a01058b036f0610800200068102001a8800
12-08 16:31:41.746 D/use-Rlog/RLOG-RILMM( 247): RILMM_SIM_SendResponseCDMA_onRequestComplete +
12-08 16:31:41.746 D/use-Rlog/RLOG-RILMM( 247): RILMM_SIM_SendResponseCDMA_onRequestComplete LTE OEM msg id 655379, RIL_Errno 0
12-08 16:31:41.746 D/use-Rlog/RLOG-RILMM( 247): RILMM_SIM_SendResponseCDMA_onRequestComplete Responselen 41
12-08 16:31:41.746 D/use-Rlog/RLOG-RILMM( 247): RILMM_MAIN_send_request Sending Request with token = 766
12-08 16:31:41.746 D/use-Rlog/RLOG-RIL-LTE( 247): RILM_SIM_OEM_HookRaw_onRequest Msg id = 0xa0013
12-08 16:31:41.746 D/use-Rlog/RLOG-RIL-LTE( 247): RILM_OEM_onRequest Msg id= 0xa0013,
12-08 16:31:41.746 D/use-Rlog/RLOG-RIL-LTE( 247): RILM_OEM_SIM_onRequest Msg id= 0xa0013
12-08 16:31:41.746 D/use-Rlog/RLOG-RIL-LTE( 247): RILM_OEM_SIM_SendCRSM_Or_CRLAResponse_onRequest Message id = a0013, SW1 = 90, SW2 = 0, resp len = 36
12-08 16:31:41.747 D/use-Rlog/RLOG-RIL-LTE( 247): RILM_OEM_M2M_onRequest Msg id= 0xa0013
12-08 16:31:41.747 D/use-Rlog/RLOG-RILMM( 247): RILMM_SIM_SendResponseCDMA_onRequestComplete wl- =1
12-08 16:31:41.747 D/use-Rlog/RLOG-RILMM( 247): RILMM_SIM_SendResponseCDMA_onRequestComplete -
12-08 16:31:41.747 I/use-Rlog/RLOG-RIL-MOD( 247): onReqComp: Ch7 process reqCode = 28
12-08 16:31:41.747 I/use-Rlog/RLOG-RIL-MX( 247): Ch7 > 0405AT+CRSM=176,12258,0,0,10,,3F00,,,a0000003431002f310ffff89020000ff
12-08 16:31:41.747 I/use-Rlog/RLOG-RIL-MX( 247):
12-08 16:31:41.755 D/use-Rlog/RLOG-RIL-LTE( 247): RILM_OEM_SIM_SendSimDrvResponse_Callback +
12-08 16:31:41.755 D/use-Rlog/RLOG-RIL-LTE( 247): RILM_OEM_SIM_SendSimDrvResponse_Callback -
12-08 16:31:41.756 D/use-Rlog/RLOG-RIL-LTE( 247): RILM_OEM_SIM_Async_SendCRLAEvent +
12-08 16:31:41.756 D/use-Rlog/RLOG-RILMM( 247): RILMM_Main_OEM_onUnsolicitedResponse Rx UNSOL_OEM_HOOKRAW (1a0004) from LTE
12-08 16:31:41.756 D/use-Rlog/RLOG-RILMM( 247): RILMM_Main_OEM_onUnsolicitedResponse wl+ =18
12-08 16:31:41.756 D/use-Rlog/RLOG-RILMM( 247): RILMM_SIM_Oem_onUnsolicitedResponse +
12-08 16:31:41.756 D/use-Rlog/RLOG-RILMM( 247): RILMM_SIM_Oem_onUnsolicitedResponse Unsol OEM HOOKRAW msg id: 1a0004
12-08 16:31:41.756 D/use-Rlog/RLOG-RILMM( 247): RILMM_MAIN_send_request Sending Request with token = 767
12-08 16:31:41.756 I/use-Rlog/RLOG-RIL-MAIN( 247): onReq: reqCode = 59, dataLen = 28
12-08 16:31:41.756 D/use-Rlog/RLOG-RILMM( 247): RILMM_SIM_Oem_onUnsolicitedResponse -
12-08 16:31:41.756 D/use-Rlog/RLOG-RIL-LTE( 247): RILM_OEM_SIM_Async_SendCRLAEvent -
12-08 16:31:41.758 D/CAT ( 2509): StkCmdReceiver: handleAction, op: 1args: Bundle[{SLOT_ID=0, cmd message=com.android.internal.telephony.cat.CatCmdMessage@f8901b1, op=1}], slot id: 0
12-08 16:31:41.769 D/CAT ( 2509): com.android.stk.StkAppService: onCreate()+
12-08 16:31:41.769 D/CAT ( 2509): com.android.stk.StkAppService: simCount: 1
12-08 16:31:41.774 D/CAT ( 2509): com.android.stk.StkAppService: slotId: 0
12-08 16:31:41.777 D/CAT ( 2509): com.android.stk.StkAppService: onStart sim id: 0, op: 1, *****
12-08 16:31:41.814 I/use-Rlog/RLOG-RIL-MX( 247): Read Ch7 << 0405+CRSM=144,0,98410800001039200244
12-08 16:31:41.814 D/use-Rlog/RLOG-RILMM( 247): RILMM_SIM_Send_onRequestComplete_to_Apps +
12-08 16:31:41.814 D/use-Rlog/RLOG-RILMM( 247): RILMM_SIM_Send_onRequestComplete_to_Apps -
12-08 16:31:41.815 I/use-Rlog/RLOG-RIL-MOD( 247): onReqComp: Ch7 process reqCode = 28
12-08 16:31:41.815 I/use-Rlog/RLOG-RIL-MX( 247): Ch7 > 0406AT+CRSM=176,12037,0,0,6,,3F00,,,a0000003431002f310ffff89020000ff
12-08 16:31:41.815 I/use-Rlog/RLOG-RIL-MX( 247):
12-08 16:31:41.815 D/RILJ ( 2509): [3720]< SIM_IO IccIoResponse sw1:0x90 sw2:0x0 [SUB0]
12-08 16:31:41.880 D/CAT ( 2509): com.android.stk.StkAppService: handleMessage opcode[1], sim id[0]
12-08 16:31:41.881 D/CAT ( 2509): com.android.stk.StkAppService: cmdName[SET_UP_EVENT_LIST]
12-08 16:31:41.881 D/CAT ( 2509): com.android.stk.StkAppService: [OP_CMD]
12-08 16:31:41.881 D/CAT ( 2509): com.android.stk.StkAppService: [handleCmd]SET_UP_EVENT_LIST
12-08 16:31:41.884 D/CAT ( 2509): StkAppService: isScreenIdle, package name : com.cyanogenmod.trebuchet
12-08 16:31:41.887 I/use-Rlog/RLOG-RIL-MX( 247): Read Ch7 << 0406+CRSM=144,0,656e6573ffff
12-08 16:31:41.887 D/use-Rlog/RLOG-RILMM( 247): RILMM_SIM_Send_onRequestComplete_to_Apps +
12-08 16:31:41.887 D/use-Rlog/RLOG-RILMM( 247): RILMM_SIM_Send_onRequestComplete_to_Apps -
12-08 16:31:41.887 I/use-Rlog/RLOG-RIL-MOD( 247): onReqComp: Ch7 process reqCode = 28
12-08 16:31:41.887 I/use-Rlog/RLOG-RIL-MX( 247): Ch7 > 0407AT+CRSM=176,28474,0,0,4,,3F007FFF,,,a0000003431002f310ffff89020000ff
12-08 16:31:41.887 I/use-Rlog/RLOG-RIL-MX( 247):
12-08 16:31:41.888 D/RILJ ( 2509): [3721]< SIM_IO IccIoResponse sw1:0x90 sw2:0x0 [SUB0]
12-08 16:31:41.929 I/use-Rlog/RLOG-RIL-MX( 247): Read Ch7 << 0407+CRSM=144,0,02010203
12-08 16:31:41.929 D/use-Rlog/RLOG-RILMM( 247): RILMM_SIM_Send_onRequestComplete_to_Apps +
12-08 16:31:41.929 D/use-Rlog/RLOG-RILMM( 247): RILMM_SIM_Send_onRequestComplete_to_Apps -
12-08 16:31:41.929 I/use-Rlog/RLOG-RIL-MOD( 247): onReqComp: Ch7 process reqCode = 28
12-08 16:31:41.929 I/use-Rlog/RLOG-RIL-MX( 247): Ch7 > 0408AT+CRSM=176,28481,0,0,35,,3F007FFF,,,a0000003431002f310ffff89020000ff
12-08 16:31:41.929 I/use-Rlog/RLOG-RIL-MX( 247):
12-08 16:31:41.930 D/RILJ ( 2509): [3722]< SIM_IO IccIoResponse sw1:0x90 sw2:0x0 [SUB0]
12-08 16:31:41.994 D/RuimRecords( 2509): [RuimRecords] iccid: 89148000000193022044
12-08 16:31:41.994 D/RuimRecords( 2509): [RuimRecords] onRecordLoaded 7 requested: true
12-08 16:31:41.994 D/RuimRecords( 2509): [RuimRecords] EF_PL LOADED
12-08 16:31:41.995 D/RuimRecords( 2509): [RuimRecords] EF_PL=656e6573ffff
12-08 16:31:41.995 D/RuimRecords( 2509): [RuimRecords] onRecordLoaded 6 requested: true
12-08 16:31:41.995 D/RuimRecords( 2509): [RuimRecords] EF_CSIM_LI LOADED
12-08 16:31:41.995 D/RuimRecords( 2509): [RuimRecords] EF_LI=656e6573
12-08 16:31:41.995 D/RuimRecords( 2509): [RuimRecords] onRecordLoaded 5 requested: true
12-08 16:31:42.023 I/use-Rlog/RLOG-RIL-MX( 247): Read Ch7 << 0408+CRSM=144,0,010201d6b23cad7fbb41d7b4bccc2ecfe7ffffffffffffffffffffffffffffffffffff
12-08 16:31:42.023 D/use-Rlog/RLOG-RILMM( 247): RILMM_SIM_Send_onRequestComplete_to_Apps +
