12-08 16:28:10.961 D/use-Rlog/RLOG-RIL-LTE( 247): RILM_OEM_SIM_SendSimDrvResponse_Callback +
12-08 16:28:10.961 D/use-Rlog/RLOG-RIL-LTE( 247): RILM_OEM_SIM_SendSimDrvResponse_Callback -
12-08 16:28:10.963 D/use-Rlog/RLOG-RIL-LTE( 247): RILM_OEM_SIM_Async_SendCRLAEvent +
12-08 16:28:10.963 D/use-Rlog/RLOG-RILMM( 247): RILMM_Main_OEM_onUnsolicitedResponse Rx UNSOL_OEM_HOOKRAW (1a0004) from LTE
12-08 16:28:10.963 D/use-Rlog/RLOG-RILMM( 247): RILMM_Main_OEM_onUnsolicitedResponse wl+ =18
12-08 16:28:10.963 D/use-Rlog/RLOG-RILMM( 247): RILMM_SIM_Oem_onUnsolicitedResponse +
12-08 16:28:10.963 D/use-Rlog/RLOG-RILMM( 247): RILMM_SIM_Oem_onUnsolicitedResponse Unsol OEM HOOKRAW msg id: 1a0004
12-08 16:28:10.963 D/use-Rlog/RLOG-RILMM( 247): RILMM_MAIN_send_request Sending Request with token = 678
12-08 16:28:10.963 I/use-Rlog/RLOG-RIL-MAIN( 247): onReq: reqCode = 59, dataLen = 28
12-08 16:28:10.963 D/use-Rlog/RLOG-RILMM( 247): RILMM_SIM_Oem_onUnsolicitedResponse -
12-08 16:28:10.963 D/use-Rlog/RLOG-RIL-LTE( 247): RILM_OEM_SIM_Async_SendCRLAEvent -
12-08 16:28:10.963 I/use-Rlog/RLOG-RIL-MX( 247): Ch7 > 0358AT+CRSM=164,28618,0,4,2,6FCA,3F007FFF,,1290116903
12-08 16:28:10.963 I/use-Rlog/RLOG-RIL-MX( 247):
12-08 16:28:11.046 I/use-Rlog/RLOG-RIL-MX( 247): Read Ch7 << 0358+CRSM=144,0,62228205422100060183026fcaa503c001008a01058b036f0610800200068102001a8800
12-08 16:28:11.047 I/use-Rlog/RLOG-RIL-ICC( 247): pCRSM: +CRSM=144,0,62228205422100060183026fcaa503c001008a01058b036f0610800200068102001a8800
12-08 16:28:11.047 D/use-Rlog/RLOG-RILMM( 247): RILMM_SIM_SendResponseCDMA_onRequestComplete +
12-08 16:28:11.047 D/use-Rlog/RLOG-RILMM( 247): RILMM_SIM_SendResponseCDMA_onRequestComplete LTE OEM msg id 655379, RIL_Errno 0
12-08 16:28:11.047 D/use-Rlog/RLOG-RILMM( 247): RILMM_SIM_SendResponseCDMA_onRequestComplete Responselen 41
12-08 16:28:11.047 D/use-Rlog/RLOG-RILMM( 247): RILMM_MAIN_send_request Sending Request with token = 679
12-08 16:28:11.047 D/use-Rlog/RLOG-RIL-LTE( 247): RILM_SIM_OEM_HookRaw_onRequest Msg id = 0xa0013
12-08 16:28:11.047 D/use-Rlog/RLOG-RIL-LTE( 247): RILM_OEM_onRequest Msg id= 0xa0013,
12-08 16:28:11.047 D/use-Rlog/RLOG-RIL-LTE( 247): RILM_OEM_SIM_onRequest Msg id= 0xa0013
12-08 16:28:11.047 D/use-Rlog/RLOG-RIL-LTE( 247): RILM_OEM_SIM_SendCRSM_Or_CRLAResponse_onRequest Message id = a0013, SW1 = 90, SW2 = 0, resp len = 36
12-08 16:28:11.047 D/use-Rlog/RLOG-RIL-LTE( 247): RILM_OEM_M2M_onRequest Msg id= 0xa0013
12-08 16:28:11.047 D/use-Rlog/RLOG-RILMM( 247): RILMM_SIM_SendResponseCDMA_onRequestComplete wl- =1
12-08 16:28:11.047 D/use-Rlog/RLOG-RILMM( 247): RILMM_SIM_SendResponseCDMA_onRequestComplete -
12-08 16:28:11.054 D/use-Rlog/RLOG-RIL-LTE( 247): RILM_OEM_SIM_SendSimDrvResponse_Callback +
12-08 16:28:11.054 D/use-Rlog/RLOG-RIL-LTE( 247): RILM_OEM_SIM_SendSimDrvResponse_Callback -
12-08 16:28:11.056 D/use-Rlog/RLOG-RIL-LTE( 247): RILM_OEM_SIM_Async_SendCRLAEvent +
12-08 16:28:11.056 D/use-Rlog/RLOG-RILMM( 247): RILMM_Main_OEM_onUnsolicitedResponse Rx UNSOL_OEM_HOOKRAW (1a0004) from LTE
12-08 16:28:11.056 D/use-Rlog/RLOG-RILMM( 247): RILMM_Main_OEM_onUnsolicitedResponse wl+ =18
12-08 16:28:11.056 D/use-Rlog/RLOG-RILMM( 247): RILMM_SIM_Oem_onUnsolicitedResponse +
12-08 16:28:11.056 D/use-Rlog/RLOG-RILMM( 247): RILMM_SIM_Oem_onUnsolicitedResponse Unsol OEM HOOKRAW msg id: 1a0004
12-08 16:28:11.056 D/use-Rlog/RLOG-RILMM( 247): RILMM_MAIN_send_request Sending Request with token = 680
12-08 16:28:11.056 I/use-Rlog/RLOG-RIL-MAIN( 247): onReq: reqCode = 59, dataLen = 26
12-08 16:28:11.056 D/use-Rlog/RLOG-RILMM( 247): RILMM_SIM_Oem_onUnsolicitedResponse -
12-08 16:28:11.056 D/use-Rlog/RLOG-RIL-LTE( 247): RILM_OEM_SIM_Async_SendCRLAEvent -
12-08 16:28:11.056 I/use-Rlog/RLOG-RIL-MX( 247): Ch7 > 0359AT+CRSM=178,28618,1,4,6,,3F007FFF,,1290116903
12-08 16:28:11.056 I/use-Rlog/RLOG-RIL-MX( 247):
12-08 16:28:11.161 I/use-Rlog/RLOG-RIL-MX( 247): Read Ch7 << 0359+CRSM=144,0,000000000000
12-08 16:28:11.161 I/use-Rlog/RLOG-RIL-ICC( 247): pCRSM: +CRSM=144,0,000000000000
12-08 16:28:11.161 D/use-Rlog/RLOG-RILMM( 247): RILMM_SIM_SendResponseCDMA_onRequestComplete +
12-08 16:28:11.161 D/use-Rlog/RLOG-RILMM( 247): RILMM_SIM_SendResponseCDMA_onRequestComplete LTE OEM msg id 655379, RIL_Errno 0
12-08 16:28:11.161 D/use-Rlog/RLOG-RILMM( 247): RILMM_SIM_SendResponseCDMA_onRequestComplete Responselen 11
12-08 16:28:11.161 D/use-Rlog/RLOG-RILMM( 247): RILMM_MAIN_send_request Sending Request with token = 681
12-08 16:28:11.161 D/use-Rlog/RLOG-RIL-LTE( 247): RILM_SIM_OEM_HookRaw_onRequest Msg id = 0xa0013
12-08 16:28:11.161 D/use-Rlog/RLOG-RIL-LTE( 247): RILM_OEM_onRequest Msg id= 0xa0013,
12-08 16:28:11.161 D/use-Rlog/RLOG-RIL-LTE( 247): RILM_OEM_SIM_onRequest Msg id= 0xa0013
12-08 16:28:11.161 D/use-Rlog/RLOG-RIL-LTE( 247): RILM_OEM_SIM_SendCRSM_Or_CRLAResponse_onRequest Message id = a0013, SW1 = 90, SW2 = 0, resp len = 6
12-08 16:28:11.162 D/use-Rlog/RLOG-RIL-LTE( 247): RILM_OEM_M2M_onRequest Msg id= 0xa0013
12-08 16:28:11.162 D/use-Rlog/RLOG-RILMM( 247): RILMM_SIM_SendResponseCDMA_onRequestComplete wl- =1
12-08 16:28:11.162 D/use-Rlog/RLOG-RILMM( 247): RILMM_SIM_SendResponseCDMA_onRequestComplete -
12-08 16:28:11.198 D/use-Rlog/RLOG-RIL-LTE( 247): RILM_OEM_SIM_SendSimDrvResponse_Callback +
12-08 16:28:11.198 D/use-Rlog/RLOG-RIL-LTE( 247): RILM_OEM_SIM_SendSimDrvResponse_Callback -
12-08 16:28:24.029 I/use-Rlog/RLOG-RIL-RDS( 247): makeRds: rdsHeader.msgId=10000
12-08 16:28:24.029 I/use-Rlog/RLOG-RIL-RDS( 247): procSubscrReq: msgId=10000
12-08 16:28:24.029 I/use-Rlog/RLOG-RIL-RDS( 247): procSubscrReq: Adding Audio client
12-08 16:28:24.029 I/use-Rlog/RLOG-RIL-RDS( 247): procSubscrReq: numMsg=4
12-08 16:28:24.029 I/use-Rlog/RLOG-RIL-RDS( 247): procSubscrReq: send OK, fd=61
12-08 16:28:24.029 I/use-Rlog/RLOG-RIL-RDS( 247): onReq: no BP access for this req
12-08 16:28:24.118 I/use-Rlog/RLOG-RIL-RDS( 247): makeRds: rdsHeader.msgId=11003
12-08 16:28:24.118 I/use-Rlog/RLOG-RIL-MX( 247): Ch1 > 0360AT+CLVL=7
12-08 16:28:24.235 I/use-Rlog/RLOG-RIL-MX( 247): Read Ch1 << 0360+CLVL:OK
12-08 16:28:24.236 D/use-Rlog/RLOG-RIL-RDS( 247): sndMsg: no client sock
12-08 16:31:08.631 I/use-Rlog/RLOG-RIL-RDS( 247): makeRds: rdsHeader.msgId=11003
12-08 16:31:08.631 I/use-Rlog/RLOG-RIL-MX( 247): Ch1 > 0361AT+CLVL=5
12-08 16:31:08.745 I/use-Rlog/RLOG-RIL-MX( 247): Read Ch1 << 0361+CLVL:OK
12-08 16:31:08.745 D/use-Rlog/RLOG-RIL-RDS( 247): sndMsg: no client sock
12-08 16:31:10.590 D/use-Rlog/RLOG-RIL-LTE( 247): interfaceAdded Interface Added: wlan0 Control Int: 1 No of Data Int: 4
12-08 16:31:11.129 D/TelephonyRegistry( 1246): listen oscl: hasNotifySubscriptionInfoChangedOccurred==false no callback
12-08 16:31:14.231 D/use-Rlog/RLOG-RIL-LTE( 247): interfaceAdded Interface Added: p2p0 Control Int: 1 No of Data Int: 4
12-08 16:31:14.910 D/TelephonyRegistry( 1246): systemRunning register for intents
12-08 16:31:14.958 D/TelephonyRegistry( 1246): listen oscl: hasNotifySubscriptionInfoChangedOccurred==false no callback
12-08 16:31:15.957 D/TelephonyRegistry( 1246): listen oscl: hasNotifySubscriptionInfoChangedOccurred==false no callback
12-08 16:31:16.226 D/TelephonyPluginDelegate( 2509): Extension = @/system/framework/
12-08 16:31:16.227 D/TelephonyPluginDelegate( 2509): classLoader = dalvik.system.PathClassLoader[DexPathList[[directory "/system/framework"],nativeLibraryDirectories=[/vendor/lib, /system/lib]]]
12-08 16:31:16.227 D/TelephonyPluginDelegate( 2509): No customized TelephonyPlugin available, fallback to default
12-08 16:31:16.227 D/TelephonyPluginDelegate( 2509): cls = class com.android.internal.telephony.DefaultTelephonyPlugin
12-08 16:31:16.227 D/TelephonyPluginDelegate( 2509): constructor method = public com.android.internal.telephony.DefaultTelephonyPlugin()
12-08 16:31:16.232 D/TDC ( 2509): updateOrInsert: inserting: Modem { uuid=modem, state=0, rilModel=0, rat={}, maxActiveVoiceCall=1, maxActiveDataCall=1, maxStandby=1 }
12-08 16:31:16.232 D/TDC ( 2509): updateOrInsert: inserting: Sim { uuid=sim, modemUuid=modem, state=0 }
12-08 16:31:16.240 D/TelephonyManager( 2509): getLteOnCdmaMode=1 curVal=1 product_type='' lteOnCdmaProductType=''
12-08 16:31:16.248 D/CdmaSSM ( 2509): subscriptionSource from settings: 0
12-08 16:31:16.248 I/PhoneFactory( 2509): Cdma Subscription set to 0
12-08 16:31:16.276 I/PhoneFactory( 2509): RILClassname is motoOmap4RIL
12-08 16:31:16.296 I/PhoneFactory( 2509): Network Mode set to 10
12-08 16:31:16.340 D/RILJ ( 2509): RIL(context, preferredNetworkType=10 cdmaSubscription=0)
12-08 16:31:16.392 D/RILJ ( 2509): Starting RILReceiver0 [SUB0]
12-08 16:31:16.398 V/RILJ ( 2509): motoOmap4RIL: getHardwareConfig
12-08 16:31:16.401 I/PhoneFactory( 2509): Creating SubscriptionController
12-08 16:31:16.414 I/RILJ ( 2509): (0) Connected to 'rild' socket
12-08 16:31:16.414 I/RILC ( 247): libril: new connection to RIL_SOCKET_1
12-08 16:31:16.414 D/use-Rlog/RLOG-RILMM( 247): onStateRequest +
12-08 16:31:16.414 I/use-Rlog/RLOG-RIL-MAIN( 247): curState: Returns 0
12-08 16:31:16.414 I/use-Rlog/RLOG-RILMM( 247): onStateRequest moto-ril current_state = 0
12-08 16:31:16.414 D/use-Rlog/RLOG-RILMM( 247): onStateRequest -
12-08 16:31:16.415 D/use-Rlog/RLOG-RILMM( 247): getVersion +
12-08 16:31:16.415 I/use-Rlog/RLOG-RIL-MAIN( 247): getVer- bxw734_SPYDER_COMMON_MOTO_RIL_03.25.00R_ver6RILH
12-08 16:31:16.415 D/use-Rlog/RLOG-RIL-LTE( 247): getVersion +
12-08 16:31:16.415 I/use-Rlog/RLOG-RILMM( 247): RILMM_MM_onUnsolicitedResponse Rx UNSOL_RESPONSE_RADIO_STATE_CHANGED from: 0, op_mode: 255
12-08 16:31:16.415 D/use-Rlog/RLOG-RIL-LTE( 247): getVersion -
12-08 16:31:16.415 I/use-Rlog/RLOG-RILMM( 247): getVersion RIL VERSIONS: libmoto_mm_ril:LTEDC_U_09.1D.00 libmoto_lte_ril:LTEDC_U_09.1D.00 libmoto_cdma_ril:bxw734_SPYDER_COMMON_MOTO_RIL_03.25.00R_ver6RILH
12-08 16:31:16.415 D/use-Rlog/RLOG-RILMM( 247): getVersion -
12-08 16:31:16.415 I/RILC ( 247): RIL Daemon version: libmoto_mm_ril:LTEDC_U_09.1D.00 libmoto_lte_ril:LTEDC_U_09.1D.00 libmoto_cdma_ril:bxw734_SPYDER_COMMON_MOTO_RIL_03.25.00R_ver6RILH
12-08 16:31:16.416 D/RILJ ( 2509): [UNSL]< UNSOL_RIL_CONNECTED {6} [SUB0]
12-08 16:31:16.418 D/RILJ ( 2509): [3648]> RADIO_POWER off [SUB0]
12-08 16:31:16.418 D/SubscriptionController( 2509): [SubscriptionController] init by Context
12-08 16:31:16.437 D/UiccController( 2509): Creating UiccController
12-08 16:31:16.456 D/RILJ ( 2509): [3649]> RIL_REQUEST_CDMA_SET_SUBSCRIPTION_SOURCE : 0 [SUB0]
12-08 16:31:16.458 V/RILJ ( 2509): motoOmap4RIL: setCellInfoListRate
12-08 16:31:16.458 D/RILJ ( 2509): [UNSL]< UNSOL_RESPONSE_RADIO_STATE_CHANGED RADIO_OFF [SUB0]
12-08 16:31:16.458 D/RILJ ( 2509): [3650]> SCREEN_STATE: true [SUB0]
12-08 16:31:16.461 D/TelephonyTester( 2509): register for intent action=com.android.internal.telephony.gsm.action_detached
12-08 16:31:16.461 D/TelephonyTester( 2509): register for intent action=com.android.internal.telephony.gsm.action_attached
12-08 16:31:16.488 D/use-Rlog/RLOG-RILMM( 247): RILMM_MM_RadioPower_onRequest +
12-08 16:31:16.489 D/use-Rlog/RLOG-RILMM( 247): util_get_cdmagsm_ril_modem_mode Modem mode = 1
12-08 16:31:16.489 D/use-Rlog/RLOG-RILMM( 247): RILMM_MM_RadioPower_onRequest op_mode = 255
12-08 16:31:16.489 I/use-Rlog/RLOG-RILMM( 247): RILMM_MM_RadioPower_onRequest LTE not available - send to CDMA
12-08 16:31:16.489 D/use-Rlog/RLOG-RILMM( 247): RILMM_MAIN_send_request Sending Request with token = 682
12-08 16:31:16.489 I/use-Rlog/RLOG-RIL-MAIN( 247): onReq: reqCode = 23, dataLen = 4
12-08 16:31:16.489 D/use-Rlog/RLOG-RILMM( 247): RILMM_MM_RadioPower_onRequest -
12-08 16:31:16.489 D/use-Rlog/RLOG-RILMM( 247): RILMM_MDM_onRequest +
12-08 16:31:16.489 D/use-Rlog/RLOG-RILMM( 247): RILMM_MAIN_send_request Sending Request with token = 683
12-08 16:31:16.489 I/use-Rlog/RLOG-RIL-MAIN( 247): onReq: reqCode = 77, dataLen = 4
12-08 16:31:16.489 D/use-Rlog/RLOG-RILMM( 247): RILMM_MDM_onRequest -
12-08 16:31:16.489 D/use-Rlog/RLOG-RILMM( 247): RILMM_MM_ScreenState_onRequest Send to LTE
12-08 16:31:16.489 D/use-Rlog/RLOG-RILMM( 247): RILMM_MAIN_send_request Sending Request with token = 684
12-08 16:31:16.489 D/use-Rlog/RLOG-RIL-LTE( 247): RILM_MM_ScreenState_onRequest RILM_MM_screen_state : 1
12-08 16:31:16.490 I/use-Rlog/RLOG-RIL-MX( 247): Ch0 > 0362AT+CFUN=0
12-08 16:31:16.491 D/use-Rlog/RLOG-RILMM( 247): RILMM_MDM_CDMA_onRequestComplete +
12-08 16:31:16.491 D/use-Rlog/RLOG-RILMM( 247): RILMM_MDM_CDMA_onRequestComplete -
12-08 16:31:16.492 D/RILJ ( 2509): [3649]< RIL_REQUEST_CDMA_SET_SUBSCRIPTION_SOURCE [SUB0]
12-08 16:31:16.523 D/PhoneBase( 2509): mDoesRilSendMultipleCallRing=false
12-08 16:31:16.523 D/PhoneBase( 2509): mCallRingDelay=3000
12-08 16:31:16.546 V/RILJ ( 2509): motoOmap4RIL: startLceService
12-08 16:31:16.547 D/PhoneBase( 2509): mOosIsDisconnect=true
12-08 16:31:16.547 D/RILJ ( 2509): setPhoneType=1 old value=0 [SUB0]
12-08 16:31:16.603 I/use-Rlog/RLOG-RIL-MX( 247): Read Ch0 << 0362+CFUN:OK
12-08 16:31:16.603 D/use-Rlog/RLOG-RILMM( 247): RILMM_MM_RadioPowerCDMA_onRequestComplete +
12-08 16:31:16.603 D/use-Rlog/RLOG-RILMM( 247): reset_gprs_reg_info +
12-08 16:31:16.603 D/use-Rlog/RLOG-RILMM( 247): store_gprs_registration_state Storing GprsRegInfo: {4, 0, 0, 0}
12-08 16:31:16.603 D/use-Rlog/RLOG-RILMM( 247): send_gprs_reg_state_change +
12-08 16:31:16.603 D/use-Rlog/RLOG-RILMM( 247): RILMM_SAT_Handle_GprsRegState +
12-08 16:31:16.603 D/use-Rlog/RLOG-RILMM( 247): RILMM_SAT_Handle_GprsRegState -
12-08 16:31:16.603 D/use-Rlog/RLOG-RILMM( 247): store_operator_info Storing OperatorInfo: {(null), (null), (null), (null), (null), (null)}
12-08 16:31:16.603 D/use-Rlog/RLOG-RILMM( 247): reset_gprs_reg_info -
12-08 16:31:16.603 D/use-Rlog/RLOG-RILMM( 247): reset_cdma_reg_info +
12-08 16:31:16.603 D/use-Rlog/RLOG-RILMM( 247): store_registration_state +
12-08 16:31:16.603 D/use-Rlog/RLOG-RILMM( 247): store_registration_state Storing RegInfo: {0, 0, 0, 0, 0, 0, 0, 0, 0, 0, 0, 0, 0, 0}
12-08 16:31:16.603 D/use-Rlog/RLOG-RILMM( 247): store_registration_state -
12-08 16:31:16.604 D/use-Rlog/RLOG-RILMM( 247): store_operator_info Storing OperatorInfo: {(null), (null), (null), (null), (null), (null)}
12-08 16:31:16.604 D/use-Rlog/RLOG-RILMM( 247): reset_cdma_reg_info -
12-08 16:31:16.604 D/use-Rlog/RLOG-RILMM( 247): sync_ho_reg_info +
12-08 16:31:16.604 D/use-Rlog/RLOG-RILMM( 247): update_ho_registration_state Storing HO RegInfo: {0, 0, 0, 0, 0, 0, 0, 0, 0, 0, 0, 0, 0, 0}
12-08 16:31:16.604 D/use-Rlog/RLOG-RILMM( 247): update_ho_gprs_registration_state Storing HO GprsRegInfo: {4, 0, 0, 0}
12-08 16:31:16.604 D/use-Rlog/RLOG-RILMM( 247): sync_ho_reg_info -
12-08 16:31:16.604 D/use-Rlog/RLOG-RILMM( 247): RILMM_MAIN_send_request Sending Request with token = 685
12-08 16:31:16.604 I/use-Rlog/RLOG-RIL-MAIN( 247): onReq: reqCode = 59, dataLen = 40
12-08 16:31:16.604 D/use-Rlog/RLOG-RILMM( 247): determine_system_priority +
12-08 16:31:16.604 D/use-Rlog/RLOG-RILMM( 247): determine_system_priority -
12-08 16:31:16.604 D/use-Rlog/RLOG-RILMM( 247): RILMM_MM_RadioPowerCDMA_onRequestComplete -
12-08 16:31:16.604 D/RILJ ( 2509): [3648]< RADIO_POWER [SUB0]
12-08 16:31:16.609 D/use-Rlog/RLOG-RIL-LTE( 247): RILM_MM_SetSuppressNotifications_Callback +
12-08 16:31:16.609 D/use-Rlog/RLOG-RILMM( 247): RILMM_MM_ScreenStateLTE_onRequestComplete +
12-08 16:31:16.609 D/use-Rlog/RLOG-RILMM( 247): RILMM_MAIN_send_request Sending Request with token = 686
12-08 16:31:16.610 I/use-Rlog/RLOG-RIL-MAIN( 247): onReq: reqCode = 61, dataLen = 4
12-08 16:31:16.610 D/use-Rlog/RLOG-RILMM( 247): RILMM_MM_ScreenStateLTE_onRequestComplete -
12-08 16:31:16.610 D/use-Rlog/RLOG-RIL-LTE( 247): RILM_MM_SetSuppressNotifications_Callback -
12-08 16:31:16.611 I/use-Rlog/RLOG-RIL-MX( 247): Ch0 > 0364AT+SCRN=1
12-08 16:31:16.619 D/TelephonyRegistry( 1246): listen oscl: hasNotifySubscriptionInfoChangedOccurred==false no callback
12-08 16:31:16.621 D/TelephonyManager( 2509): setTelephonyProperty: success phoneId=0 property=gsm.network.type value: Unknown propVal=Unknown
12-08 16:31:16.637 D/RILJ ( 2509): [3651]> SIGNAL_STRENGTH [SUB0]
12-08 16:31:16.639 E/use-Rlog/RLOG-RIL-MOD( 247): parOkErr: ERROR RSP, Rsp = +SVCCFG:ERROR=9
12-08 16:31:16.639 E/use-Rlog/RLOG-RIL-MOD( 247): , prefix =
12-08 16:31:16.639 I/use-Rlog/RLOG-RIL-MOD( 247): onReqComp: Ch4 process reqCode = 59
12-08 16:31:16.643 D/use-Rlog/RLOG-RILMM( 247): RILMM_MM_SignalStrength_onRequest +
12-08 16:31:16.643 D/use-Rlog/RLOG-RILMM( 247): RILMM_MM_SignalStrength_onRequest -
12-08 16:31:16.643 D/RilRequest( 2509): [3651]< SIGNAL_STRENGTH error: com.android.internal.telephony.CommandException: GENERIC_FAILURE ret=SignalStrength: -1 -1 -1 -1 -1 -1 -1 99 2147483647 2147483647 2147483647 2147483647 2147483647 gsm|lte
12-08 16:31:16.645 I/use-Rlog/RLOG-RIL-RDE( 247): makeOem msgId=33554454
12-08 16:31:16.655 D/ ( 2509): [0]DCT.constructor
12-08 16:31:16.655 D/SubscriptionController( 2509): [getSubId]- sSlotIdxToSubId.size == 0, return DummySubIds slotIdx=0
12-08 16:31:16.663 D/ ( 2509): [0]getDataEnabled: getIntWithSubId retVal=true
12-08 16:31:16.672 D/TelephonyRegistry( 1246): listen oscl: hasNotifySubscriptionInfoChangedOccurred==false no callback
12-08 16:31:16.676 I/use-Rlog/RLOG-RIL-MX( 247): Read Ch0 << 0364+SCRN:OK
12-08 16:31:16.676 D/use-Rlog/RLOG-RILMM( 247): RILMM_MM_ScreenStateCDMA_onRequestComplete +
12-08 16:31:16.677 D/use-Rlog/RLOG-RILMM( 247): RILMM_MM_ScreenStateCDMA_onRequestComplete -
12-08 16:31:16.677 D/RILJ ( 2509): [3650]< SCREEN_STATE [SUB0]
12-08 16:31:16.694 D/Dcc ( 2509): E ctor
12-08 16:31:16.694 D/Dcc ( 2509): X ctor
12-08 16:31:16.717 I/use-Rlog/RLOG-RIL-RDE( 247): HOOK rsp: msgid=33554454, len=24, e=0
12-08 16:31:16.717 D/use-Rlog/RLOG-RILMM( 247): RILMM_MM_OEM_GetMMScanTimerCDMA_onRequestComplete +
12-08 16:31:16.717 D/use-Rlog/RLOG-RILMM( 247): RILMM_MM_OEM_GetMMScanTimerCDMA_onRequestComplete scan_time : 120
12-08 16:31:16.717 D/use-Rlog/RLOG-RILMM( 247): RILMM_MAIN_send_request Sending Request with token = 687
12-08 16:31:16.717 D/use-Rlog/RLOG-RIL-LTE( 247): RILM_MM_OEM_SetMMScanTimer_onRequest +
12-08 16:31:16.717 D/use-Rlog/RLOG-RIL-LTE( 247): RILM_MM_OEM_SetMMScanTimer_onRequest oem msg id 50013
12-08 16:31:16.717 D/use-Rlog/RLOG-RIL-LTE( 247): RILM_MM_OEM_SetMMScanTimer_onRequest scan timer value: 120
12-08 16:31:16.717 D/use-Rlog/RLOG-RIL-LTE( 247): RILM_MM_OEM_SetMMScanTimer_onRequest -
12-08 16:31:16.717 D/use-Rlog/RLOG-RIL-LTE( 247): RILM_SIM_OEM_HookRaw_onRequest Msg id = 0x50013
12-08 16:31:16.717 D/use-Rlog/RLOG-RIL-LTE( 247): RILM_OEM_onRequest Msg id= 0x50013,
12-08 16:31:16.717 D/use-Rlog/RLOG-RIL-LTE( 247): RILM_OEM_SIM_onRequest Msg id= 0x50013
12-08 16:31:16.717 D/use-Rlog/RLOG-RIL-LTE( 247): RILM_OEM_M2M_onRequest Msg id= 0x50013
12-08 16:31:16.717 D/use-Rlog/RLOG-RILMM( 247): RILMM_MM_OEM_GetMMScanTimerCDMA_onRequestComplete -
12-08 16:31:16.733 D/use-Rlog/RLOG-RIL-LTE( 247): RILM_MM_OEM_SetScanTimer_SetNetworkSettings_Callback +
12-08 16:31:16.733 D/use-Rlog/RLOG-RIL-LTE( 247): RILM_MM_OEM_SetScanTimer_SetNetworkSettings_Callback result = 1, failure_cause = 0, isCanceled = 0
12-08 16:31:16.733 D/use-Rlog/RLOG-RIL-LTE( 247): RILM_MM_OEM_SetScanTimer_SetNetworkSettings_Callback -
12-08 16:31:16.738 D/SubscriptionController( 2509): [getPhoneId] asked for default subId=-1
12-08 16:31:16.738 D/SubscriptionController( 2509): [getPhoneId]- invalid subId return=-1
12-08 16:31:16.741 D/DcTesterDeacativeAll( 2509): register for intent action=com.android.internal.telephony.dataconnection.action_deactivate_all
12-08 16:31:16.741 D/DcTesterDeacativeAll( 2509): register for intent action=com.android.internal.telephony.gsm.action_detached
12-08 16:31:16.745 D/Dcc ( 2509): DccDefaultState: msg.what=EVENT_RIL_CONNECTED mRilVersion=6
12-08 16:31:16.757 D/DcTesterFailBrinupAll( 2509): register for intent action=com.android.internal.telephony.dataconnection.action_fail_bringup
12-08 16:31:16.757 D/DcTesterFailBrinupAll( 2509): register for intent action=com.android.internal.telephony.gsm.action_detached
12-08 16:31:16.757 D/DcTesterFailBrinupAll( 2509): register for intent action=com.android.internal.telephony.gsm.action_attached
12-08 16:31:16.766 D/DCT ( 2509): [0]GsmDCT.constructor
12-08 16:31:16.771 D/GsmSST ( 2509): [GsmSST] notifyDataRegStateRilRadioTechnologyChanged: drs=1 rat=0
12-08 16:31:16.771 D/TelephonyManager( 2509): setTelephonyProperty: success phoneId=0 property=gsm.network.type value: Unknown propVal=Unknown
12-08 16:31:16.772 D/SubscriptionController( 2509): [getSubId]- sSlotIdxToSubId.size == 0, return DummySubIds slotIdx=0
12-08 16:31:16.772 D/DCT ( 2509): [0]update sub = -2
12-08 16:31:16.772 D/DCT ( 2509): [0]update(): Active DDS, register for all events now!
12-08 16:31:16.772 D/DCT ( 2509): [0]onUpdateIcc: newIccRecords null
12-08 16:31:16.772 D/DCT ( 2509): [0]getDataEnabled: getIntWithSubId retVal=true
12-08 16:31:16.781 D/SubscriptionController( 2509): [getSubId]- sSlotIdxToSubId.size == 0, return DummySubIds slotIdx=0
12-08 16:31:16.781 D/GSMPhone( 2509): [GSMPhone] updateCurrentCarrierInProvider: mSubId = -2 currentDds = 1 operatorNumeric = null
12-08 16:31:16.783 D/DCT ( 2509): [0]initApnContexts: E
12-08 16:31:16.783 D/DCT ( 2509): [0]initApnContexts: skipping unknown type=1
12-08 16:31:16.787 D/DCT ( 2509): [0]initApnContexts: apnContext={mApnType=default mState=IDLE mWaitingApns={null} mWaitingApnsPermanentFailureCountDown=0 mApnSetting={null} mReason=dataEnabled mDataEnabled=false mDependencyMet=true}
12-08 16:31:16.787 D/DCT ( 2509): [0]initApnContexts: apnContext={mApnType=mms mState=IDLE mWaitingApns={null} mWaitingApnsPermanentFailureCountDown=0 mApnSetting={null} mReason=dataEnabled mDataEnabled=false mDependencyMet=true}
12-08 16:31:16.787 D/DCT ( 2509): [0]initApnContexts: apnContext={mApnType=supl mState=IDLE mWaitingApns={null} mWaitingApnsPermanentFailureCountDown=0 mApnSetting={null} mReason=dataEnabled mDataEnabled=false mDependencyMet=true}
12-08 16:31:16.787 D/DCT ( 2509): [0]initApnContexts: apnContext={mApnType=dun mState=IDLE mWaitingApns={null} mWaitingApnsPermanentFailureCountDown=0 mApnSetting={null} mReason=dataEnabled mDataEnabled=false mDependencyMet=true}
12-08 16:31:16.787 D/DCT ( 2509): [0]initApnContexts: apnContext={mApnType=hipri mState=IDLE mWaitingApns={null} mWaitingApnsPermanentFailureCountDown=0 mApnSetting={null} mReason=dataEnabled mDataEnabled=false mDependencyMet=true}
12-08 16:31:16.787 D/DCT ( 2509): [0]initApnContexts: skipping unknown type=7
12-08 16:31:16.788 D/DCT ( 2509): [0]initApnContexts: apnContext={mApnType=fota mState=IDLE mWaitingApns={null} mWaitingApnsPermanentFailureCountDown=0 mApnSetting={null} mReason=dataEnabled mDataEnabled=false mDependencyMet=true}
12-08 16:31:16.788 D/DCT ( 2509): [0]initApnContexts: apnContext={mApnType=ims mState=IDLE mWaitingApns={null} mWaitingApnsPermanentFailureCountDown=0 mApnSetting={null} mReason=dataEnabled mDataEnabled=false mDependencyMet=true}
12-08 16:31:16.788 D/DCT ( 2509): [0]initApnContexts: apnContext={mApnType=cbs mState=IDLE mWaitingApns={null} mWaitingApnsPermanentFailureCountDown=0 mApnSetting={null} mReason=dataEnabled mDataEnabled=false mDependencyMet=true}
12-08 16:31:16.788 D/DCT ( 2509): [0]initApnContexts: X mApnContexts={default={mApnType=default mState=IDLE mWaitingApns={null} mWaitingApnsPermanentFailureCountDown=0 mApnSetting={null} mReason=dataEnabled mDataEnabled=false mDependencyMet=true}, mms={mApnType=mms mState=IDLE mWaitingApns={null} mWaitingApnsPermanentFailureCountDown=0 mApnSetting={null} mReason=dataEnabled mDataEnabled=false mDependencyMet=true}, cbs={mApnType=cbs mState=IDLE mWaitingApns={null} mWaitingApnsPermanentFailureCountDown=0 mApnSetting={null} mReason=dataEnabled mDataEnabled=false mDependencyMet=true}, fota={mApnType=fota mState=IDLE mWaitingApns={null} mWaitingApnsPermanentFailureCountDown=0 mApnSetting={null} mReason=dataEnabled mDataEnabled=false mDependencyMet=true}, supl={mApnType=supl mState=IDLE mWaitingApns={null} mWaitingApnsPermanentFailureCountDown=0 mApnSetting={null} mReason=dataEnabled mDataEnabled=false mDependencyMet=true}, dun={mApnType=dun mState=IDLE mWaitingApns={null} mWaitingApnsPermanentFailureCountDown=0 mApnSetting={null} mReason=dataEnabled mDataEnabled=false mDependencyMet=true}, hipri={mApnType=hipri mState=IDLE mWaitingApns={null} mWaitingApnsPermanentFailureCountDown=0 mApnSetting={null} mReason=dataEnabled mDataEnabled=false mDependencyMet=true}, ims={mApnType=ims mState=IDLE mWaitingApns={null} mWaitingApnsPermanentFailureCountDown=0 mApnSetting={null} mReason=dataEnabled mDataEnabled=false mDependencyMet=true}}
12-08 16:31:16.948 D/TelephonyManager( 2509): setTelephonyProperty: success phoneId=0 property=gsm.current.phone-type value: 1 propVal=1
12-08 16:31:16.949 D/GSMPhone( 2509): [GSMPhone] GSMPhone: constructor: sub = 0
12-08 16:31:16.949 D/TelephonyManager( 2509): setTelephonyProperty: success phoneId=0 property=gsm.current.phone-type value: 1 propVal=1
12-08 16:31:16.949 I/PhoneFactory( 2509): Creating Phone with type = 1 sub = 0
12-08 16:31:16.999 E/RIL_ImsSms( 2509): getFormat should never be called from here!
12-08 16:31:16.999 D/SMSDispatcher( 2509): SMSDispatcher: ctor mSmsCapable=true format=unknown mSmsSendDisabled=false
12-08 16:31:16.999 D/RIL_ImsSms( 2509): ImsSMSDispatcher created
12-08 16:31:17.003 D/SMSDispatcher( 2509): SMSDispatcher: ctor mSmsCapable=true format=3gpp2 mSmsSendDisabled=false
12-08 16:31:17.004 D/CdmaSMSDispatcher( 2509): CdmaSMSDispatcher created
12-08 16:31:17.193 D/GsmInboundSmsHandler( 2509): created InboundSmsHandler
12-08 16:31:17.290 D/CdmaInboundSmsHandler( 2509): created InboundSmsHandler
12-08 16:31:17.305 D/SMSDispatcher( 2509): SMSDispatcher: ctor mSmsCapable=true format=3gpp mSmsSendDisabled=false
12-08 16:31:17.305 D/GsmSMSDispatcher( 2509): GsmSMSDispatcher created
12-08 16:31:17.312 D/IccCardProxy( 2509): ctor: ci=com.android.internal.telephony.motoOmap4RIL@10a05db phoneId=0
12-08 16:31:17.312 D/CdmaSSM ( 2509): subscriptionSource from settings: 0
12-08 16:31:17.312 D/CdmaSSM ( 2509): cdmaSSM constructor: 0
12-08 16:31:17.312 D/IccCardProxy( 2509): update icc_operator_numeric=
12-08 16:31:17.312 D/TelephonyManager( 2509): setTelephonyProperty: success phoneId=0 property=gsm.sim.operator.numeric value: propVal=
12-08 16:31:17.313 D/TelephonyManager( 2509): setTelephonyProperty: success phoneId=0 property=gsm.sim.operator.iso-country value: propVal=
12-08 16:31:17.317 D/TelephonyManager( 2509): setTelephonyProperty: success phoneId=0 property=gsm.sim.operator.alpha value: propVal=
12-08 16:31:17.318 E/IccCardProxy( 2509): setExternalState: set mPhoneId=0 mExternalState=NOT_READY
12-08 16:31:17.318 D/TelephonyManager( 2509): setTelephonyProperty: success phoneId=0 property=gsm.sim.state value: NOT_READY propVal=NOT_READY
12-08 16:31:17.323 D/SubscriptionController( 2509): [getSubId]- sSlotIdxToSubId.size == 0, return DummySubIds slotIdx=0
12-08 16:31:17.323 D/IccCardProxy( 2509): broadcastIccStateChangedIntent intent ACTION_SIM_STATE_CHANGED value=NOT_READY reason=null for mPhoneId=0
12-08 16:31:17.331 D/SmsBroadcastUndelivered( 2509): scanning raw table for undelivered messages
12-08 16:31:17.344 D/IccCardProxy( 2509): Setting radio tech UMTS
12-08 16:31:17.344 D/IccCardProxy( 2509): updateQuietMode: 3GPP subscription -> newQuietMode=false
12-08 16:31:17.344 D/IccCardProxy( 2509): updateQuietMode: no changes don't setExternalState
12-08 16:31:17.344 D/IccCardProxy( 2509): updateQuietMode: QuietMode is false (app_type=1 cdmaSource=-1)
12-08 16:31:17.347 D/ProxyController( 2509): Constructor - Enter
12-08 16:31:17.347 D/DctController( 2509): makeDctController: new DctController phones.length=1
12-08 16:31:17.347 D/DctController( 2509): DctController(): phones.length=1
12-08 16:31:17.364 D/DcSwitchSM( 2509): [DcSwitchStateMachine-0] DcSwitchState constructor E
12-08 16:31:17.364 D/DcSwitchSM( 2509): [DcSwitchStateMachine-0] DcSwitchState constructor X
12-08 16:31:17.366 D/DcSwitchSM( 2509): [DcSwitchStateMachine-0] IdleState: enter
12-08 16:31:17.371 D/DctController( 2509): DctController(phones): Connect success: 0
12-08 16:31:17.371 D/DctController( 2509): updatePhoneBaseForIndex for phone index=0
12-08 16:31:17.371 D/DctController( 2509): unregister TelephonyNetworkFactory for phone index=0
12-08 16:31:17.396 D/SubscriptionController( 2509): [getSubId]- sSlotIdxToSubId.size == 0, return DummySubIds slotIdx=0
12-08 16:31:17.396 D/DctController( 2509): [TNF -2]NetworkCapabilities: [ Transports: CELLULAR Capabilities: MMS&SUPL&DUN&FOTA&IMS&CBS&IA&RCS&XCAP&EIMS&INTERNET&NOT_RESTRICTED&TRUSTED&NOT_VPN]
12-08 16:31:17.397 D/SubscriptionController( 2509): [getActiveSubInfoList]+
12-08 16:31:17.402 D/SmsBroadcastUndelivered( 2509): finished scanning raw table in 70 ms
12-08 16:31:17.403 D/GsmInboundSmsHandler( 2509): StartupState.processMessage:6
12-08 16:31:17.403 D/GsmInboundSmsHandler( 2509): entering Idle state
12-08 16:31:17.403 D/GsmInboundSmsHandler( 2509): IdleState.processMessage:5
12-08 16:31:17.403 D/GsmInboundSmsHandler( 2509): Idle state processing message type 5
12-08 16:31:17.404 D/CdmaInboundSmsHandler( 2509): StartupState.processMessage:6
12-08 16:31:17.404 D/CdmaInboundSmsHandler( 2509): entering Idle state
12-08 16:31:17.404 D/CdmaInboundSmsHandler( 2509): IdleState.processMessage:5
12-08 16:31:17.404 D/CdmaInboundSmsHandler( 2509): Idle state processing message type 5
12-08 16:31:17.405 D/GsmInboundSmsHandler( 2509): mWakeLock released wakelockcount = 0
12-08 16:31:17.405 D/CdmaInboundSmsHandler( 2509): mWakeLock released wakelockcount = 0
12-08 16:31:17.473 D/SubscriptionController( 2509): [getActiveSubInfoList] Sub Controller not ready
12-08 16:31:17.484 D/TelephonyRegistry( 1246): listen oscl: hasNotifySubscriptionInfoChangedOccurred==false no callback
12-08 16:31:17.489 D/DctController( 2509): makeDctController: X sDctController=Handler (com.android.internal.telephony.dataconnection.DctController) {37e43bc}
12-08 16:31:17.506 D/ProxyController( 2509): clearTransaction
12-08 16:31:17.506 D/ProxyController( 2509): clearTransaction: phoneId=0 status=IDLE
12-08 16:31:17.506 D/ProxyController( 2509): Constructor - Exit
12-08 16:31:17.623 I/PhoneFactory( 2509): defaultSmsApplication: com.android.messaging
12-08 16:31:17.644 I/PhoneFactory( 2509): Creating SubInfoRecordUpdater
12-08 16:31:17.645 D/SubscriptionInfoUpdater( 2509): Constructor invoked
12-08 16:31:17.754 D/TelephonyRegistry( 1246): notifyCellLocationForSubscriber: subId=0 cellLocation=Bundle[{cid=-1, lac=-1, psc=-1}]
12-08 16:31:17.758 D/SubscriptionController( 2509): [getPhoneId]- no sims, returning default phoneId=2147483647
12-08 16:31:17.761 D/CallManager( 2509): registerPhone(GSM Handler (com.android.internal.telephony.PhoneProxy) {3099ac1})
12-08 16:31:17.829 D/TelephonyRegistry( 1246): listen oscl: hasNotifySubscriptionInfoChangedOccurred==false no callback
12-08 16:31:17.835 D/SubscriptionController( 2509): [getPhoneId]- no sims, returning default phoneId=2147483647
12-08 16:31:17.936 D/RILJ ( 2509): [3652]> RIL_REQUEST_SET_TTY_MODE : 0 [SUB0]
12-08 16:31:17.937 D/use-Rlog/RLOG-RILMM( 247): RILMM_CC_onRequest +
12-08 16:31:17.937 D/use-Rlog/RLOG-RILMM( 247): RILMM_MAIN_send_request Sending Request with token = 688
12-08 16:31:17.937 I/use-Rlog/RLOG-RIL-MAIN( 247): onReq: reqCode = 80, dataLen = 4
12-08 16:31:17.937 D/use-Rlog/RLOG-RILMM( 247): RILMM_CC_onRequest -
12-08 16:31:17.937 I/use-Rlog/RLOG-RIL-RDS( 247): makeRilAtCommand: Unsol notif to Audio HAL, ttyMode = 0
12-08 16:31:17.937 I/use-Rlog/RLOG-RIL-MX( 247): Ch1 > 0366AT+TTY=0
12-08 16:31:17.941 D/TelephonyRegistry( 1246): listen oscl: hasNotifySubscriptionInfoChangedOccurred==false no callback
12-08 16:31:17.946 D/SubscriptionController( 2509): [getPhoneId] asked for default subId=-1
12-08 16:31:17.946 D/SubscriptionController( 2509): [getPhoneId]- invalid subId return=-1
12-08 16:31:17.947 D/UiccController( 2509): EVENT_RADIO_UNAVAILABLE, dispose card
12-08 16:31:17.947 D/UiccController( 2509): Received EVENT_ICC_STATUS_CHANGED, calling getIccCardStatus
12-08 16:31:17.947 D/RILJ ( 2509): [3653]> GET_SIM_STATUS [SUB0]
12-08 16:31:17.952 D/use-Rlog/RLOG-RILMM( 247): RILMM_SIM_GetSimStatus_onRequest +
12-08 16:31:17.952 D/use-Rlog/RLOG-RILMM( 247): RILMM_MAIN_send_request Sending Request with token = 689
12-08 16:31:17.952 I/use-Rlog/RLOG-RIL-MAIN( 247): onReq: reqCode = 1, dataLen = 0
12-08 16:31:17.952 D/use-Rlog/RLOG-RILMM( 247): RILMM_SIM_GetSimStatus_onRequest -
12-08 16:31:17.952 I/use-Rlog/RLOG-RIL-MX( 247): Ch7 > 0367AT+MSIM?
12-08 16:31:17.952 I/use-Rlog/RLOG-RIL-MX( 247):
12-08 16:31:17.953 D/PhoneBase( 2509): config LCE service failed: com.android.internal.telephony.CommandException: REQUEST_NOT_SUPPORTED
12-08 16:31:17.953 D/GsmSST ( 2509): [GsmSST] mDeviceShuttingDown = false
12-08 16:31:17.953 D/GsmSST ( 2509): [GsmSST] mDesiredPowerState = true
12-08 16:31:17.953 D/GsmSST ( 2509): [GsmSST] getRadioState = RADIO_OFF
12-08 16:31:17.953 D/GsmSST ( 2509): [GsmSST] mPowerOffDelayNeed = true
12-08 16:31:17.953 D/GsmSST ( 2509): [GsmSST] mAlarmSwitch = false
12-08 16:31:17.953 D/RILJ ( 2509): [3654]> RADIO_POWER on [SUB0]
12-08 16:31:17.954 D/PHONE ( 2509): [ServiceState] setNullState=3
12-08 16:31:17.954 D/GsmSST ( 2509): [GsmSST] set service state as POWER_OFF
12-08 16:31:17.955 D/PHONE ( 2509): [ServiceState] setNullState=3
12-08 16:31:17.955 D/GsmSST ( 2509): [GsmSST] Poll ServiceState done: oldSS=[1 1 voice home data home null null null null null null Unknown Unknown CSS not supported 0 0 RoamInd=0 DefRoamInd=0 EmergOnly=false IsDataRoamingFromRegistration=false] newSS=[3 3 voice home data home null null null null null null Unknown Unknown CSS not supported -1 -1 RoamInd=-1 DefRoamInd=-1 EmergOnly=false IsDataRoamingFromRegistration=false] oldMaxDataCalls=1 mNewMaxDataCalls=1 oldReasonDataDenied=-1 mNewReasonDataDenied=-1
12-08 16:31:17.955 D/PHONE ( 2509): [ServiceState] setNullState=1
12-08 16:31:17.955 D/GsmSST ( 2509): [GsmSST] updateSpnDisplay: radio is off w/ showPlmn=true plmn=No service.
12-08 16:31:17.956 D/SubscriptionController( 2509): [getSubId]- sSlotIdxToSubId.size == 0, return DummySubIds slotIdx=0
12-08 16:31:17.956 D/use-Rlog/RLOG-RILMM( 247): RILMM_MM_RadioPower_onRequest +
12-08 16:31:17.956 D/use-Rlog/RLOG-RILMM( 247): util_get_cdmagsm_ril_modem_mode Modem mode = 1
12-08 16:31:17.956 D/use-Rlog/RLOG-RILMM( 247): RILMM_MM_RadioPower_onRequest op_mode = 255
12-08 16:31:17.956 I/use-Rlog/RLOG-RILMM( 247): RILMM_MM_RadioPower_onRequest LTE not available - send to CDMA
12-08 16:31:17.956 D/GsmSST ( 2509): [GsmSST] updateSpnDisplay: changed sending intent rule=0 showPlmn='true' plmn='No service.' showSpn='false' spn='null' dataSpn='' subId='-2'
12-08 16:31:17.956 D/use-Rlog/RLOG-RILMM( 247): RILMM_MAIN_send_request Sending Request with token = 690
12-08 16:31:17.956 I/use-Rlog/RLOG-RIL-MAIN( 247): onReq: reqCode = 23, dataLen = 4
12-08 16:31:17.956 D/use-Rlog/RLOG-RILMM( 247): RILMM_MM_RadioPower_onRequest -
12-08 16:31:17.956 I/use-Rlog/RLOG-RIL-MX( 247): Ch0 > 0368AT+CFUN=1
12-08 16:31:17.957 D/SubscriptionController( 2509): [getSubId]- sSlotIdxToSubId.size == 0, return DummySubIds slotIdx=0
12-08 16:31:17.958 D/SubscriptionController( 2509): [getSubId]- sSlotIdxToSubId.size == 0, return DummySubIds slotIdx=0
12-08 16:31:17.959 D/SubscriptionController( 2509): [setPlmnSpn] No valid subscription to store info
12-08 16:31:17.960 D/SubscriptionController( 2509): notifySubscriptionInfoChanged:
12-08 16:31:17.961 D/TelephonyRegistry( 1246): notifySubscriptionInfoChanged: first invocation mRecords.size=15
12-08 16:31:17.967 D/TelephonyManager( 2509): setTelephonyProperty: success phoneId=0 property=gsm.operator.alpha value: propVal=
12-08 16:31:17.968 D/TelephonyManager( 2509): setTelephonyProperty: success phoneId=0 property=gsm.operator.numeric value: propVal=
12-08 16:31:17.972 D/GsmSST ( 2509): [GsmSST] operatorNumeric is null
12-08 16:31:17.972 D/TelephonyManager( 2509): setTelephonyProperty: success phoneId=0 property=gsm.operator.iso-country value: propVal=
12-08 16:31:17.973 D/TelephonyManager( 2509): setTelephonyProperty: success phoneId=0 property=gsm.operator.isroaming value: false propVal=false
12-08 16:31:17.973 D/GsmSST ( 2509): [GsmSST] Broadcasting ServiceState : 3 3 voice home data home null null null null null null Unknown Unknown CSS not supported -1 -1 RoamInd=-1 DefRoamInd=-1 EmergOnly=false IsDataRoamingFromRegistration=false
12-08 16:31:17.974 D/SubscriptionController( 2509): [getSubId]- sSlotIdxToSubId.size == 0, return DummySubIds slotIdx=0
12-08 16:31:17.974 D/DefaultPhoneNotifier( 2509): nofityServiceState: mRegistry=com.android.internal.telephony.ITelephonyRegistry$Stub$Proxy@6c5e0f9 ss=3 3 voice home data home null null null null null null Unknown Unknown CSS not supported -1 -1 RoamInd=-1 DefRoamInd=-1 EmergOnly=false IsDataRoamingFromRegistration=false sender=Handler (com.android.internal.telephony.gsm.GSMPhone) {a83e266} phondId=0 subId=-2
12-08 16:31:17.987 D/SubscriptionController( 2509): [getSlotId]- subId invalid
12-08 16:31:17.988 D/SubscriptionController( 2509): getSimStateForSlotIdx: simState=NOT_READY ordinal=6
12-08 16:31:17.988 D/SubscriptionManager( 1246): getSimStateForSubscriber: simState=6 slotIdx=0
12-08 16:31:17.988 D/TelephonyManager( 1246): getSimState: default sim:-1, sim state for slotIdx=0 is 6, return state as unknown
12-08 16:31:17.993 D/GsmSST ( 2509): [GsmSST] notifyDataRegStateRilRadioTechnologyChanged: drs=3 rat=0
12-08 16:31:17.993 D/TelephonyManager( 2509): setTelephonyProperty: success phoneId=0 property=gsm.network.type value: Unknown propVal=Unknown
12-08 16:31:17.995 D/DCT ( 2509): [0]get all active apn types
12-08 16:31:17.995 D/RILJ ( 2509): [3655]> OPERATOR [SUB0]
12-08 16:31:17.996 D/RILJ ( 2509): [3656]> DATA_REGISTRATION_STATE [SUB0]
12-08 16:31:17.997 D/use-Rlog/RLOG-RILMM( 247): util_get_cdmagsm_ril_modem_mode Modem mode = 1
12-08 16:31:17.997 V/RILJ ( 2509): motoOmap4RIL: Operator response
12-08 16:31:17.997 D/RILJ ( 2509): [3655]< OPERATOR {null, null, null, null, null, null} [SUB0]
12-08 16:31:17.998 D/RILJ ( 2509): [3657]> VOICE_REGISTRATION_STATE [SUB0]
12-08 16:31:17.999 D/use-Rlog/RLOG-RILMM( 247): util_get_cdmagsm_ril_modem_mode Modem mode = 1
12-08 16:31:17.999 D/RILJ ( 2509): [3658]> QUERY_NETWORK_SELECTION_MODE [SUB0]
12-08 16:31:17.999 D/use-Rlog/RLOG-RILMM( 247): util_get_cdmagsm_ril_modem_mode Modem mode = 1
12-08 16:31:18.000 D/use-Rlog/RLOG-RILMM( 247): send_cdma_reg_state_onRequestComplete +
12-08 16:31:18.000 D/use-Rlog/RLOG-RILMM( 247): send_cdma_reg_state_onRequestComplete selected_rat = 2
12-08 16:31:18.000 D/use-Rlog/RLOG-RILMM( 247): send_cdma_reg_state +
12-08 16:31:18.000 D/use-Rlog/RLOG-RILMM( 247): send_cdma_reg_state -
12-08 16:31:18.000 D/use-Rlog/RLOG-RILMM( 247): send_cdma_reg_state_onRequestComplete -
12-08 16:31:18.000 D/RilRequest( 2509): [3656]< DATA_REGISTRATION_STATE error: com.android.internal.telephony.CommandException: GENERIC_FAILURE ret=
12-08 16:31:18.000 V/RILJ ( 2509): motoOmap4RIL: VoiceRegistrationState response
12-08 16:31:18.000 D/RILJ ( 2509): [3657]< VOICE_REGISTRATION_STATE {0, 0, 0, 0, 0, 0, 0, 0, 0, 0, 0, 0, 0, 0} [SUB0]
12-08 16:31:18.001 D/use-Rlog/RLOG-RILMM( 247): util_get_cdmagsm_ril_modem_mode Modem mode = 1
12-08 16:31:18.001 D/DCT ( 2509): [0]handleMessage msg={ when=-1s345ms what=270369 obj=android.os.AsyncResult@3ed269f target=com.android.internal.telephony.dataconnection.DcTracker }
12-08 16:31:18.001 D/DCT ( 2509): [0]onUpdateIcc: newIccRecords null
12-08 16:31:18.001 D/RILJ ( 2509): [3658]< QUERY_NETWORK_SELECTION_MODE {0} [SUB0]
12-08 16:31:18.001 D/DCT ( 2509): [0]onReceive: action=android.net.wifi.STATE_CHANGE
12-08 16:31:18.001 D/DCT ( 2509): [0]NETWORK_STATE_CHANGED_ACTION: mIsWifiConnected=false
12-08 16:31:18.001 D/DCT ( 2509): [0]onReceive: action=android.net.wifi.WIFI_STATE_CHANGED
12-08 16:31:18.001 D/DCT ( 2509): [0]WIFI_STATE_CHANGED_ACTION: enabled=true mIsWifiConnected=false
12-08 16:31:18.002 D/DCT ( 2509): [0]handleMessage msg={ when=-1s235ms what=270337 obj=android.os.AsyncResult@1b03a4a target=com.android.internal.telephony.dataconnection.DcTracker }
12-08 16:31:18.002 D/DCT ( 2509): [0]onRadioAvailable
12-08 16:31:18.002 D/DCT ( 2509): [0]overall state is IDLE
12-08 16:31:18.002 D/DCT ( 2509): [0]handleMessage msg={ when=-1s235ms what=270342 obj=android.os.AsyncResult@9078dbb target=com.android.internal.telephony.dataconnection.DcTracker }
12-08 16:31:18.002 D/DCT ( 2509): [0]onRadioOffOrNotAvailable: is off and clean up all connections
12-08 16:31:18.002 D/DCT ( 2509): [0]cleanUpAllConnections: tearDown=false reason=radioTurnedOff
12-08 16:31:18.002 D/DCT ( 2509): [0]cleanUpConnection: tearDown=false reason=radioTurnedOff apnContext={mApnType=default mState=IDLE mWaitingApns={null} mWaitingApnsPermanentFailureCountDown=0 mApnSetting={null} mReason=radioTurnedOff mDataEnabled=false mDependencyMet=true}
12-08 16:31:18.002 D/GSMPhone( 2509): getDataConnectionState: Data is Out of Service. ret = DISCONNECTED
12-08 16:31:18.002 D/SubscriptionController( 2509): [getSubId]- sSlotIdxToSubId.size == 0, return DummySubIds slotIdx=0
12-08 16:31:18.019 D/DCT ( 2509): [0]isDataAllowed: not allowed due to - Attached= false - SIM not loaded - SIM not loaded and not NV subscription
12-08 16:31:18.028 D/SubscriptionController( 2509): [getPhoneId]- invalid subId return=-1
12-08 16:31:18.029 D/SubscriptionController( 2509): [getActiveSubInfoList]+
12-08 16:31:18.034 D/DCT ( 2509): [0]setupDataForSinglePdn: reason = radioTurnedOff isDisconnected = true
12-08 16:31:18.034 D/DCT ( 2509): [0]isOnlySingleDcAllowed(0): false
12-08 16:31:18.034 D/DCT ( 2509): [0]cleanUpConnection: X tearDown=false reason=radioTurnedOff apnContext={mApnType=default mState=IDLE mWaitingApns={null} mWaitingApnsPermanentFailureCountDown=0 mApnSetting={null} mReason=radioTurnedOff mDataEnabled=false mDependencyMet=true} dcac=null
12-08 16:31:18.034 D/DCT ( 2509): [0]cleanUpConnection: tearDown=false reason=radioTurnedOff apnContext={mApnType=mms mState=IDLE mWaitingApns={null} mWaitingApnsPermanentFailureCountDown=0 mApnSetting={null} mReason=radioTurnedOff mDataEnabled=false mDependencyMet=true}
12-08 16:31:18.034 D/GSMPhone( 2509): getDataConnectionState: Data is Out of Service. ret = DISCONNECTED
12-08 16:31:18.034 D/SubscriptionController( 2509): [getSubId]- sSlotIdxToSubId.size == 0, return DummySubIds slotIdx=0
12-08 16:31:18.054 D/DCT ( 2509): [0]isDataAllowed: not allowed due to - Attached= false - SIM not loaded - SIM not loaded and not NV subscription
12-08 16:31:18.060 D/SubscriptionController( 2509): [getPhoneId]- invalid subId return=-1
12-08 16:31:18.060 D/SubscriptionController( 2509): [getActiveSubInfoList] Sub Controller not ready
12-08 16:31:18.095 D/DCT ( 2509): [0]setupDataForSinglePdn: reason = radioTurnedOff isDisconnected = true
12-08 16:31:18.095 D/DCT ( 2509): [0]isOnlySingleDcAllowed(0): false
12-08 16:31:18.095 D/DCT ( 2509): [0]cleanUpConnection: X tearDown=false reason=radioTurnedOff apnContext={mApnType=mms mState=IDLE mWaitingApns={null} mWaitingApnsPermanentFailureCountDown=0 mApnSetting={null} mReason=radioTurnedOff mDataEnabled=false mDependencyMet=true} dcac=null
12-08 16:31:18.096 D/DCT ( 2509): [0]cleanUpConnection: tearDown=false reason=radioTurnedOff apnContext={mApnType=cbs mState=IDLE mWaitingApns={null} mWaitingApnsPermanentFailureCountDown=0 mApnSetting={null} mReason=radioTurnedOff mDataEnabled=false mDependencyMet=true}
12-08 16:31:18.096 D/GSMPhone( 2509): getDataConnectionState: Data is Out of Service. ret = DISCONNECTED
12-08 16:31:18.096 D/SubscriptionController( 2509): [getSubId]- sSlotIdxToSubId.size == 0, return DummySubIds slotIdx=0
12-08 16:31:18.100 I/use-Rlog/RLOG-RIL-MX( 247): Read Ch0 << 0368+CFUN:OK
12-08 16:31:18.100 D/use-Rlog/RLOG-RILMM( 247): RILMM_MM_RadioPowerCDMA_onRequestComplete +
12-08 16:31:18.100 D/use-Rlog/RLOG-RILMM( 247): RILMM_MAIN_send_request Sending Request with token = 691
12-08 16:31:18.100 I/use-Rlog/RLOG-RIL-MAIN( 247): onReq: reqCode = 59, dataLen = 40
12-08 16:31:18.100 D/use-Rlog/RLOG-RILMM( 247): determine_system_priority +
12-08 16:31:18.100 D/use-Rlog/RLOG-RILMM( 247): determine_system_priority -
12-08 16:31:18.100 D/use-Rlog/RLOG-RILMM( 247): RILMM_MM_RadioPowerCDMA_onRequestComplete -
12-08 16:31:18.100 I/use-Rlog/RLOG-RILMM( 247): RILMM_MM_onUnsolicitedResponse Rx UNSOL_RESPONSE_RADIO_STATE_CHANGED from: 1, op_mode: 255
12-08 16:31:18.100 D/use-Rlog/RLOG-RILMM( 247): onStateRequest +
12-08 16:31:18.100 I/use-Rlog/RLOG-RIL-MAIN( 247): curState: Returns 6
12-08 16:31:18.100 I/use-Rlog/RLOG-RILMM( 247): onStateRequest moto-ril current_state = 6
12-08 16:31:18.100 D/use-Rlog/RLOG-RILMM( 247): onStateRequest -
12-08 16:31:18.101 I/use-Rlog/RLOG-RIL-RDE( 247): makeOem msgId=33554454
12-08 16:31:18.101 D/RILJ ( 2509): [3654]< RADIO_POWER [SUB0]
12-08 16:31:18.101 D/RILJ ( 2509): [UNSL]< UNSOL_VOICE_RADIO_TECH_CHANGED {6} [SUB0]
12-08 16:31:18.101 D/RILJ ( 2509): [UNSL]< CDMA_SUBSCRIPTION_SOURCE_CHANGED {0} [SUB0]
12-08 16:31:18.102 D/RILJ ( 2509): [UNSL]< UNSOL_RESPONSE_SIM_STATUS_CHANGED [SUB0]
12-08 16:31:18.102 D/RILJ ( 2509): [UNSL]< UNSOL_RESPONSE_RADIO_STATE_CHANGED RADIO_ON [SUB0]
12-08 16:31:18.108 D/DCT ( 2509): [0]isDataAllowed: not allowed due to - Attached= false - SIM not loaded - SIM not loaded and not NV subscription
12-08 16:31:18.112 D/SubscriptionController( 2509): [getPhoneId]- invalid subId return=-1
12-08 16:31:18.113 D/DCT ( 2509): [0]setupDataForSinglePdn: reason = radioTurnedOff isDisconnected = true
12-08 16:31:18.113 D/DCT ( 2509): [0]isOnlySingleDcAllowed(0): false
12-08 16:31:18.113 D/DCT ( 2509): [0]cleanUpConnection: X tearDown=false reason=radioTurnedOff apnContext={mApnType=cbs mState=IDLE mWaitingApns={null} mWaitingApnsPermanentFailureCountDown=0 mApnSetting={null} mReason=radioTurnedOff mDataEnabled=false mDependencyMet=true} dcac=null
12-08 16:31:18.113 D/DCT ( 2509): [0]cleanUpConnection: tearDown=false reason=radioTurnedOff apnContext={mApnType=fota mState=IDLE mWaitingApns={null} mWaitingApnsPermanentFailureCountDown=0 mApnSetting={null} mReason=radioTurnedOff mDataEnabled=false mDependencyMet=true}
12-08 16:31:18.113 D/GSMPhone( 2509): getDataConnectionState: Data is Out of Service. ret = DISCONNECTED
12-08 16:31:18.113 D/SubscriptionController( 2509): [getSubId]- sSlotIdxToSubId.size == 0, return DummySubIds slotIdx=0
12-08 16:31:18.120 D/DCT ( 2509): [0]isDataAllowed: not allowed due to - Attached= false - SIM not loaded - SIM not loaded and not NV subscription
12-08 16:31:18.126 D/SubscriptionController( 2509): [getPhoneId]- invalid subId return=-1
12-08 16:31:18.128 D/DCT ( 2509): [0]setupDataForSinglePdn: reason = radioTurnedOff isDisconnected = true
12-08 16:31:18.128 D/DCT ( 2509): [0]isOnlySingleDcAllowed(0): false
12-08 16:31:18.128 D/DCT ( 2509): [0]cleanUpConnection: X tearDown=false reason=radioTurnedOff apnContext={mApnType=fota mState=IDLE mWaitingApns={null} mWaitingApnsPermanentFailureCountDown=0 mApnSetting={null} mReason=radioTurnedOff mDataEnabled=false mDependencyMet=true} dcac=null
12-08 16:31:18.128 D/DCT ( 2509): [0]cleanUpConnection: tearDown=false reason=radioTurnedOff apnContext={mApnType=supl mState=IDLE mWaitingApns={null} mWaitingApnsPermanentFailureCountDown=0 mApnSetting={null} mReason=radioTurnedOff mDataEnabled=false mDependencyMet=true}
12-08 16:31:18.128 D/GSMPhone( 2509): getDataConnectionState: Data is Out of Service. ret = DISCONNECTED
12-08 16:31:18.129 D/SubscriptionController( 2509): [getSubId]- sSlotIdxToSubId.size == 0, return DummySubIds slotIdx=0
12-08 16:31:18.133 D/DCT ( 2509): [0]isDataAllowed: not allowed due to - Attached= false - SIM not loaded - SIM not loaded and not NV subscription
12-08 16:31:18.139 D/SubscriptionController( 2509): [getPhoneId]- invalid subId return=-1
12-08 16:31:18.142 D/DCT ( 2509): [0]setupDataForSinglePdn: reason = radioTurnedOff isDisconnected = true
12-08 16:31:18.142 D/DCT ( 2509): [0]isOnlySingleDcAllowed(0): false
12-08 16:31:18.142 D/DCT ( 2509): [0]cleanUpConnection: X tearDown=false reason=radioTurnedOff apnContext={mApnType=supl mState=IDLE mWaitingApns={null} mWaitingApnsPermanentFailureCountDown=0 mApnSetting={null} mReason=radioTurnedOff mDataEnabled=false mDependencyMet=true} dcac=null
12-08 16:31:18.142 D/DCT ( 2509): [0]cleanUpConnection: tearDown=false reason=radioTurnedOff apnContext={mApnType=dun mState=IDLE mWaitingApns={null} mWaitingApnsPermanentFailureCountDown=0 mApnSetting={null} mReason=radioTurnedOff mDataEnabled=false mDependencyMet=true}
12-08 16:31:18.142 D/GSMPhone( 2509): getDataConnectionState: Data is Out of Service. ret = DISCONNECTED
12-08 16:31:18.142 D/SubscriptionController( 2509): [getSubId]- sSlotIdxToSubId.size == 0, return DummySubIds slotIdx=0
12-08 16:31:18.144 D/DCT ( 2509): [0]isDataAllowed: not allowed due to - Attached= false - SIM not loaded - SIM not loaded and not NV subscription
12-08 16:31:18.146 D/SubscriptionController( 2509): [getPhoneId]- no sims, returning default phoneId=2147483647
12-08 16:31:18.149 I/use-Rlog/RLOG-RIL-MX( 247): Read Ch7 << 0367+MSIM=1,0,a0000000871002f310ffff89080000ff,3,1,3,3,3,3,3,a0000003431002f310ffff89020000ff,3,1,3,3,3,3,3,0,0,0,0,0,0,0,0,0,0,0,0,0,0,0,0,a0000000871004f310ffff89080000ff,1,1,0,0,0
12-08 16:31:18.150 I/use-Rlog/RLOG-RIL-ICC( 247): setCardStatus: cardState:1, univPin:0, gsmIdx:0, cdmaIdx:1, numApps:3
12-08 16:31:18.150 D/use-Rlog/RLOG-RILMM( 247): RILMM_SIM_GetSimStatusCDMA_onRequestComplete +
12-08 16:31:18.150 D/use-Rlog/RLOG-RILMM( 247): update_global_card_status Reset the global card status at invalid indexes
12-08 16:31:18.150 D/use-Rlog/RLOG-RILMM( 247): update_global_card_status card state:1, upin state:0, gsm_umts app index:0, cdma app index:1, isim app index:2, num of apps:3
