12-08 16:31:44.074 D/use-Rlog/RLOG-RILMM( 247): RILMM_SIM_Send_onRequestComplete_to_Apps +
12-08 16:31:44.075 D/use-Rlog/RLOG-RILMM( 247): RILMM_SIM_Send_onRequestComplete_to_Apps -
12-08 16:31:44.075 D/RILJ ( 2509): [3752]< SIM_IO IccIoResponse sw1:0x90 sw2:0x0 [SUB0]
12-08 16:31:44.387 D/SubscriptionController( 2509): notifySubscriptionInfoChanged:
12-08 16:31:44.389 D/SubscriptionController( 2509): [getActiveSubInfoList]+
12-08 16:31:44.390 D/SubscriptionController( 2509): [getActiveSubInfoList] Sub Controller not ready
12-08 16:31:44.390 D/SIMRecords( 2509): [SIMRecords] onAllRecordsLoaded set mcc imsi
12-08 16:31:44.390 D/TelephonyManager( 2509): setTelephonyProperty: success phoneId=0 property=gsm.sim.operator.iso-country value: us propVal=us
12-08 16:31:44.398 D/SubscriptionController( 2509): [getActiveSubInfoList]+
12-08 16:31:44.400 D/RILJ ( 2509): [3753]> iccIO: SIM_IO 0xb2 0x6f28 path: 3F007FFF,17,4,5 aid: a0000003431002f310ffff89020000ff [SUB0]
12-08 16:31:44.402 D/use-Rlog/RLOG-RILMM( 247): RILMM_SIM_SimIO_onRequest +
12-08 16:31:44.402 D/use-Rlog/RLOG-RILMM( 247): RILMM_SIM_SimIO_onRequest Reading aid from SIM_IO Req
12-08 16:31:44.402 D/use-Rlog/RLOG-RILMM( 247): RILMM_SIM_SimIO_onRequest Sending req to CDMA Modem- RIL_VERSION: 6
12-08 16:31:44.403 D/use-Rlog/RLOG-RILMM( 247): RILMM_MAIN_send_request Sending Request with token = 817
12-08 16:31:44.403 I/use-Rlog/RLOG-RIL-MAIN( 247): onReq: reqCode = 28, dataLen = 36
12-08 16:31:44.403 D/use-Rlog/RLOG-RILMM( 247): RILMM_SIM_SimIO_onRequest -
12-08 16:31:44.403 D/SubscriptionController( 2509): [getActiveSubInfoList]+
12-08 16:31:44.403 I/use-Rlog/RLOG-RIL-MX( 247): Ch7 > 0442AT+CRSM=178,28456,17,4,5,,3F007FFF,,,a0000003431002f310ffff89020000ff
12-08 16:31:44.403 I/use-Rlog/RLOG-RIL-MX( 247):
12-08 16:31:44.403 D/SubscriptionController( 2509): [getActiveSubInfoList] Sub Controller not ready
12-08 16:31:44.405 D/SubscriptionController( 2509): [getSubId]- sSlotIdxToSubId.size == 0, return DummySubIds slotIdx=0
12-08 16:31:44.405 D/SubscriptionController( 2509): [getSubId]- sSlotIdxToSubId.size == 0, return DummySubIds slotIdx=0
12-08 16:31:44.406 D/SubscriptionController( 2509): [getActiveSubInfoList] Sub Controller not ready
12-08 16:31:44.409 D/SubscriptionController( 2509): [getPhoneId]- invalid subId return=-1
12-08 16:31:44.413 D/SubscriptionController( 2509): [getSubId]- sSlotIdxToSubId.size == 0, return DummySubIds slotIdx=0
12-08 16:31:44.414 D/SubscriptionController( 2509): [getSubId]- sSlotIdxToSubId.size == 0, return DummySubIds slotIdx=0
12-08 16:31:44.414 D/SubscriptionController( 2509): [getSubId]- sSlotIdxToSubId.size == 0, return DummySubIds slotIdx=0
12-08 16:31:44.422 D/SubscriptionController( 2509): [getPhoneId]- no sims, returning default phoneId=2147483647
12-08 16:31:44.428 I/use-Rlog/RLOG-RIL-MX( 247): Read Ch7 << 0442+CRSM=144,0,0000000000
12-08 16:31:44.428 D/use-Rlog/RLOG-RILMM( 247): RILMM_SIM_Send_onRequestComplete_to_Apps +
12-08 16:31:44.428 D/use-Rlog/RLOG-RILMM( 247): RILMM_SIM_Send_onRequestComplete_to_Apps -
12-08 16:31:44.429 D/RILJ ( 2509): [3753]< SIM_IO IccIoResponse sw1:0x90 sw2:0x0 [SUB0]
12-08 16:31:44.484 D/CdmaSST ( 2509): [CdmaLteSST] SubscriptionListener.onSubscriptionInfoChanged
12-08 16:31:44.485 D/SubscriptionController( 2509): [getSubId]- sSlotIdxToSubId.size == 0, return DummySubIds slotIdx=0
12-08 16:31:44.485 D/DCT ( 2509): [0]SubscriptionListener.onSubscriptionInfoChanged
12-08 16:31:44.485 D/SubscriptionController( 2509): [getSubId]- sSlotIdxToSubId.size == 0, return DummySubIds slotIdx=0
12-08 16:31:44.485 D/CAT ( 2509): CatService: handleMessage[20]
12-08 16:31:44.485 D/DctController( 2509): handleMessage msg={ when=-83ms what=107 target=com.android.internal.telephony.dataconnection.DctController }
12-08 16:31:44.485 D/DctController( 2509): onSubInfoReady mPhoneNum=1
12-08 16:31:44.485 D/SubscriptionController( 2509): [getSubId]- sSlotIdxToSubId.size == 0, return DummySubIds slotIdx=0
12-08 16:31:44.485 D/DctController( 2509): onSubInfoReady handle pending requests subId=-2
12-08 16:31:44.485 D/SubscriptionController( 2509): [getSubId]- sSlotIdxToSubId.size == 0, return DummySubIds slotIdx=0
12-08 16:31:44.485 D/DctController( 2509): [TNF -2]evalPendingRequest, pending request size is 1
12-08 16:31:44.485 D/SubscriptionController( 2509): [getSubId]- sSlotIdxToSubId.size == 0, return DummySubIds slotIdx=0
12-08 16:31:44.485 D/DctController( 2509): [TNF -2]evalPendingRequest: request = NetworkRequest [ id=1, legacyType=-1, [ Capabilities: INTERNET&NOT_RESTRICTED&TRUSTED&NOT_VPN] ]
12-08 16:31:44.485 D/SubscriptionController( 2509): [getSubId]- sSlotIdxToSubId.size == 0, return DummySubIds slotIdx=0
12-08 16:31:44.485 D/DctController( 2509): [TNF -2]Cellular needs Network for NetworkRequest [ id=1, legacyType=-1, [ Capabilities: INTERNET&NOT_RESTRICTED&TRUSTED&NOT_VPN] ]
12-08 16:31:44.485 D/SubscriptionController( 2509): [getSubId]- sSlotIdxToSubId.size == 0, return DummySubIds slotIdx=0
12-08 16:31:44.485 D/SubscriptionController( 2509): [getSubId]- sSlotIdxToSubId.size == 0, return DummySubIds slotIdx=0
12-08 16:31:44.485 D/DctController( 2509): [TNF -2]Request not useable, pending request.
12-08 16:31:44.486 D/DctController( 2509): processRequests
12-08 16:31:44.486 D/RILJ ( 2509): [3754]> iccIO: SIM_IO 0xb2 0x6f28 path: 3F007FFF,18,4,5 aid: a0000003431002f310ffff89020000ff [SUB0]
12-08 16:31:44.488 D/use-Rlog/RLOG-RILMM( 247): RILMM_SIM_SimIO_onRequest +
12-08 16:31:44.488 D/use-Rlog/RLOG-RILMM( 247): RILMM_SIM_SimIO_onRequest Reading aid from SIM_IO Req
12-08 16:31:44.488 D/use-Rlog/RLOG-RILMM( 247): RILMM_SIM_SimIO_onRequest Sending req to CDMA Modem- RIL_VERSION: 6
12-08 16:31:44.488 D/use-Rlog/RLOG-RILMM( 247): RILMM_MAIN_send_request Sending Request with token = 818
12-08 16:31:44.488 I/use-Rlog/RLOG-RIL-MAIN( 247): onReq: reqCode = 28, dataLen = 36
12-08 16:31:44.488 D/use-Rlog/RLOG-RILMM( 247): RILMM_SIM_SimIO_onRequest -
12-08 16:31:44.488 I/use-Rlog/RLOG-RIL-MX( 247): Ch7 > 0443AT+CRSM=178,28456,18,4,5,,3F007FFF,,,a0000003431002f310ffff89020000ff
12-08 16:31:44.488 I/use-Rlog/RLOG-RIL-MX( 247):
12-08 16:31:44.488 D/SubscriptionController( 2509): [getSubId]- sSlotIdxToSubId.size == 0, return DummySubIds slotIdx=0
12-08 16:31:44.489 D/CdmaSST ( 2509): [CdmaLteSST] handleMessage: 16
12-08 16:31:44.490 D/DctController( 2509): handleMessage msg={ when=-4ms what=100 target=com.android.internal.telephony.dataconnection.DctController }
12-08 16:31:44.490 D/SubscriptionController( 2509): [getPhoneId]- no sims, returning default phoneId=2147483647
12-08 16:31:44.490 D/DcSwitchAsyncChannel( 2509): [DcSwitchAsyncChannel-0]: rspIsIdle=true
12-08 16:31:44.490 D/DctController( 2509): onProcessRequest requestedPhoneId=-1, activePhoneId=-1
12-08 16:31:44.524 I/use-Rlog/RLOG-RIL-MX( 247): Read Ch7 << 0443+CRSM=144,0,0000000000
12-08 16:31:44.525 D/use-Rlog/RLOG-RILMM( 247): RILMM_SIM_Send_onRequestComplete_to_Apps +
12-08 16:31:44.525 D/use-Rlog/RLOG-RILMM( 247): RILMM_SIM_Send_onRequestComplete_to_Apps -
12-08 16:31:44.525 D/RILJ ( 2509): [3754]< SIM_IO IccIoResponse sw1:0x90 sw2:0x0 [SUB0]
12-08 16:31:44.526 D/RILJ ( 2509): [3755]> iccIO: SIM_IO 0xb2 0x6f28 path: 3F007FFF,19,4,5 aid: a0000003431002f310ffff89020000ff [SUB0]
12-08 16:31:44.538 D/use-Rlog/RLOG-RILMM( 247): RILMM_SIM_SimIO_onRequest +
12-08 16:31:44.538 D/use-Rlog/RLOG-RILMM( 247): RILMM_SIM_SimIO_onRequest Reading aid from SIM_IO Req
12-08 16:31:44.538 D/use-Rlog/RLOG-RILMM( 247): RILMM_SIM_SimIO_onRequest Sending req to CDMA Modem- RIL_VERSION: 6
12-08 16:31:44.538 D/use-Rlog/RLOG-RILMM( 247): RILMM_MAIN_send_request Sending Request with token = 819
12-08 16:31:44.538 I/use-Rlog/RLOG-RIL-MAIN( 247): onReq: reqCode = 28, dataLen = 36
12-08 16:31:44.538 D/use-Rlog/RLOG-RILMM( 247): RILMM_SIM_SimIO_onRequest -
12-08 16:31:44.538 I/use-Rlog/RLOG-RIL-MX( 247): Ch7 > 0444AT+CRSM=178,28456,19,4,5,,3F007FFF,,,a0000003431002f310ffff89020000ff
12-08 16:31:44.538 I/use-Rlog/RLOG-RIL-MX( 247):
12-08 16:31:44.606 I/use-Rlog/RLOG-RIL-MX( 247): Read Ch0 << 0023~+CREG=5,5,3203,0,0,21,3,64,1,3,0080058000000000000ACD1A0076BC5F/100,1
12-08 16:31:44.607 D/use-Rlog/RLOG-RILMM( 247): util_get_cdmagsm_ril_modem_mode Modem mode = 1
12-08 16:31:44.607 I/use-Rlog/RLOG-RILMM( 247): RILMM_MM_onUnsolicitedResponse Rx UNSOL_RESPONSE_NETWORK_STATE_CHANGED - CDMA
12-08 16:31:44.607 D/use-Rlog/RLOG-RILMM( 247): RILMM_MAIN_send_request Sending Request with token = 820
12-08 16:31:44.607 I/use-Rlog/RLOG-RIL-MAIN( 247): onReq: reqCode = 22, dataLen = 0
12-08 16:31:44.607 I/use-Rlog/RLOG-RIL-MX( 247): Ch0 > 0445AT+COPS?
12-08 16:31:44.646 I/use-Rlog/RLOG-RIL-MX( 247): Read Ch0 << 0024~+GSYST=2015,12,1,8,21,31,44,-10,0
12-08 16:31:44.646 I/use-Rlog/RLOG-RIL-CC( 247): NitzTm utc=1449628304
12-08 16:31:44.647 I/use-Rlog/RLOG-RIL-CC( 247): NitzTm TPA_SECCLK_Set_NITZ_Time returned status = 58 & took 0.0 secs
12-08 16:31:44.647 D/RILJ ( 2509): [UNSL]< UNSOL_NITZ_TIME_RECEIVED 15/12/08,21:31:44-20,0 [SUB0]
12-08 16:31:44.647 D/CdmaSST ( 2509): [CdmaLteSST] handleMessage: 11
12-08 16:31:44.647 D/CdmaSST ( 2509): [CdmaLteSST] NITZ: 15/12/08,21:31:44-20,0,366812 start=366813 delay=1
12-08 16:31:44.648 D/CdmaSST ( 2509): [CdmaLteSST] NITZ: tzOffset=-18000000 dst=0 zone=America/New_York iso=us mGotCountryCode=true mNeedFixZone=false
12-08 16:31:44.648 D/CdmaSST ( 2509): [CdmaLteSST] setAndBroadcastNetworkSetTimeZone: setTimeZone=America/New_York
12-08 16:31:44.651 D/CdmaSST ( 2509): [CdmaLteSST] NITZ: ignore, a previous update was 4807ms ago and gained=-646ms
12-08 16:31:44.651 D/CdmaSST ( 2509): [CdmaLteSST] NITZ: end=366817 dur=4
12-08 16:31:44.684 I/use-Rlog/RLOG-RIL-MX( 247): Read Ch7 << 0444+CRSM=144,0,0000000000
12-08 16:31:44.684 D/use-Rlog/RLOG-RILMM( 247): RILMM_SIM_Send_onRequestComplete_to_Apps +
12-08 16:31:44.684 D/use-Rlog/RLOG-RILMM( 247): RILMM_SIM_Send_onRequestComplete_to_Apps -
12-08 16:31:44.684 D/RILJ ( 2509): [3755]< SIM_IO IccIoResponse sw1:0x90 sw2:0x0 [SUB0]
12-08 16:31:44.685 D/RILJ ( 2509): [3756]> iccIO: SIM_IO 0xb2 0x6f28 path: 3F007FFF,20,4,5 aid: a0000003431002f310ffff89020000ff [SUB0]
12-08 16:31:44.686 D/use-Rlog/RLOG-RILMM( 247): RILMM_SIM_SimIO_onRequest +
12-08 16:31:44.687 D/use-Rlog/RLOG-RILMM( 247): RILMM_SIM_SimIO_onRequest Reading aid from SIM_IO Req
12-08 16:31:44.687 D/use-Rlog/RLOG-RILMM( 247): RILMM_SIM_SimIO_onRequest Sending req to CDMA Modem- RIL_VERSION: 6
12-08 16:31:44.687 D/use-Rlog/RLOG-RILMM( 247): RILMM_MAIN_send_request Sending Request with token = 821
12-08 16:31:44.687 I/use-Rlog/RLOG-RIL-MAIN( 247): onReq: reqCode = 28, dataLen = 36
12-08 16:31:44.687 D/use-Rlog/RLOG-RILMM( 247): RILMM_SIM_SimIO_onRequest -
12-08 16:31:44.687 I/use-Rlog/RLOG-RIL-MX( 247): Ch7 > 0446AT+CRSM=178,28456,20,4,5,,3F007FFF,,,a0000003431002f310ffff89020000ff
12-08 16:31:44.687 I/use-Rlog/RLOG-RIL-MX( 247):
12-08 16:31:44.726 I/use-Rlog/RLOG-RIL-MX( 247): Read Ch0 << 0445+COPS=0,,,31000
12-08 16:31:44.727 D/use-Rlog/RLOG-RILMM( 247): RILMM_MM_GetOperatorCDMA_onRequestComplete +
12-08 16:31:44.727 D/use-Rlog/RLOG-RILMM( 247): RILMM_MM_GetOperatorCDMA_onRequestComplete MCC:310
12-08 16:31:44.727 D/use-Rlog/RLOG-RILMM( 247): send_cdma_operator_info +
12-08 16:31:44.727 D/use-Rlog/RLOG-RILMM( 247): send_cdma_operator_info -
12-08 16:31:44.727 D/use-Rlog/RLOG-RILMM( 247): store_operator_info Storing OperatorInfo: {(null), (null), 31000, (null), (null), (null)}
12-08 16:31:44.727 D/use-Rlog/RLOG-RILMM( 247): send_oem_get_cdma_system_info +
12-08 16:31:44.727 D/use-Rlog/RLOG-RILMM( 247): RILMM_MAIN_send_request Sending Request with token = 822
12-08 16:31:44.727 I/use-Rlog/RLOG-RIL-MAIN( 247): onReq: reqCode = 59, dataLen = 8
12-08 16:31:44.727 D/use-Rlog/RLOG-RILMM( 247): send_oem_get_cdma_system_info -
12-08 16:31:44.727 D/use-Rlog/RLOG-RILMM( 247): RILMM_MM_GetOperatorCDMA_onRequestComplete -
12-08 16:31:44.727 I/use-Rlog/RLOG-RIL-MX( 247): Ch0 > 0447AT+CREG?
12-08 16:31:44.780 I/use-Rlog/RLOG-RIL-MX( 247): Read Ch0 << 0447+CREG=5,5,3203,0,0,21,3,64,1,3,0080058000000000000ACD1A0076BC5F/100,1
12-08 16:31:44.780 D/use-Rlog/RLOG-RILMM( 247): RILMM_MM_OEM_GetCDMASysInfo_onRequestComplete +
12-08 16:31:44.780 D/use-Rlog/RLOG-RILMM( 247): send_cdma_reg_state +
12-08 16:31:44.780 D/use-Rlog/RLOG-RILMM( 247): send_cdma_reg_state -
12-08 16:31:44.780 D/use-Rlog/RLOG-RILMM( 247): store_registration_state +
12-08 16:31:44.780 D/use-Rlog/RLOG-RILMM( 247): store_registration_state Storing RegInfo: {5, 0, 0, 13, 3203, 0, 0, 1, 21, 3, 64, 1, 64, 0}
12-08 16:31:44.780 D/use-Rlog/RLOG-RILMM( 247): store_registration_state -
12-08 16:31:44.781 D/use-Rlog/RLOG-RILMM( 247): determine_system_priority +
12-08 16:31:44.781 D/use-Rlog/RLOG-RILMM( 247): determine_system_priority -
12-08 16:31:44.781 D/use-Rlog/RLOG-RILMM( 247): RILMM_MM_OEM_GetCDMASysInfo_onRequestComplete -
12-08 16:31:44.832 I/use-Rlog/RLOG-RIL-MX( 247): Read Ch7 << 0446+CRSM=144,0,0000000000
12-08 16:31:44.833 D/use-Rlog/RLOG-RILMM( 247): RILMM_SIM_Send_onRequestComplete_to_Apps +
12-08 16:31:44.833 D/use-Rlog/RLOG-RILMM( 247): RILMM_SIM_Send_onRequestComplete_to_Apps -
12-08 16:31:44.833 D/RILJ ( 2509): [3756]< SIM_IO IccIoResponse sw1:0x90 sw2:0x0 [SUB0]
12-08 16:31:44.833 D/RuimRecords( 2509): [RuimRecords] EF_CSIM_CDMAHOME LOADED
12-08 16:31:44.834 D/RuimRecords( 2509): [RuimRecords] CSIM_CDMAHOME data size=20
12-08 16:31:44.834 D/RuimRecords( 2509): [RuimRecords] onRecordLoaded 0 requested: true
12-08 16:31:44.834 D/RuimRecords( 2509): [RuimRecords] record load complete
12-08 16:31:44.842 D/SubscriptionController( 2509): [getSubId]- sSlotIdxToSubId.size == 0, return DummySubIds slotIdx=0
12-08 16:31:44.843 D/SubscriptionManager( 2509): [setDisplayNumber]- fail
12-08 16:31:44.843 D/CDMAPhone( 2509): Event EVENT_RUIM_RECORDS_LOADED Received
12-08 16:31:44.843 D/CDMAPhone( 2509): getOperatorNumeric: mCdmaSubscriptionSource = 0 operatorNumeric = 311480
12-08 16:31:44.843 D/SubscriptionController( 2509): [getSubId]- sSlotIdxToSubId.size == 0, return DummySubIds slotIdx=0
12-08 16:31:44.844 D/CDMAPhone( 2509): updateCurrentCarrierInProvider: mSubscription = -2 currentDds = 1 operatorNumeric = 311480
12-08 16:31:44.844 D/SubscriptionController( 2509): [getSubId]- sSlotIdxToSubId.size == 0, return DummySubIds slotIdx=0
12-08 16:31:44.844 D/CDMALTEPhone( 2509): notifyMessageWaitingChanged
12-08 16:31:44.844 D/SubscriptionController( 2509): [getSubId]- sSlotIdxToSubId.size == 0, return DummySubIds slotIdx=0
12-08 16:31:44.844 D/PhoneBase( 2509): Voicemail count retrieval returning 0 as count for matching subscriberId not found
12-08 16:31:44.844 D/SubscriptionController( 2509): [getSubId]- sSlotIdxToSubId.size == 0, return DummySubIds slotIdx=0
12-08 16:31:44.845 D/CdmaSST ( 2509): [CdmaLteSST] handleMessage: 27
12-08 16:31:44.845 D/CdmaSST ( 2509): [CdmaLteSST] CDMA_SUBSCRIPTION: SID=21,0,0,0,0,0,0,0,0,0,0,0,0,0,0,0,0,0,0,0
12-08 16:31:44.845 D/CdmaSST ( 2509): [CdmaLteSST] CDMA_SUBSCRIPTION: NID=65535,0,0,0,0,0,0,0,0,0,0,0,0,0,0,0,0,0,0,0
12-08 16:31:44.845 D/CdmaSST ( 2509): [CdmaLteSST] getOtasp: state=3
12-08 16:31:44.845 D/CdmaSST ( 2509): [CdmaLteSST] CDMA_SUBSCRIPTION: call notifyRegistrants()
12-08 16:31:44.845 D/CdmaSST ( 2509): [CdmaLteSST] CDMA_SUBSCRIPTION: call notifyOtaspChanged old otaspMode=0 new otaspMode=3
12-08 16:31:44.846 D/CDMA ( 2509): loadEriFileFromXml: check for alternate file
12-08 16:31:44.847 D/CDMA ( 2509): loadEriFileFromXml: no alternate file
12-08 16:31:44.847 D/CDMA ( 2509): loadEriFileFromXml: open normal file
12-08 16:31:44.849 D/CDMA ( 2509): loadEriFileFromXml: eri parsing successful, file loaded
12-08 16:31:44.849 D/CDMALTEPhone( 2509): ERI read, notify registrants
12-08 16:31:44.849 D/RILJ ( 2509): [3757]> OPERATOR [SUB0]
12-08 16:31:44.851 D/use-Rlog/RLOG-RILMM( 247): util_get_cdmagsm_ril_modem_mode Modem mode = 1
12-08 16:31:44.851 V/RILJ ( 2509): motoOmap4RIL: Operator response
12-08 16:31:44.851 D/RILJ ( 2509): [3757]< OPERATOR {null, null, 31000, null, null, null} [SUB0]
12-08 16:31:44.852 D/RILJ ( 2509): [3758]> VOICE_REGISTRATION_STATE [SUB0]
12-08 16:31:44.853 D/use-Rlog/RLOG-RILMM( 247): util_get_cdmagsm_ril_modem_mode Modem mode = 1
12-08 16:31:44.854 D/use-Rlog/RLOG-RILMM( 247): send_cdma_reg_state_onRequestComplete +
12-08 16:31:44.854 D/use-Rlog/RLOG-RILMM( 247): send_cdma_reg_state_onRequestComplete selected_rat = 2
12-08 16:31:44.854 D/use-Rlog/RLOG-RILMM( 247): send_cdma_reg_state +
12-08 16:31:44.854 D/use-Rlog/RLOG-RILMM( 247): send_cdma_reg_state -
12-08 16:31:44.854 D/use-Rlog/RLOG-RILMM( 247): send_cdma_reg_state_onRequestComplete -
12-08 16:31:44.854 V/RILJ ( 2509): motoOmap4RIL: VoiceRegistrationState response
12-08 16:31:44.854 D/RILJ ( 2509): [3758]< VOICE_REGISTRATION_STATE {5, 0, 0, 0, 3203, 0, 0, 1, 21, 3, 64, 1, 64, 0} [SUB0]
12-08 16:31:44.855 D/RILJ ( 2509): [3759]> DATA_REGISTRATION_STATE [SUB0]
12-08 16:31:44.856 D/use-Rlog/RLOG-RILMM( 247): util_get_cdmagsm_ril_modem_mode Modem mode = 1
12-08 16:31:44.857 D/RilRequest( 2509): [3759]< DATA_REGISTRATION_STATE error: com.android.internal.telephony.CommandException: GENERIC_FAILURE ret=
12-08 16:31:44.859 D/RuimRecords( 2509): [RuimRecords] Overriding with Operator Numeric: 311480
12-08 16:31:44.859 D/IccCardProxy( 2509): operator=311480 mPhoneId=0
12-08 16:31:44.859 D/IccCardProxy( 2509): update icc_operator_numeric=311480
12-08 16:31:44.859 D/TelephonyManager( 2509): setTelephonyProperty: success phoneId=0 property=gsm.sim.operator.numeric value: 311480 propVal=311480
12-08 16:31:44.860 D/TelephonyManager( 2509): setTelephonyProperty: success phoneId=0 property=gsm.sim.operator.iso-country value: us propVal=us
12-08 16:31:44.860 D/IccCardProxy( 2509): Sending intent ACTION_INTERNAL_SIM_STATE_CHANGED for mPhoneId : 0
12-08 16:31:44.867 D/SubscriptionController( 2509): [getPhoneId]- invalid subId return=-1
12-08 16:31:44.868 D/CdmaSST ( 2509): [CdmaLteSST] getOtasp: state=3
12-08 16:31:44.869 D/SubscriptionController( 2509): [getPhoneId]- invalid subId return=-1
12-08 16:31:44.870 D/CdmaSST ( 2509): [CdmaLteSST] handleMessage: 36
12-08 16:31:44.870 D/CdmaSST ( 2509): [CdmaLteSST] [CdmaServiceStateTracker] ERI file has been loaded, repolling.
12-08 16:31:44.872 D/RILJ ( 2509): [3760]> OPERATOR [SUB0]
12-08 16:31:44.874 D/RILJ ( 2509): [3761]> VOICE_REGISTRATION_STATE [SUB0]
12-08 16:31:44.874 D/use-Rlog/RLOG-RILMM( 247): util_get_cdmagsm_ril_modem_mode Modem mode = 1
12-08 16:31:44.874 V/RILJ ( 2509): motoOmap4RIL: Operator response
12-08 16:31:44.874 D/RILJ ( 2509): [3760]< OPERATOR {null, null, 31000, null, null, null} [SUB0]
12-08 16:31:44.875 D/use-Rlog/RLOG-RILMM( 247): util_get_cdmagsm_ril_modem_mode Modem mode = 1
12-08 16:31:44.875 D/use-Rlog/RLOG-RILMM( 247): send_cdma_reg_state_onRequestComplete +
12-08 16:31:44.875 D/use-Rlog/RLOG-RILMM( 247): send_cdma_reg_state_onRequestComplete selected_rat = 2
12-08 16:31:44.875 D/use-Rlog/RLOG-RILMM( 247): send_cdma_reg_state +
12-08 16:31:44.875 D/use-Rlog/RLOG-RILMM( 247): send_cdma_reg_state -
12-08 16:31:44.875 D/use-Rlog/RLOG-RILMM( 247): send_cdma_reg_state_onRequestComplete -
12-08 16:31:44.875 V/RILJ ( 2509): motoOmap4RIL: VoiceRegistrationState response
12-08 16:31:44.875 D/RILJ ( 2509): [3761]< VOICE_REGISTRATION_STATE {5, 0, 0, 0, 3203, 0, 0, 1, 21, 3, 64, 1, 64, 0} [SUB0]
12-08 16:31:44.875 D/RILJ ( 2509): [3762]> DATA_REGISTRATION_STATE [SUB0]
12-08 16:31:44.877 D/CdmaSST ( 2509): [CdmaLteSST] handleMessage: 25
12-08 16:31:44.877 D/CdmaSST ( 2509): [CdmaLteSST] handleMessage: 24
12-08 16:31:44.877 D/CdmaSST ( 2509): [CdmaLteSST] handleMessage: 5
12-08 16:31:44.877 D/CdmaSST ( 2509): [CdmaLteSST] handleMessage EVENT_POLL_STATE_GPRS
12-08 16:31:44.877 D/SubscriptionInfoUpdater( 2509): [Receiver]+
12-08 16:31:44.877 D/SubscriptionInfoUpdater( 2509): Action: android.intent.action.internal_sim_state_changed
12-08 16:31:44.877 D/SubscriptionInfoUpdater( 2509): slotId: 0
12-08 16:31:44.877 D/SubscriptionInfoUpdater( 2509): simStatus: LOADED
12-08 16:31:44.877 D/SubscriptionInfoUpdater( 2509): [Receiver]-
12-08 16:31:44.877 D/CdmaSST ( 2509): [CdmaLteSST] handleMessage: 25
12-08 16:31:44.877 D/CdmaSST ( 2509): [CdmaLteSST] handleMessage: 24
12-08 16:31:44.877 D/PHONE ( 2509): [ServiceState] setVoiceRegState=0
12-08 16:31:44.877 E/PHONE ( 2509): [ServiceState] setState deprecated use setVoiceRegState()
12-08 16:31:44.877 D/SubscriptionInfoUpdater( 2509): handleSimStateLoadedInternal: slotId: 0
12-08 16:31:44.877 D/SubscriptionInfoUpdater( 2509): All IccIds query complete
12-08 16:31:44.877 D/SubscriptionInfoUpdater( 2509): updateSubscriptionInfoByIccId:+ Start
12-08 16:31:44.878 D/use-Rlog/RLOG-RILMM( 247): util_get_cdmagsm_ril_modem_mode Modem mode = 1
12-08 16:31:44.878 D/RilRequest( 2509): [3762]< DATA_REGISTRATION_STATE error: com.android.internal.telephony.CommandException: GENERIC_FAILURE ret=
12-08 16:31:44.879 D/SubscriptionController( 2509): [clearSubInfo]+
12-08 16:31:44.879 D/SubscriptionController( 2509): [clearSubInfo]- no simInfo size=0
12-08 16:31:44.879 D/SubscriptionInfoUpdater( 2509): insertedSimCount = 1
12-08 16:31:44.879 D/SubscriptionController( 2509): [getSubInfoUsingSlotIdWithCheck]+ slotId:0
12-08 16:31:44.885 D/SubscriptionController( 2509): [getPhoneId]- no sims, returning default phoneId=2147483647
12-08 16:31:44.886 D/SubscriptionController( 2509): [getSubInfoRecord] id:1 iccid:891480000XXXXXXXXXXX simSlotIndex:0 displayName:Verizon Wireless nameSource:0 iconTint:-16746133 dataRoaming:0 mcc:311 mnc:480 countIso: userNwMode:10
12-08 16:31:44.887 D/SubscriptionController( 2509): [getPhoneId]- no sims, returning default phoneId=2147483647
12-08 16:31:44.888 D/SubscriptionController( 2509): [getPhoneId]- no sims, returning default phoneId=2147483647
12-08 16:31:44.889 D/SubscriptionController( 2509): [getSubInfoUsingSlotId]- null info return
12-08 16:31:44.889 D/SubscriptionInfoUpdater( 2509): updateSubscriptionInfoByIccId: oldSubId = 1
12-08 16:31:44.889 D/SubscriptionInfoUpdater( 2509): updateSubscriptionInfoByIccId: oldIccId[0] = 89148000000193022044, sIccId[0] = 89148000000193022044
12-08 16:31:44.890 D/SubscriptionController( 2509): [addSubInfoRecord]+ iccId:89148000000193022044 slotId:0
12-08 16:31:44.896 D/SubscriptionController( 2509): [getActiveSubInfoList]+
12-08 16:31:44.896 D/SubscriptionController( 2509): [getActiveSubInfoList] Sub Controller not ready
12-08 16:31:44.897 D/SubscriptionController( 2509): [addSubInfoRecord] Record already exists
12-08 16:31:44.902 D/SubscriptionController( 2509): [addSubInfoRecord] sSlotIdxToSubId.size=1 slotId=0 subId=1 defaultSubId=1 simCount=1
12-08 16:31:44.902 D/SubscriptionController( 2509): [setDefaultFallbackSubId] subId=1
12-08 16:31:44.903 D/SubscriptionController( 2509): [setDefaultFallbackSubId] set mDefaultFallbackSubId=1
12-08 16:31:44.906 D/SubscriptionController( 2509): [setDefaultFallbackSubId] broadcast default subId changed phoneId=0 subId=1
12-08 16:31:44.913 D/SubscriptionController( 2509): [addSubInfoRecord] one sim set defaults to subId=1
12-08 16:31:44.916 D/SubscriptionController( 2509): [setDefaultDataSubId] subId=1
12-08 16:31:44.916 D/SubscriptionController( 2509): [setDefaultDataSubId] num phones=1 dds flex map = nw_mode
12-08 16:31:44.916 D/SubscriptionController( 2509): [updateAllDataConnectionTrackers] sProxyPhones.length=1
12-08 16:31:44.916 D/SubscriptionController( 2509): [updateAllDataConnectionTrackers] phoneId=0
12-08 16:31:44.916 D/PhoneProxy( 2509): [PhoneProxy] Updating Data Connection Tracker
12-08 16:31:44.916 D/DCT ( 2509): [0]update sub = 1
12-08 16:31:44.916 D/DCT ( 2509): [0]update(): Active DDS, register for all events now!
12-08 16:31:44.916 D/DCT ( 2509): [0]onUpdateIcc: newIccRecords null
12-08 16:31:44.916 D/DCT ( 2509): [0]getDataEnabled: getIntWithSubId retVal=true
12-08 16:31:44.917 D/CDMAPhone( 2509): getOperatorNumeric: mCdmaSubscriptionSource = 0 operatorNumeric = 311480
12-08 16:31:44.917 D/CDMAPhone( 2509): updateCurrentCarrierInProvider: mSubscription = 1 currentDds = 1 operatorNumeric = 311480
12-08 16:31:44.981 D/SubscriptionController( 2509): [broadcastDefaultDataSubIdChanged] subId=1
12-08 16:31:44.984 D/SubscriptionController( 2509): [setDefaultSmsSubId] subId=1
12-08 16:31:44.985 D/SubscriptionController( 2509): [broadcastDefaultSmsSubIdChanged] subId=1
12-08 16:31:44.987 D/SubscriptionController( 2509): [setDefaultVoiceSubId] subId=1
12-08 16:31:44.987 D/SubscriptionController( 2509): [broadcastDefaultVoiceSubIdChanged] subId=1
12-08 16:31:44.989 D/SubscriptionController( 2509): [addSubInfoRecord] hashmap(0,1)
12-08 16:31:45.023 D/SubscriptionController( 2509): [addSubInfoRecord] sim name = Verizon Wireless
12-08 16:31:45.023 D/SubscriptionController( 2509): [updateAllDataConnectionTrackers] sProxyPhones.length=1
12-08 16:31:45.023 D/SubscriptionController( 2509): [updateAllDataConnectionTrackers] phoneId=0
12-08 16:31:45.023 D/PhoneProxy( 2509): [PhoneProxy] Updating Data Connection Tracker
12-08 16:31:45.023 D/DCT ( 2509): [0]update sub = 1
12-08 16:31:45.023 D/DCT ( 2509): [0]update(): Active DDS, register for all events now!
12-08 16:31:45.023 D/DCT ( 2509): [0]onUpdateIcc: newIccRecords null
12-08 16:31:45.023 D/DCT ( 2509): [0]getDataEnabled: getIntWithSubId retVal=true
12-08 16:31:45.024 D/CDMAPhone( 2509): getOperatorNumeric: mCdmaSubscriptionSource = 0 operatorNumeric = 311480
12-08 16:31:45.024 D/CDMAPhone( 2509): updateCurrentCarrierInProvider: mSubscription = 1 currentDds = 1 operatorNumeric = 311480
12-08 16:31:45.099 D/SubscriptionController( 2509): [addSubInfoRecord]- info size=1
12-08 16:31:45.099 D/SubscriptionInfoUpdater( 2509): newSim = false
12-08 16:31:45.099 D/SubscriptionInfoUpdater( 2509): updateSubscriptionInfoByIccId: sInsertSimState[0] = 0
12-08 16:31:45.100 D/SubscriptionController( 2509): [getActiveSubInfoList]+
12-08 16:31:45.101 D/SubscriptionController( 2509): selection:sim_id>=0 null
12-08 16:31:45.107 D/SubscriptionController( 2509): [getSubInfoRecord] id:1 iccid:891480000XXXXXXXXXXX simSlotIndex:0 displayName:Verizon Wireless nameSource:0 iconTint:-16746133 dataRoaming:0 mcc:311 mnc:480 countIso:us userNwMode:10
12-08 16:31:45.113 D/SubscriptionController( 2509): [getActiveSubInfoList]- 1 infos return
12-08 16:31:45.113 D/SubscriptionInfoUpdater( 2509): updateSubscriptionInfoByIccId: nSubCount = 1
12-08 16:31:45.116 D/SubscriptionController( 2509): [setDefaultDataSubId] subId=1
12-08 16:31:45.116 D/SubscriptionController( 2509): [setDefaultDataSubId] num phones=1 dds flex map = nw_mode
12-08 16:31:45.116 D/SubscriptionController( 2509): [updateAllDataConnectionTrackers] sProxyPhones.length=1
12-08 16:31:45.116 D/SubscriptionController( 2509): [updateAllDataConnectionTrackers] phoneId=0
12-08 16:31:45.117 D/PhoneProxy( 2509): [PhoneProxy] Updating Data Connection Tracker
12-08 16:31:45.117 D/DCT ( 2509): [0]update sub = 1
12-08 16:31:45.117 D/DCT ( 2509): [0]update(): Active DDS, register for all events now!
12-08 16:31:45.117 D/DCT ( 2509): [0]onUpdateIcc: newIccRecords null
12-08 16:31:45.117 D/DCT ( 2509): [0]getDataEnabled: getIntWithSubId retVal=true
12-08 16:31:45.118 D/CDMAPhone( 2509): getOperatorNumeric: mCdmaSubscriptionSource = 0 operatorNumeric = 311480
12-08 16:31:45.118 D/CDMAPhone( 2509): updateCurrentCarrierInProvider: mSubscription = 1 currentDds = 1 operatorNumeric = 311480
12-08 16:31:45.212 D/SubscriptionController( 2509): [broadcastDefaultDataSubIdChanged] subId=1
12-08 16:31:45.217 D/SubscriptionController( 2509): [setDefaultVoiceSubId] subId=1
12-08 16:31:45.218 D/SubscriptionController( 2509): [broadcastDefaultVoiceSubIdChanged] subId=1
12-08 16:31:45.220 D/SubscriptionController( 2509): [setDefaultSmsSubId] subId=1
12-08 16:31:45.221 D/SubscriptionController( 2509): [broadcastDefaultSmsSubIdChanged] subId=1
12-08 16:31:45.223 D/SubscriptionController( 2509): notifySubscriptionInfoChanged:
12-08 16:31:45.225 D/SubscriptionController( 2509): [getActiveSubInfoList]+
12-08 16:31:45.225 D/SubscriptionInfoUpdater( 2509): updateSubscriptionInfoByIccId:- SsubscriptionInfo update complete
12-08 16:31:45.225 D/RuimRecords( 2509): [RuimRecords] Overriding with Operator Numeric: 311480
12-08 16:31:45.226 D/SubscriptionController( 2509): selection:sim_id>=0 null
12-08 16:31:45.230 D/SubscriptionController( 2509): [getSubInfoRecord] id:1 iccid:891480000XXXXXXXXXXX simSlotIndex:0 displayName:Verizon Wireless nameSource:0 iconTint:-16746133 dataRoaming:0 mcc:311 mnc:480 countIso:us userNwMode:10
12-08 16:31:45.231 D/SubscriptionController( 2509): [setMccMnc]+ mcc/mnc:311/480 subId:1
12-08 16:31:45.235 D/SubscriptionController( 2509): [getActiveSubInfoList]+
12-08 16:31:45.235 D/SubscriptionController( 2509): [getActiveSubInfoList]- 1 infos return
12-08 16:31:45.238 D/SubscriptionController( 2509): getSimStateForSlotIdx: simState=READY ordinal=5
12-08 16:31:45.238 D/SubscriptionManager( 1985): getSimStateForSubscriber: simState=5 slotIdx=0
12-08 16:31:45.239 D/SubscriptionController( 2509): selection:sim_id>=0 null
12-08 16:31:45.257 D/SubscriptionController( 2509): notifySubscriptionInfoChanged:
12-08 16:31:45.272 D/SubscriptionController( 2509): [getActiveSubInfoList]+
12-08 16:31:45.273 D/SubscriptionController( 2509): selection:sim_id>=0 null
12-08 16:31:45.274 D/SubscriptionController( 2509): [getActiveSubInfoList]+
12-08 16:31:45.274 D/SubscriptionController( 2509): selection:sim_id>=0 null
12-08 16:31:45.279 D/SubscriptionController( 2509): [getSubInfoRecord] id:1 iccid:891480000XXXXXXXXXXX simSlotIndex:0 displayName:Verizon Wireless nameSource:0 iconTint:-16746133 dataRoaming:0 mcc:311 mnc:480 countIso:us userNwMode:10
12-08 16:31:45.282 D/SubscriptionController( 2509): [getSubInfoRecord] id:1 iccid:891480000XXXXXXXXXXX simSlotIndex:0 displayName:Verizon Wireless nameSource:0 iconTint:-16746133 dataRoaming:0 mcc:311 mnc:480 countIso:us userNwMode:10
12-08 16:31:45.286 D/SubscriptionController( 2509): [getSubInfoRecord] id:1 iccid:891480000XXXXXXXXXXX simSlotIndex:0 displayName:Verizon Wireless nameSource:0 iconTint:-16746133 dataRoaming:0 mcc:311 mnc:480 countIso:us userNwMode:10
12-08 16:31:45.288 D/SubscriptionController( 2509): [getActiveSubInfoList]- 1 infos return
12-08 16:31:45.289 D/SubscriptionController( 2509): [getActiveSubInfoList]- 1 infos return
12-08 16:31:45.289 D/SubscriptionController( 2509): [getActiveSubInfoForSubscriber]+ subId=1 subInfo={id=1, iccId=891480000XXXXXXXXXXX simSlotIndex=0 displayName=Verizon Wireless carrierName= nameSource=0 iconTint=-16746133 dataRoaming=0 iconBitmap=android.graphics.Bitmap@182f77a mcc 311 mnc 480 mUserNwMode=10}
12-08 16:31:45.291 D/SubscriptionInfoUpdater( 2509): sim name = Verizon Wireless
12-08 16:31:45.296 D/SubscriptionController( 2509): getSimStateForSlotIdx: simState=READY ordinal=5
12-08 16:31:45.296 D/SubscriptionManager( 1985): getSimStateForSubscriber: simState=5 slotIdx=0
12-08 16:31:45.323 D/SubscriptionInfoUpdater( 2509): Broadcasting intent ACTION_SIM_STATE_CHANGED LOADED reason null for mCardIndex : 0
12-08 16:31:45.350 D/CdmaSST ( 2509): [CdmaLteSST] handleMessage: 5
12-08 16:31:45.350 D/CdmaSST ( 2509): [CdmaLteSST] handleMessage EVENT_POLL_STATE_GPRS
12-08 16:31:45.350 E/CdmaSST ( 2509): [CdmaLteSST] handlePollStateResult: RIL returned an error where it must succeedcom.android.internal.telephony.CommandException: GENERIC_FAILURE
12-08 16:31:45.350 D/CdmaSST ( 2509): [CdmaLteSST] Turn off roaming indicator if !isPrlLoaded or voice RAT is unknown
12-08 16:31:45.350 D/CdmaSST ( 2509): [CdmaLteSST] Set CDMA Roaming Indicator to: 1. voiceRoaming = false. dataRoaming = false, isPrlLoaded = true. namMatch = true , mIsInPrl = true, mRoamingIndicator = 64, mDefaultRoamingIndicator= 64
12-08 16:31:45.351 D/CdmaSST ( 2509): [CdmaLteSST] pollStateDone: lte 1 ss=[0 1 voice home data home null null 31000 null null 31000 Unknown Unknown CSS supported 3 21 RoamInd=1 DefRoamInd=64 EmergOnly=false IsDataRoamingFromRegistration=false] newSS=[0 1 voice home data home null null 31000 null null 31000 Unknown Unknown CSS supported 3 21 RoamInd=1 DefRoamInd=64 EmergOnly=false IsDataRoamingFromRegistration=false]
12-08 16:31:45.352 D/CdmaSST ( 2509): [CdmaLteSST] pollStateDone: hasRegistered=false hasDeegistered=false hasCdmaDataConnectionAttached=false hasCdmaDataConnectionDetached=false hasCdmaDataConnectionChanged=false hasVoiceRadioTechnologyChanged= false hasDataRadioTechnologyChanged=false hasChanged=false hasVoiceRoamingOn=false hasVoiceRoamingOff=false hasDataRoamingOn=false hasDataRoamingOff=false hasLocationChanged=false has4gHandoff = false hasMultiApnSupport=false hasLostMultiApnSupport=false
12-08 16:31:45.352 D/PHONE ( 2509): [ServiceState] setNullState=1
12-08 16:31:45.352 D/PHONE ( 2509): [ServiceState] setNullState=1
12-08 16:31:45.328 D/SubscriptionController( 2509): [getActiveSubInfoList]- 1 infos return
12-08 16:31:45.362 D/SubscriptionController( 2509): [getActiveSubInfoList]+
12-08 16:31:45.363 D/SubscriptionController( 2509): selection:sim_id>=0 null
12-08 16:31:45.371 D/SubscriptionController( 2509): [getSubInfoRecord] id:1 iccid:891480000XXXXXXXXXXX simSlotIndex:0 displayName:Verizon Wireless nameSource:0 iconTint:-16746133 dataRoaming:0 mcc:311 mnc:480 countIso:us userNwMode:10
12-08 16:31:45.374 D/SubscriptionController( 2509): [getActiveSubInfoList]- 1 infos return
12-08 16:31:45.375 D/SubscriptionController( 2509): [getActiveSubInfoForSubscriber]+ subId=1 subInfo={id=1, iccId=891480000XXXXXXXXXXX simSlotIndex=0 displayName=Verizon Wireless carrierName= nameSource=0 iconTint=-16746133 dataRoaming=0 iconBitmap=android.graphics.Bitmap@aa6fb88 mcc 311 mnc 480 mUserNwMode=10}
12-08 16:31:45.477 D/SubscriptionController( 2509): [getActiveSubInfoList]+
12-08 16:31:45.478 D/SubscriptionController( 2509): selection:sim_id>=0 null
12-08 16:31:45.483 D/SubscriptionController( 2509): [getSubInfoRecord] id:1 iccid:891480000XXXXXXXXXXX simSlotIndex:0 displayName:Verizon Wireless nameSource:0 iconTint:-16746133 dataRoaming:0 mcc:311 mnc:480 countIso:us userNwMode:10
12-08 16:31:45.486 D/SubscriptionController( 2509): [getActiveSubInfoList]- 1 infos return
12-08 16:31:45.496 D/SubscriptionController( 2509): [getActiveSubInfoList]+
12-08 16:31:45.496 D/SubscriptionController( 2509): selection:sim_id>=0 null
12-08 16:31:45.502 D/SubscriptionController( 2509): [getSubInfoRecord] id:1 iccid:891480000XXXXXXXXXXX simSlotIndex:0 displayName:Verizon Wireless nameSource:0 iconTint:-16746133 dataRoaming:0 mcc:311 mnc:480 countIso:us userNwMode:10
12-08 16:31:45.505 D/SubscriptionController( 2509): [getActiveSubInfoList]- 1 infos return
12-08 16:31:45.506 D/SubscriptionController( 2509): [getActiveSubInfoForSubscriber]+ subId=1 subInfo={id=1, iccId=891480000XXXXXXXXXXX simSlotIndex=0 displayName=Verizon Wireless carrierName= nameSource=0 iconTint=-16746133 dataRoaming=0 iconBitmap=android.graphics.Bitmap@6bac65d mcc 311 mnc 480 mUserNwMode=10}
12-08 16:31:45.567 D/CdmaSST ( 2509): [CdmaLteSST] SubscriptionListener.onSubscriptionInfoChanged
12-08 16:31:45.568 E/PhoneBase( 2509): Error! This function should never be executed, inactive CDMAPhone.
12-08 16:31:45.568 D/PhoneFactory( 2509): calculatePreferredNetworkType: phoneId = 0 phoneIdNetworkType = 10
12-08 16:31:45.569 D/PhoneFactory( 2509): calculatePreferredNetworkType: phoneSubId = 1 networkType = 10
12-08 16:31:45.569 D/PhoneBase( 2509): setPreferredNetworkType: Abort, unknown RAF: 1 655358
12-08 16:31:45.570 E/CDMAPhone( 2509): method setNetworkSelectionModeAutomatic is NOT supported in CDMA!
12-08 16:31:45.570 D/DCT ( 2509): [0]getDataEnabled: getIntWithSubId retVal=true
12-08 16:31:45.570 D/DCT ( 2509): [0]setDataEnabled: sendMessage: enable=true
12-08 16:31:45.570 D/TelephonyManager( 2509): setTelephonyProperty: success phoneId=0 property=gsm.network.type value: Unknown propVal=Unknown
12-08 16:31:45.572 D/SubscriptionController( 2509): [setCarrierText]+ text: subId:1
12-08 16:31:45.584 D/SubscriptionController( 2509): [getActiveSubInfoList]+
12-08 16:31:45.586 D/SubscriptionController( 2509): selection:sim_id>=0 null
12-08 16:31:46.146 D/SubscriptionController( 2509): notifySubscriptionInfoChanged:
12-08 16:31:46.148 D/SubscriptionController( 2509): [getActiveSubInfoList]+
12-08 16:31:46.149 D/SubscriptionController( 2509): selection:sim_id>=0 null
12-08 16:31:46.152 D/CdmaSST ( 2509): [CdmaLteSST] updateSpnDisplay: changed sending intent showPlmn='false' plmn='null' subId='1'
12-08 16:31:46.154 D/SubscriptionController( 2509): [setCarrierText]+ text: subId:1
12-08 16:31:46.155 D/SubscriptionController( 2509): [getSubInfoRecord] id:1 iccid:891480000XXXXXXXXXXX simSlotIndex:0 displayName:Verizon Wireless nameSource:0 iconTint:-16746133 dataRoaming:0 mcc:311 mnc:480 countIso:us userNwMode:10
12-08 16:31:46.158 D/SubscriptionController( 2509): [getActiveSubInfoList]- 1 infos return
12-08 16:31:46.162 D/SubscriptionController( 2509): getSimStateForSlotIdx: simState=READY ordinal=5
12-08 16:31:46.162 D/SubscriptionManager( 1985): getSimStateForSubscriber: simState=5 slotIdx=0
12-08 16:31:46.202 D/SubscriptionController( 2509): notifySubscriptionInfoChanged:
12-08 16:31:46.204 D/SubscriptionController( 2509): [getActiveSubInfoList]+
12-08 16:31:46.205 D/SubscriptionController( 2509): selection:sim_id>=0 null
12-08 16:31:46.212 D/DCT ( 2509): [0]SubscriptionListener.onSubscriptionInfoChanged
12-08 16:31:46.214 D/SubscriptionController( 2509): [getActiveSubInfoList]+
12-08 16:31:46.215 D/SubscriptionController( 2509): selection:sim_id>=0 null
12-08 16:31:46.241 D/SubscriptionController( 2509): [getSubInfoRecord] id:1 iccid:891480000XXXXXXXXXXX simSlotIndex:0 displayName:Verizon Wireless nameSource:0 iconTint:-16746133 dataRoaming:0 mcc:311 mnc:480 countIso:us userNwMode:10
12-08 16:31:46.246 D/SubscriptionController( 2509): [getSubInfoRecord] id:1 iccid:891480000XXXXXXXXXXX simSlotIndex:0 displayName:Verizon Wireless nameSource:0 iconTint:-16746133 dataRoaming:0 mcc:311 mnc:480 countIso:us userNwMode:10
12-08 16:31:46.250 D/SubscriptionController( 2509): [getSubInfoRecord] id:1 iccid:891480000XXXXXXXXXXX simSlotIndex:0 displayName:Verizon Wireless nameSource:0 iconTint:-16746133 dataRoaming:0 mcc:311 mnc:480 countIso:us userNwMode:10
12-08 16:31:46.251 D/SubscriptionController( 2509): [getActiveSubInfoList]- 1 infos return
12-08 16:31:46.253 D/SubscriptionController( 2509): getSimStateForSlotIdx: simState=READY ordinal=5
12-08 16:31:46.254 D/SubscriptionManager( 1985): getSimStateForSubscriber: simState=5 slotIdx=0
12-08 16:31:46.255 D/SubscriptionController( 2509): [getActiveSubInfoList]- 1 infos return
12-08 16:31:46.263 D/SubscriptionController( 2509): [getActiveSubInfoList]+
12-08 16:31:46.264 D/SubscriptionController( 2509): selection:sim_id>=0 null
12-08 16:31:46.271 D/SubscriptionController( 2509): [getSubInfoRecord] id:1 iccid:891480000XXXXXXXXXXX simSlotIndex:0 displayName:Verizon Wireless nameSource:0 iconTint:-16746133 dataRoaming:0 mcc:311 mnc:480 countIso:us userNwMode:10
12-08 16:31:46.272 D/SubscriptionController( 2509): [getActiveSubInfoList]- 1 infos return
12-08 16:31:46.274 D/SubscriptionController( 2509): [getActiveSubInfoList]- 1 infos return
12-08 16:31:46.274 D/SubscriptionController( 2509): [getActiveSubInfoForSubscriber]+ subId=1 subInfo={id=1, iccId=891480000XXXXXXXXXXX simSlotIndex=0 displayName=Verizon Wireless carrierName= nameSource=0 iconTint=-16746133 dataRoaming=0 iconBitmap=android.graphics.Bitmap@f456415 mcc 311 mnc 480 mUserNwMode=10}
12-08 16:31:46.291 D/SubscriptionController( 2509): [getActiveSubInfoList]+
12-08 16:31:46.292 D/SubscriptionController( 2509): selection:sim_id>=0 null
12-08 16:31:46.307 D/CdmaSST ( 2509): [CdmaLteSST] SubscriptionListener.onSubscriptionInfoChanged
12-08 16:31:46.307 D/DCT ( 2509): [0]SubscriptionListener.onSubscriptionInfoChanged
12-08 16:31:46.309 D/SubscriptionInfoUpdater( 2509): [Receiver]+
12-08 16:31:46.309 D/SubscriptionInfoUpdater( 2509): Action: android.intent.action.SIM_STATE_CHANGED
12-08 16:31:46.309 D/SubscriptionInfoUpdater( 2509): slotId: 0
12-08 16:31:46.309 D/SubscriptionInfoUpdater( 2509): simStatus: LOADED
12-08 16:31:46.309 D/SubscriptionInfoUpdater( 2509): Ignoring simStatus: LOADED
12-08 16:31:46.309 D/SubscriptionInfoUpdater( 2509): [Receiver]-
12-08 16:31:46.386 D/DctController( 2509): handleMessage msg={ when=-909ms what=107 target=com.android.internal.telephony.dataconnection.DctController }
12-08 16:31:46.386 D/DctController( 2509): onSubInfoReady mPhoneNum=1
12-08 16:31:46.386 D/DctController( 2509): onSubInfoReady handle pending requests subId=1
12-08 16:31:46.386 D/DctController( 2509): [TNF 1]evalPendingRequest, pending request size is 1
12-08 16:31:46.386 D/DctController( 2509): [TNF 1]evalPendingRequest: request = NetworkRequest [ id=1, legacyType=-1, [ Capabilities: INTERNET&NOT_RESTRICTED&TRUSTED&NOT_VPN] ]
12-08 16:31:46.386 D/DctController( 2509): [TNF 1]Cellular needs Network for NetworkRequest [ id=1, legacyType=-1, [ Capabilities: INTERNET&NOT_RESTRICTED&TRUSTED&NOT_VPN] ]
12-08 16:31:46.386 D/DctController( 2509): requestNetwork request=NetworkRequest [ id=1, legacyType=-1, [ Capabilities: INTERNET&NOT_RESTRICTED&TRUSTED&NOT_VPN] ], priority=0
12-08 16:31:46.387 D/DctController( 2509): processRequests
12-08 16:31:46.387 D/DctController( 2509): processRequests
12-08 16:31:46.396 D/SubscriptionController( 2509): [getSubInfoRecord] id:1 iccid:891480000XXXXXXXXXXX simSlotIndex:0 displayName:Verizon Wireless nameSource:0 iconTint:-16746133 dataRoaming:0 mcc:311 mnc:480 countIso:us userNwMode:10
12-08 16:31:46.421 D/DCT ( 2509): [0]handleMessage msg={ when=-852ms what=270366 arg1=1 target=com.android.internal.telephony.dataconnection.DcTracker }
12-08 16:31:46.422 D/DCT ( 2509): [0]CMD_SET_USER_DATA_ENABLE enabled=true
12-08 16:31:46.422 D/SubscriptionController( 2509): [getActiveSubInfoList]+
12-08 16:31:46.424 D/SubscriptionController( 2509): selection:sim_id>=0 null
12-08 16:31:46.432 D/SubscriptionController( 2509): [getSubInfoRecord] id:1 iccid:891480000XXXXXXXXXXX simSlotIndex:0 displayName:Verizon Wireless nameSource:0 iconTint:-16746133 dataRoaming:0 mcc:311 mnc:480 countIso:us userNwMode:10
12-08 16:31:46.437 D/SubscriptionController( 2509): [getActiveSubInfoList]- 1 infos return
12-08 16:31:46.446 D/SubscriptionController( 2509): [getActiveSubInfoList]+
12-08 16:31:46.447 D/SubscriptionController( 2509): selection:sim_id>=0 null
12-08 16:31:46.455 D/SubscriptionController( 2509): [getSubInfoRecord] id:1 iccid:891480000XXXXXXXXXXX simSlotIndex:0 displayName:Verizon Wireless nameSource:0 iconTint:-16746133 dataRoaming:0 mcc:311 mnc:480 countIso:us userNwMode:10
12-08 16:31:46.458 D/SubscriptionController( 2509): [getActiveSubInfoList]- 1 infos return
12-08 16:31:46.459 D/SubscriptionController( 2509): [getActiveSubInfoForSubscriber]+ subId=1 subInfo={id=1, iccId=891480000XXXXXXXXXXX simSlotIndex=0 displayName=Verizon Wireless carrierName= nameSource=0 iconTint=-16746133 dataRoaming=0 iconBitmap=android.graphics.Bitmap@2ac97f7 mcc 311 mnc 480 mUserNwMode=10}
12-08 16:31:46.479 D/SubscriptionController( 2509): [getActiveSubInfoList]- 1 infos return
12-08 16:31:46.488 D/TelephonyManager( 1985): networkType = 0 networkClass = 0
12-08 16:31:46.500 D/SubscriptionController( 2509): [getActiveSubInfoList]+
12-08 16:31:46.501 D/SubscriptionController( 2509): selection:sim_id>=0 null
12-08 16:31:46.520 D/CdmaSST ( 2509): [CdmaLteSST] SubscriptionListener.onSubscriptionInfoChanged
12-08 16:31:46.520 D/DCT ( 2509): [0]SubscriptionListener.onSubscriptionInfoChanged
12-08 16:31:46.523 D/SubscriptionController( 2509): [getActiveSubInfoList]+
12-08 16:31:46.523 D/SubscriptionController( 2509): selection:sim_id>=0 null
12-08 16:31:46.534 D/SubscriptionController( 2509): [getSubInfoRecord] id:1 iccid:891480000XXXXXXXXXXX simSlotIndex:0 displayName:Verizon Wireless nameSource:0 iconTint:-16746133 dataRoaming:0 mcc:311 mnc:480 countIso:us userNwMode:10
12-08 16:31:46.549 D/SubscriptionController( 2509): [getActiveSubInfoList]- 1 infos return
12-08 16:31:46.554 D/SubscriptionController( 2509): [getActiveSubInfoList]+
12-08 16:31:46.554 D/SubscriptionController( 2509): selection:sim_id>=0 null
12-08 16:31:46.561 D/SubscriptionController( 2509): [getSubInfoRecord] id:1 iccid:891480000XXXXXXXXXXX simSlotIndex:0 displayName:Verizon Wireless nameSource:0 iconTint:-16746133 dataRoaming:0 mcc:311 mnc:480 countIso:us userNwMode:10
12-08 16:31:46.555 D/SubscriptionController( 2509): [getSubInfoRecord] id:1 iccid:891480000XXXXXXXXXXX simSlotIndex:0 displayName:Verizon Wireless nameSource:0 iconTint:-16746133 dataRoaming:0 mcc:311 mnc:480 countIso:us userNwMode:10
12-08 16:31:46.567 D/SubscriptionController( 2509): [getActiveSubInfoList]- 1 infos return
12-08 16:31:46.567 D/SubscriptionController( 2509): [getActiveSubInfoForSubscriber]+ subId=1 subInfo={id=1, iccId=891480000XXXXXXXXXXX simSlotIndex=0 displayName=Verizon Wireless carrierName= nameSource=0 iconTint=-16746133 dataRoaming=0 iconBitmap=android.graphics.Bitmap@6f88eef mcc 311 mnc 480 mUserNwMode=10}
12-08 16:31:46.578 D/SubscriptionController( 2509): [getActiveSubInfoList]- 1 infos return
12-08 16:31:46.582 D/TelephonyManager( 1985): networkType = 0 networkClass = 0
12-08 16:31:46.583 D/SubscriptionController( 2509): [getActiveSubInfoList]+
12-08 16:31:46.585 D/SubscriptionController( 2509): selection:sim_id>=0 null
12-08 16:31:46.602 D/CdmaSST ( 2509): [CdmaLteSST] SubscriptionListener.onSubscriptionInfoChanged
12-08 16:31:46.602 D/DCT ( 2509): [0]SubscriptionListener.onSubscriptionInfoChanged
12-08 16:31:46.603 D/DctController( 2509): handleMessage msg={ when=-390ms what=107 target=com.android.internal.telephony.dataconnection.DctController }
12-08 16:31:46.604 D/DctController( 2509): onSubInfoReady mPhoneNum=1
12-08 16:31:46.604 D/DctController( 2509): onSubInfoReady handle pending requests subId=1
12-08 16:31:46.604 D/DctController( 2509): [TNF 1]evalPendingRequest, pending request size is 0
12-08 16:31:46.604 D/DctController( 2509): processRequests
12-08 16:31:46.616 D/SubscriptionController( 2509): [getSubInfoRecord] id:1 iccid:891480000XXXXXXXXXXX simSlotIndex:0 displayName:Verizon Wireless nameSource:0 iconTint:-16746133 dataRoaming:0 mcc:311 mnc:480 countIso:us userNwMode:10
12-08 16:31:46.621 D/SubscriptionController( 2509): [getActiveSubInfoList]- 1 infos return
12-08 16:31:46.637 D/DctController( 2509): handleMessage msg={ when=-250ms what=100 target=com.android.internal.telephony.dataconnection.DctController }
12-08 16:31:46.637 D/DctController( 2509): getTopPriorityRequestPhoneId requestInfo=[ request=NetworkRequest [ id=1, legacyType=-1, [ Capabilities: INTERNET&NOT_RESTRICTED&TRUSTED&NOT_VPN] ], executedPhoneId=-1, priority=0]
12-08 16:31:46.638 D/DcSwitchAsyncChannel( 2509): [DcSwitchAsyncChannel-0]: rspIsIdle=true
12-08 16:31:46.638 D/DctController( 2509): onProcessRequest requestedPhoneId=0, activePhoneId=-1
12-08 16:31:46.638 D/DctController( 2509): Active phone is CDMA, fake ATTACH
12-08 16:31:46.638 D/DctController( 2509): handleMessage msg={ when=-252ms what=100 target=com.android.internal.telephony.dataconnection.DctController }
12-08 16:31:46.638 D/DctController( 2509): getTopPriorityRequestPhoneId requestInfo=[ request=NetworkRequest [ id=1, legacyType=-1, [ Capabilities: INTERNET&NOT_RESTRICTED&TRUSTED&NOT_VPN] ], executedPhoneId=-1, priority=0]
12-08 16:31:46.639 D/DcSwitchSM( 2509): [DcSwitchStateMachine-0] IdleState: REQ_CONNECT, apnRequest=[ request=NetworkRequest [ id=1, legacyType=-1, [ Capabilities: INTERNET&NOT_RESTRICTED&TRUSTED&NOT_VPN] ], executedPhoneId=-1, priority=0]
12-08 16:31:46.639 D/DcSwitchSM( 2509): [DcSwitchStateMachine-0] AttachingState: enter
12-08 16:31:46.639 V/RILJ ( 2509): motoOmap4RIL: setDataAllowed
12-08 16:31:46.639 V/RILJ ( 2509): motoOmap4RIL: faking VoiceNetworkState
12-08 16:31:46.639 D/DcSwitchSM( 2509): [DcSwitchStateMachine-0] AttachingState: EVENT_DATA_ATTACHED
12-08 16:31:46.639 D/DcSwitchSM( 2509): [DcSwitchStateMachine-0] AttachedState: enter
12-08 16:31:46.639 D/DctController( 2509): executeAllRequests, phone:0
12-08 16:31:46.639 D/DcSwitchSM( 2509): [DcSwitchStateMachine-0] DefaultState: shouldn't happen but ignore msg.what=0x43001
12-08 16:31:46.640 D/DcSwitchAsyncChannel( 2509): [DcSwitchAsyncChannel-0]: rspIsIdle=false
12-08 16:31:46.640 D/DctController( 2509): onProcessRequest requestedPhoneId=0, activePhoneId=0
12-08 16:31:46.640 D/DctController( 2509): handleMessage msg={ when=-219ms what=107 target=com.android.internal.telephony.dataconnection.DctController }
12-08 16:31:46.640 D/DctController( 2509): onSubInfoReady mPhoneNum=1
12-08 16:31:46.640 D/DctController( 2509): onSubInfoReady handle pending requests subId=1
12-08 16:31:46.640 D/DctController( 2509): [TNF 1]evalPendingRequest, pending request size is 0
12-08 16:31:46.640 D/DctController( 2509): processRequests
12-08 16:31:46.641 D/DcSwitchSM( 2509): [DcSwitchStateMachine-0] AttachedState: REQ_CONNECT, apnRequest=[ request=NetworkRequest [ id=1, legacyType=-1, [ Capabilities: INTERNET&NOT_RESTRICTED&TRUSTED&NOT_VPN] ], executedPhoneId=-1, priority=0]
12-08 16:31:46.641 D/DctController( 2509): executeRequest, request= [ request=NetworkRequest [ id=1, legacyType=-1, [ Capabilities: INTERNET&NOT_RESTRICTED&TRUSTED&NOT_VPN] ], executedPhoneId=-1, priority=0]
12-08 16:31:46.642 D/CAT ( 2509): com.android.stk.BootCompletedReceiver: [ACTION_BOOT_COMPLETED]
12-08 16:31:46.672 D/DctController( 2509): handleMessage msg={ when=-149ms what=107 target=com.android.internal.telephony.dataconnection.DctController }
12-08 16:31:46.672 D/DctController( 2509): onSubInfoReady mPhoneNum=1
12-08 16:31:46.672 D/DctController( 2509): onSubInfoReady handle pending requests subId=1
12-08 16:31:46.672 D/DctController( 2509): [TNF 1]evalPendingRequest, pending request size is 0
12-08 16:31:46.672 D/DctController( 2509): processRequests
