12-08 16:31:43.150 D/use-Rlog/RLOG-RILMM( 247): RILMM_SIM_SendResponseCDMA_onRequestComplete LTE OEM msg id 655379, RIL_Errno 0
12-08 16:31:43.150 D/use-Rlog/RLOG-RILMM( 247): RILMM_SIM_SendResponseCDMA_onRequestComplete Responselen 42
12-08 16:31:43.150 D/use-Rlog/RLOG-RILMM( 247): RILMM_MAIN_send_request Sending Request with token = 790
12-08 16:31:43.150 D/use-Rlog/RLOG-RIL-LTE( 247): RILM_SIM_OEM_HookRaw_onRequest Msg id = 0xa0013
12-08 16:31:43.150 D/use-Rlog/RLOG-RIL-LTE( 247): RILM_OEM_onRequest Msg id= 0xa0013,
12-08 16:31:43.150 D/use-Rlog/RLOG-RIL-LTE( 247): RILM_OEM_SIM_onRequest Msg id= 0xa0013
12-08 16:31:43.150 D/use-Rlog/RLOG-RIL-LTE( 247): RILM_OEM_SIM_SendCRSM_Or_CRLAResponse_onRequest Message id = a0013, SW1 = 90, SW2 = 0, resp len = 37
12-08 16:31:43.150 D/use-Rlog/RLOG-RIL-LTE( 247): RILM_OEM_M2M_onRequest Msg id= 0xa0013
12-08 16:31:43.150 D/use-Rlog/RLOG-RILMM( 247): RILMM_SIM_SendResponseCDMA_onRequestComplete wl- =1
12-08 16:31:43.150 D/use-Rlog/RLOG-RILMM( 247): RILMM_SIM_SendResponseCDMA_onRequestComplete -
12-08 16:31:43.150 I/use-Rlog/RLOG-RIL-MOD( 247): onReqComp: Ch7 process reqCode = 28
12-08 16:31:43.150 I/use-Rlog/RLOG-RIL-MX( 247): Ch7 > 0424AT+CRSM=178,28456,7,4,5,,3F007FFF,,,a0000003431002f310ffff89020000ff
12-08 16:31:43.150 I/use-Rlog/RLOG-RIL-MX( 247):
12-08 16:31:43.158 D/use-Rlog/RLOG-RIL-LTE( 247): RILM_OEM_SIM_SendSimDrvResponse_Callback +
12-08 16:31:43.158 D/use-Rlog/RLOG-RIL-LTE( 247): RILM_OEM_SIM_SendSimDrvResponse_Callback -
12-08 16:31:43.159 D/use-Rlog/RLOG-RIL-LTE( 247): RILM_OEM_SIM_Async_SendCRLAEvent +
12-08 16:31:43.159 D/use-Rlog/RLOG-RILMM( 247): RILMM_Main_OEM_onUnsolicitedResponse Rx UNSOL_OEM_HOOKRAW (1a0004) from LTE
12-08 16:31:43.159 D/use-Rlog/RLOG-RILMM( 247): RILMM_Main_OEM_onUnsolicitedResponse wl+ =18
12-08 16:31:43.159 D/use-Rlog/RLOG-RILMM( 247): RILMM_SIM_Oem_onUnsolicitedResponse +
12-08 16:31:43.159 D/use-Rlog/RLOG-RILMM( 247): RILMM_SIM_Oem_onUnsolicitedResponse Unsol OEM HOOKRAW msg id: 1a0004
12-08 16:31:43.160 D/use-Rlog/RLOG-RILMM( 247): RILMM_MAIN_send_request Sending Request with token = 791
12-08 16:31:43.160 I/use-Rlog/RLOG-RIL-MAIN( 247): onReq: reqCode = 59, dataLen = 26
12-08 16:31:43.160 D/use-Rlog/RLOG-RILMM( 247): RILMM_SIM_Oem_onUnsolicitedResponse -
12-08 16:31:43.160 D/use-Rlog/RLOG-RIL-LTE( 247): RILM_OEM_SIM_Async_SendCRLAEvent -
12-08 16:31:43.193 I/use-Rlog/RLOG-RIL-MX( 247): Read Ch7 << 0424+CRSM=144,0,0000000000
12-08 16:31:43.193 D/use-Rlog/RLOG-RILMM( 247): RILMM_SIM_Send_onRequestComplete_to_Apps +
12-08 16:31:43.193 D/use-Rlog/RLOG-RILMM( 247): RILMM_SIM_Send_onRequestComplete_to_Apps -
12-08 16:31:43.193 I/use-Rlog/RLOG-RIL-MOD( 247): onReqComp: Ch7 process reqCode = 59
12-08 16:31:43.194 I/use-Rlog/RLOG-RIL-MX( 247): Ch7 > 0425AT+CRSM=178,28422,4,4,63,,3F007FFF,,1290116903
12-08 16:31:43.194 I/use-Rlog/RLOG-RIL-MX( 247):
12-08 16:31:43.194 D/RILJ ( 2509): [3742]< SIM_IO IccIoResponse sw1:0x90 sw2:0x0 [SUB0]
12-08 16:31:43.194 D/RILJ ( 2509): [3743]> iccIO: SIM_IO 0xb2 0x6f28 path: 3F007FFF,8,4,5 aid: a0000003431002f310ffff89020000ff [SUB0]
12-08 16:31:43.199 D/use-Rlog/RLOG-RILMM( 247): RILMM_SIM_SimIO_onRequest +
12-08 16:31:43.200 D/use-Rlog/RLOG-RILMM( 247): RILMM_SIM_SimIO_onRequest Reading aid from SIM_IO Req
12-08 16:31:43.200 D/use-Rlog/RLOG-RILMM( 247): RILMM_SIM_SimIO_onRequest Sending req to CDMA Modem- RIL_VERSION: 6
12-08 16:31:43.200 D/use-Rlog/RLOG-RILMM( 247): RILMM_MAIN_send_request Sending Request with token = 792
12-08 16:31:43.200 I/use-Rlog/RLOG-RIL-MAIN( 247): onReq: reqCode = 28, dataLen = 36
12-08 16:31:43.200 D/use-Rlog/RLOG-RILMM( 247): RILMM_SIM_SimIO_onRequest -
12-08 16:31:43.247 I/use-Rlog/RLOG-RIL-MX( 247): Read Ch7 << 0425+CRSM=144,0,800103a406830101950108800118a40683010a950108800140a40683010a950108ffffffffffffffffffffffffffffffffffffffffffffffffffffffffffff
12-08 16:31:43.247 I/use-Rlog/RLOG-RIL-ICC( 247): pCRSM: +CRSM=144,0,800103a406830101950108800118a40683010a950108800140a40683010a950108ffffffffffffffffffffffffffffffffffffffffffffffffffffffffffff
12-08 16:31:43.247 D/use-Rlog/RLOG-RILMM( 247): RILMM_SIM_SendResponseCDMA_onRequestComplete +
12-08 16:31:43.247 D/use-Rlog/RLOG-RILMM( 247): RILMM_SIM_SendResponseCDMA_onRequestComplete LTE OEM msg id 655379, RIL_Errno 0
12-08 16:31:43.247 D/use-Rlog/RLOG-RILMM( 247): RILMM_SIM_SendResponseCDMA_onRequestComplete Responselen 68
12-08 16:31:43.247 D/use-Rlog/RLOG-RILMM( 247): RILMM_MAIN_send_request Sending Request with token = 793
12-08 16:31:43.247 D/use-Rlog/RLOG-RIL-LTE( 247): RILM_SIM_OEM_HookRaw_onRequest Msg id = 0xa0013
12-08 16:31:43.247 D/use-Rlog/RLOG-RIL-LTE( 247): RILM_OEM_onRequest Msg id= 0xa0013,
12-08 16:31:43.247 D/use-Rlog/RLOG-RIL-LTE( 247): RILM_OEM_SIM_onRequest Msg id= 0xa0013
12-08 16:31:43.247 D/use-Rlog/RLOG-RIL-LTE( 247): RILM_OEM_SIM_SendCRSM_Or_CRLAResponse_onRequest Message id = a0013, SW1 = 90, SW2 = 0, resp len = 63
12-08 16:31:43.248 D/use-Rlog/RLOG-RIL-LTE( 247): RILM_OEM_M2M_onRequest Msg id= 0xa0013
12-08 16:31:43.248 D/use-Rlog/RLOG-RILMM( 247): RILMM_SIM_SendResponseCDMA_onRequestComplete wl- =1
12-08 16:31:43.248 D/use-Rlog/RLOG-RILMM( 247): RILMM_SIM_SendResponseCDMA_onRequestComplete -
12-08 16:31:43.248 I/use-Rlog/RLOG-RIL-MOD( 247): onReqComp: Ch7 process reqCode = 28
12-08 16:31:43.248 I/use-Rlog/RLOG-RIL-MX( 247): Ch7 > 0426AT+CRSM=178,28456,8,4,5,,3F007FFF,,,a0000003431002f310ffff89020000ff
12-08 16:31:43.248 I/use-Rlog/RLOG-RIL-MX( 247):
12-08 16:31:43.259 D/DCT ( 2509): [0]hasMatchedTetherApnSetting: APN=null
12-08 16:31:43.267 D/use-Rlog/RLOG-RIL-LTE( 247): RILM_OEM_SIM_SendSimDrvResponse_Callback +
12-08 16:31:43.268 D/use-Rlog/RLOG-RIL-LTE( 247): RILM_OEM_SIM_SendSimDrvResponse_Callback -
12-08 16:31:43.268 D/use-Rlog/RLOG-RIL-LTE( 247): RILM_OEM_SIM_Async_SendCRSMEvent +
12-08 16:31:43.268 D/use-Rlog/RLOG-RILMM( 247): RILMM_Main_OEM_onUnsolicitedResponse Rx UNSOL_OEM_HOOKRAW (1a0003) from LTE
12-08 16:31:43.268 D/use-Rlog/RLOG-RILMM( 247): RILMM_Main_OEM_onUnsolicitedResponse wl+ =18
12-08 16:31:43.268 D/use-Rlog/RLOG-RILMM( 247): RILMM_SIM_Oem_onUnsolicitedResponse +
12-08 16:31:43.268 D/use-Rlog/RLOG-RILMM( 247): RILMM_SIM_Oem_onUnsolicitedResponse Unsol OEM HOOKRAW msg id: 1a0003
12-08 16:31:43.268 D/use-Rlog/RLOG-RILMM( 247): RILMM_MAIN_send_request Sending Request with token = 794
12-08 16:31:43.268 I/use-Rlog/RLOG-RIL-MAIN( 247): onReq: reqCode = 59, dataLen = 22
12-08 16:31:43.268 D/use-Rlog/RLOG-RILMM( 247): RILMM_SIM_Oem_onUnsolicitedResponse -
12-08 16:31:43.268 D/use-Rlog/RLOG-RIL-LTE( 247): RILM_OEM_SIM_Async_SendCRSMEvent -
12-08 16:31:43.268 D/use-Rlog/RLOG-RIL-LTE( 247): RILM_SIM_GetFileInfoReq_Callback +
12-08 16:31:43.268 D/use-Rlog/RLOG-RIL-LTE( 247): RILM_SIM_GetFileInfoReq_Callback operation_result = 0, failure_cause = 4, file_type = 2, record_size = 176 num_records = 15, file_size = 2640, invalidate_status = 0, rw_allowed_when_invalidated = 0
12-08 16:31:43.269 D/use-Rlog/RLOG-RILMM( 247): RILMM_SIM_Send_onRequestComplete_to_Apps +
12-08 16:31:43.269 D/use-Rlog/RLOG-RILMM( 247): RILMM_SIM_Send_onRequestComplete_to_Apps -
12-08 16:31:43.269 D/use-Rlog/RLOG-RIL-LTE( 247): RILM_SIM_GetFileInfoReq_Callback -
12-08 16:31:43.269 D/RILJ ( 2509): [3697]< SIM_IO IccIoResponse sw1:0x90 sw2:0x0 [SUB0]
12-08 16:31:43.270 D/SIMRecords( 2509): [SIMRecords] EVENT_GET_SMS_RECORD_SIZE_DONE Size 176 total 2640 record 15
12-08 16:31:43.289 I/use-Rlog/RLOG-RIL-MX( 247): Read Ch7 << 0426+CRSM=144,0,0000000000
12-08 16:31:43.290 D/use-Rlog/RLOG-RILMM( 247): RILMM_SIM_Send_onRequestComplete_to_Apps +
12-08 16:31:43.290 D/use-Rlog/RLOG-RILMM( 247): RILMM_SIM_Send_onRequestComplete_to_Apps -
12-08 16:31:43.290 I/use-Rlog/RLOG-RIL-MOD( 247): onReqComp: Ch7 process reqCode = 59
12-08 16:31:43.290 I/use-Rlog/RLOG-RIL-MX( 247): Ch7 > 0427AT+CRSM=164,12258,0,4,2,2FE2,3F00
12-08 16:31:43.290 I/use-Rlog/RLOG-RIL-MX( 247):
12-08 16:31:43.290 D/RILJ ( 2509): [3743]< SIM_IO IccIoResponse sw1:0x90 sw2:0x0 [SUB0]
12-08 16:31:43.292 D/RILJ ( 2509): [3744]> iccIO: SIM_IO 0xb2 0x6f28 path: 3F007FFF,9,4,5 aid: a0000003431002f310ffff89020000ff [SUB0]
12-08 16:31:43.296 D/use-Rlog/RLOG-RIL-LTE( 247): RILM_SIM_ReadFileReq_Callback +
12-08 16:31:43.296 D/use-Rlog/RLOG-RIL-LTE( 247): RILM_SIM_ReadFileReq_Callback result = 0, failure_cause = 4, file_type = 1, record_size = 0, file_size = 10, num_records = 0, data_length = 10, SW1 = 90, SW2 = 0
12-08 16:31:43.296 D/use-Rlog/RLOG-RILMM( 247): RILMM_SIM_Send_onRequestComplete_to_Apps +
12-08 16:31:43.296 D/use-Rlog/RLOG-RILMM( 247): RILMM_SIM_Send_onRequestComplete_to_Apps -
12-08 16:31:43.296 D/use-Rlog/RLOG-RIL-LTE( 247): RILM_SIM_ReadFileReq_Callback -
12-08 16:31:43.297 D/use-Rlog/RLOG-RIL-LTE( 247): RILM_SIM_ReadFileReq_Callback +
12-08 16:31:43.297 D/use-Rlog/RLOG-RIL-LTE( 247): RILM_SIM_ReadFileReq_Callback result = 0, failure_cause = 4, file_type = 2, record_size = 39, file_size = 78, num_records = 1, data_length = 39, SW1 = 90, SW2 = 0
12-08 16:31:43.297 D/use-Rlog/RLOG-RILMM( 247): RILMM_SIM_Send_onRequestComplete_to_Apps +
12-08 16:31:43.297 D/use-Rlog/RLOG-RILMM( 247): RILMM_SIM_Send_onRequestComplete_to_Apps -
12-08 16:31:43.297 D/use-Rlog/RLOG-RIL-LTE( 247): RILM_SIM_ReadFileReq_Callback -
12-08 16:31:43.297 D/use-Rlog/RLOG-RIL-LTE( 247): RILM_SIM_ReadFileReq_Callback +
12-08 16:31:43.297 D/use-Rlog/RLOG-RIL-LTE( 247): RILM_SIM_ReadFileReq_Callback result = 0, failure_cause = 4, file_type = 1, record_size = 0, file_size = 4, num_records = 0, data_length = 4, SW1 = 90, SW2 = 0
12-08 16:31:43.297 D/use-Rlog/RLOG-RILMM( 247): RILMM_SIM_Send_onRequestComplete_to_Apps +
12-08 16:31:43.297 D/use-Rlog/RLOG-RILMM( 247): RILMM_SIM_Send_onRequestComplete_to_Apps -
12-08 16:31:43.297 D/use-Rlog/RLOG-RIL-LTE( 247): RILM_SIM_ReadFileReq_Callback -
12-08 16:31:43.297 D/use-Rlog/RLOG-RIL-LTE( 247): RILM_SIM_GetFileInfoReq_Callback +
12-08 16:31:43.297 D/use-Rlog/RLOG-RIL-LTE( 247): RILM_SIM_GetFileInfoReq_Callback operation_result = 1, failure_cause = 4, file_type = 2, record_size = 0 num_records = 0, file_size = 0, invalidate_status = 0, rw_allowed_when_invalidated = 0
12-08 16:31:43.297 D/use-Rlog/RLOG-RILMM( 247): RILMM_SIM_Send_onRequestComplete_to_Apps +
12-08 16:31:43.297 D/use-Rlog/RLOG-RILMM( 247): RILMM_SIM_Send_onRequestComplete_to_Apps -
12-08 16:31:43.297 D/use-Rlog/RLOG-RIL-LTE( 247): RILM_SIM_GetFileInfoReq_Callback -
12-08 16:31:43.306 D/use-Rlog/RLOG-RILMM( 247): RILMM_SIM_SimIO_onRequest +
12-08 16:31:43.306 D/use-Rlog/RLOG-RILMM( 247): RILMM_SIM_SimIO_onRequest Reading aid from SIM_IO Req
12-08 16:31:43.306 D/use-Rlog/RLOG-RILMM( 247): RILMM_SIM_SimIO_onRequest Sending req to CDMA Modem- RIL_VERSION: 6
12-08 16:31:43.306 D/use-Rlog/RLOG-RILMM( 247): RILMM_MAIN_send_request Sending Request with token = 795
12-08 16:31:43.306 I/use-Rlog/RLOG-RIL-MAIN( 247): onReq: reqCode = 28, dataLen = 36
12-08 16:31:43.307 D/use-Rlog/RLOG-RILMM( 247): RILMM_SIM_SimIO_onRequest -
12-08 16:31:43.307 D/RILJ ( 2509): [3714]< SIM_IO IccIoResponse sw1:0x90 sw2:0x0 [SUB0]
12-08 16:31:43.308 D/RILJ ( 2509): [3715]< SIM_IO IccIoResponse sw1:0x90 sw2:0x0 [SUB0]
12-08 16:31:43.308 D/RILJ ( 2509): [3719]< SIM_IO IccIoResponse sw1:0x90 sw2:0x0 [SUB0]
12-08 16:31:43.308 D/RILJ ( 2509): [3724]< SIM_IO IccIoResponse sw1:0x94 sw2:0x4 [SUB0]
12-08 16:31:43.309 D/SIMRecords( 2509): [SIMRecords] iccid: 89148000000193022044
12-08 16:31:43.309 D/SIMRecords( 2509): [SIMRecords] onRecordLoaded 11 requested: true
12-08 16:31:43.311 D/SIMRecords( 2509): [SIMRecords] EF_AD: 00000003
12-08 16:31:43.311 D/SIMRecords( 2509): [SIMRecords] setting4 mMncLength=3
12-08 16:31:43.311 D/SIMRecords( 2509): [SIMRecords] update mccmnc=311480
12-08 16:31:43.311 D/SubscriptionController( 2509): [getPhoneId]- no sims, returning default phoneId=2147483647
12-08 16:31:43.313 D/SIMRecords( 2509): [SIMRecords] onRecordLoaded 10 requested: true
12-08 16:31:43.314 D/SIMRecords( 2509): [SIMRecords] MSISDN: xxxxxxx
12-08 16:31:43.314 D/SIMRecords( 2509): [SIMRecords] onRecordLoaded 9 requested: true
12-08 16:31:43.314 D/SIMRecords( 2509): [SIMRecords] Invalid or missing EF[MAILBOX]
12-08 16:31:43.314 D/SIMRecords( 2509): [SIMRecords] onRecordLoaded 8 requested: true
12-08 16:31:43.350 I/use-Rlog/RLOG-RIL-MX( 247): Read Ch7 << 0427+CRSM=144,0,621d8202412183022fe2a503c001408a01058b032f06038002000a8102001c
12-08 16:31:43.350 I/use-Rlog/RLOG-RIL-ICC( 247): pCRSM: +CRSM=144,0,621d8202412183022fe2a503c001408a01058b032f06038002000a8102001c
12-08 16:31:43.351 D/use-Rlog/RLOG-RILMM( 247): RILMM_SIM_SendResponseCDMA_onRequestComplete +
12-08 16:31:43.351 D/use-Rlog/RLOG-RILMM( 247): RILMM_SIM_SendResponseCDMA_onRequestComplete LTE OEM msg id 655378, RIL_Errno 0
12-08 16:31:43.351 D/use-Rlog/RLOG-RILMM( 247): RILMM_SIM_SendResponseCDMA_onRequestComplete Responselen 36
12-08 16:31:43.351 D/use-Rlog/RLOG-RILMM( 247): RILMM_MAIN_send_request Sending Request with token = 796
12-08 16:31:43.351 D/use-Rlog/RLOG-RIL-LTE( 247): RILM_SIM_OEM_HookRaw_onRequest Msg id = 0xa0012
12-08 16:31:43.351 D/use-Rlog/RLOG-RIL-LTE( 247): RILM_OEM_onRequest Msg id= 0xa0012,
12-08 16:31:43.351 D/use-Rlog/RLOG-RIL-LTE( 247): RILM_OEM_SIM_onRequest Msg id= 0xa0012
12-08 16:31:43.351 D/use-Rlog/RLOG-RIL-LTE( 247): RILM_OEM_SIM_SendCRSM_Or_CRLAResponse_onRequest Message id = a0012, SW1 = 90, SW2 = 0, resp len = 31
12-08 16:31:43.351 D/use-Rlog/RLOG-RIL-LTE( 247): RILM_OEM_M2M_onRequest Msg id= 0xa0012
12-08 16:31:43.351 D/use-Rlog/RLOG-RILMM( 247): RILMM_SIM_SendResponseCDMA_onRequestComplete wl- =1
12-08 16:31:43.351 D/use-Rlog/RLOG-RILMM( 247): RILMM_SIM_SendResponseCDMA_onRequestComplete -
12-08 16:31:43.351 I/use-Rlog/RLOG-RIL-MOD( 247): onReqComp: Ch7 process reqCode = 28
12-08 16:31:43.351 I/use-Rlog/RLOG-RIL-MX( 247): Ch7 > 0428AT+CRSM=178,28456,9,4,5,,3F007FFF,,,a0000003431002f310ffff89020000ff
12-08 16:31:43.351 I/use-Rlog/RLOG-RIL-MX( 247):
12-08 16:31:43.361 D/use-Rlog/RLOG-RIL-LTE( 247): RILM_OEM_SIM_SendSimDrvResponse_Callback +
12-08 16:31:43.361 D/use-Rlog/RLOG-RIL-LTE( 247): RILM_OEM_SIM_SendSimDrvResponse_Callback -
12-08 16:31:43.363 D/use-Rlog/RLOG-RIL-LTE( 247): RILM_OEM_SIM_Async_SendCRLAEvent +
12-08 16:31:43.363 D/use-Rlog/RLOG-RILMM( 247): RILMM_Main_OEM_onUnsolicitedResponse Rx UNSOL_OEM_HOOKRAW (1a0004) from LTE
12-08 16:31:43.363 D/use-Rlog/RLOG-RILMM( 247): RILMM_Main_OEM_onUnsolicitedResponse wl+ =18
12-08 16:31:43.363 D/use-Rlog/RLOG-RILMM( 247): RILMM_SIM_Oem_onUnsolicitedResponse +
12-08 16:31:43.363 D/use-Rlog/RLOG-RILMM( 247): RILMM_SIM_Oem_onUnsolicitedResponse Unsol OEM HOOKRAW msg id: 1a0004
12-08 16:31:43.363 D/use-Rlog/RLOG-RILMM( 247): RILMM_MAIN_send_request Sending Request with token = 797
12-08 16:31:43.363 I/use-Rlog/RLOG-RIL-MAIN( 247): onReq: reqCode = 59, dataLen = 28
12-08 16:31:43.363 D/use-Rlog/RLOG-RILMM( 247): RILMM_SIM_Oem_onUnsolicitedResponse -
12-08 16:31:43.363 D/use-Rlog/RLOG-RIL-LTE( 247): RILM_OEM_SIM_Async_SendCRLAEvent -
12-08 16:31:43.388 D/SubscriptionController( 2509): [getPhoneId]- no sims, returning default phoneId=2147483647
12-08 16:31:43.428 I/use-Rlog/RLOG-RIL-MX( 247): Read Ch7 << 0428+CRSM=144,0,0000000000
12-08 16:31:43.429 D/use-Rlog/RLOG-RILMM( 247): RILMM_SIM_Send_onRequestComplete_to_Apps +
12-08 16:31:43.429 D/use-Rlog/RLOG-RILMM( 247): RILMM_SIM_Send_onRequestComplete_to_Apps -
12-08 16:31:43.429 I/use-Rlog/RLOG-RIL-MOD( 247): onReqComp: Ch7 process reqCode = 59
12-08 16:31:43.429 I/use-Rlog/RLOG-RIL-MX( 247): Ch7 > 0429AT+CRSM=164,28618,0,4,2,6FCA,3F007FFF,,1290116903
12-08 16:31:43.429 I/use-Rlog/RLOG-RIL-MX( 247):
12-08 16:31:43.429 D/RILJ ( 2509): [3744]< SIM_IO IccIoResponse sw1:0x90 sw2:0x0 [SUB0]
12-08 16:31:43.431 D/RILJ ( 2509): [3745]> iccIO: SIM_IO 0xb2 0x6f28 path: 3F007FFF,10,4,5 aid: a0000003431002f310ffff89020000ff [SUB0]
12-08 16:31:43.472 I/use-Rlog/RLOG-RIL-MX( 247): Read Ch7 << 0429+CRSM=144,0,62228205422100060183026fcaa503c001008a01058b036f0610800200068102001a8800
12-08 16:31:43.473 I/use-Rlog/RLOG-RIL-ICC( 247): pCRSM: +CRSM=144,0,62228205422100060183026fcaa503c001008a01058b036f0610800200068102001a8800
12-08 16:31:43.473 D/use-Rlog/RLOG-RILMM( 247): RILMM_SIM_SendResponseCDMA_onRequestComplete +
12-08 16:31:43.473 D/use-Rlog/RLOG-RILMM( 247): RILMM_SIM_SendResponseCDMA_onRequestComplete LTE OEM msg id 655379, RIL_Errno 0
12-08 16:31:43.473 D/use-Rlog/RLOG-RILMM( 247): RILMM_SIM_SendResponseCDMA_onRequestComplete Responselen 41
12-08 16:31:43.473 D/use-Rlog/RLOG-RILMM( 247): RILMM_MAIN_send_request Sending Request with token = 798
12-08 16:31:43.473 D/use-Rlog/RLOG-RIL-LTE( 247): RILM_SIM_OEM_HookRaw_onRequest Msg id = 0xa0013
12-08 16:31:43.473 D/use-Rlog/RLOG-RIL-LTE( 247): RILM_OEM_onRequest Msg id= 0xa0013,
12-08 16:31:43.473 D/use-Rlog/RLOG-RIL-LTE( 247): RILM_OEM_SIM_onRequest Msg id= 0xa0013
12-08 16:31:43.473 D/use-Rlog/RLOG-RIL-LTE( 247): RILM_OEM_SIM_SendCRSM_Or_CRLAResponse_onRequest Message id = a0013, SW1 = 90, SW2 = 0, resp len = 36
12-08 16:31:43.473 D/use-Rlog/RLOG-RIL-LTE( 247): RILM_OEM_M2M_onRequest Msg id= 0xa0013
12-08 16:31:43.473 D/use-Rlog/RLOG-RILMM( 247): RILMM_SIM_SendResponseCDMA_onRequestComplete wl- =1
12-08 16:31:43.473 D/use-Rlog/RLOG-RILMM( 247): RILMM_SIM_SendResponseCDMA_onRequestComplete -
12-08 16:31:43.478 D/use-Rlog/RLOG-RILMM( 247): RILMM_SIM_SimIO_onRequest +
12-08 16:31:43.478 D/use-Rlog/RLOG-RILMM( 247): RILMM_SIM_SimIO_onRequest Reading aid from SIM_IO Req
12-08 16:31:43.478 D/use-Rlog/RLOG-RILMM( 247): RILMM_SIM_SimIO_onRequest Sending req to CDMA Modem- RIL_VERSION: 6
12-08 16:31:43.478 D/use-Rlog/RLOG-RILMM( 247): RILMM_MAIN_send_request Sending Request with token = 799
12-08 16:31:43.478 I/use-Rlog/RLOG-RIL-MAIN( 247): onReq: reqCode = 28, dataLen = 36
12-08 16:31:43.478 D/use-Rlog/RLOG-RILMM( 247): RILMM_SIM_SimIO_onRequest -
12-08 16:31:43.478 I/use-Rlog/RLOG-RIL-MX( 247): Ch7 > 0430AT+CRSM=178,28456,10,4,5,,3F007FFF,,,a0000003431002f310ffff89020000ff
12-08 16:31:43.478 I/use-Rlog/RLOG-RIL-MX( 247):
12-08 16:31:43.482 D/use-Rlog/RLOG-RIL-LTE( 247): RILM_OEM_SIM_SendSimDrvResponse_Callback +
12-08 16:31:43.482 D/use-Rlog/RLOG-RIL-LTE( 247): RILM_OEM_SIM_SendSimDrvResponse_Callback -
12-08 16:31:43.486 D/use-Rlog/RLOG-RIL-LTE( 247): RILM_OEM_SIM_Async_SendCRLAEvent +
12-08 16:31:43.486 D/use-Rlog/RLOG-RILMM( 247): RILMM_Main_OEM_onUnsolicitedResponse Rx UNSOL_OEM_HOOKRAW (1a0004) from LTE
12-08 16:31:43.486 D/use-Rlog/RLOG-RILMM( 247): RILMM_Main_OEM_onUnsolicitedResponse wl+ =18
12-08 16:31:43.486 D/use-Rlog/RLOG-RILMM( 247): RILMM_SIM_Oem_onUnsolicitedResponse +
12-08 16:31:43.486 D/use-Rlog/RLOG-RILMM( 247): RILMM_SIM_Oem_onUnsolicitedResponse Unsol OEM HOOKRAW msg id: 1a0004
12-08 16:31:43.486 D/use-Rlog/RLOG-RILMM( 247): RILMM_MAIN_send_request Sending Request with token = 800
12-08 16:31:43.486 I/use-Rlog/RLOG-RIL-MAIN( 247): onReq: reqCode = 59, dataLen = 28
12-08 16:31:43.486 D/use-Rlog/RLOG-RILMM( 247): RILMM_SIM_Oem_onUnsolicitedResponse -
12-08 16:31:43.486 D/use-Rlog/RLOG-RIL-LTE( 247): RILM_OEM_SIM_Async_SendCRLAEvent -
12-08 16:31:43.491 D/SubscriptionController( 2509): [getPhoneId] asked for default subId=-1
12-08 16:31:43.491 D/SubscriptionController( 2509): [getPhoneId]- invalid subId return=-1
12-08 16:31:43.516 I/use-Rlog/RLOG-RIL-MX( 247): Read Ch7 << 0430+CRSM=144,0,0000000000
12-08 16:31:43.516 D/use-Rlog/RLOG-RILMM( 247): RILMM_SIM_Send_onRequestComplete_to_Apps +
12-08 16:31:43.516 D/use-Rlog/RLOG-RILMM( 247): RILMM_SIM_Send_onRequestComplete_to_Apps -
12-08 16:31:43.516 I/use-Rlog/RLOG-RIL-MOD( 247): onReqComp: Ch7 process reqCode = 59
12-08 16:31:43.516 I/use-Rlog/RLOG-RIL-MX( 247): Ch7 > 0431AT+CRSM=164,28422,0,4,2,6F06,3F007FFF,,1290116903
12-08 16:31:43.516 I/use-Rlog/RLOG-RIL-MX( 247):
12-08 16:31:43.517 D/RILJ ( 2509): [3745]< SIM_IO IccIoResponse sw1:0x90 sw2:0x0 [SUB0]
12-08 16:31:43.517 D/RILJ ( 2509): [3746]> iccIO: SIM_IO 0xb2 0x6f28 path: 3F007FFF,11,4,5 aid: a0000003431002f310ffff89020000ff [SUB0]
12-08 16:31:43.518 D/use-Rlog/RLOG-RILMM( 247): RILMM_SIM_SimIO_onRequest +
12-08 16:31:43.518 D/use-Rlog/RLOG-RILMM( 247): RILMM_SIM_SimIO_onRequest Reading aid from SIM_IO Req
12-08 16:31:43.518 D/use-Rlog/RLOG-RILMM( 247): RILMM_SIM_SimIO_onRequest Sending req to CDMA Modem- RIL_VERSION: 6
12-08 16:31:43.518 D/use-Rlog/RLOG-RILMM( 247): RILMM_MAIN_send_request Sending Request with token = 801
12-08 16:31:43.519 I/use-Rlog/RLOG-RIL-MAIN( 247): onReq: reqCode = 28, dataLen = 36
12-08 16:31:43.519 D/use-Rlog/RLOG-RILMM( 247): RILMM_SIM_SimIO_onRequest -
12-08 16:31:43.560 I/use-Rlog/RLOG-RIL-MX( 247): Read Ch7 << 0431+CRSM=144,0,622382054221003f1483026f06a503c001008a01058b036f0601800204ec810205008801b8
12-08 16:31:43.561 I/use-Rlog/RLOG-RIL-ICC( 247): pCRSM: +CRSM=144,0,622382054221003f1483026f06a503c001008a01058b036f0601800204ec810205008801b8
12-08 16:31:43.561 D/use-Rlog/RLOG-RILMM( 247): RILMM_SIM_SendResponseCDMA_onRequestComplete +
12-08 16:31:43.561 D/use-Rlog/RLOG-RILMM( 247): RILMM_SIM_SendResponseCDMA_onRequestComplete LTE OEM msg id 655379, RIL_Errno 0
12-08 16:31:43.561 D/use-Rlog/RLOG-RILMM( 247): RILMM_SIM_SendResponseCDMA_onRequestComplete Responselen 42
12-08 16:31:43.561 D/use-Rlog/RLOG-RILMM( 247): RILMM_MAIN_send_request Sending Request with token = 802
12-08 16:31:43.561 D/use-Rlog/RLOG-RIL-LTE( 247): RILM_SIM_OEM_HookRaw_onRequest Msg id = 0xa0013
12-08 16:31:43.561 D/use-Rlog/RLOG-RIL-LTE( 247): RILM_OEM_onRequest Msg id= 0xa0013,
12-08 16:31:43.561 D/use-Rlog/RLOG-RIL-LTE( 247): RILM_OEM_SIM_onRequest Msg id= 0xa0013
12-08 16:31:43.561 D/use-Rlog/RLOG-RIL-LTE( 247): RILM_OEM_SIM_SendCRSM_Or_CRLAResponse_onRequest Message id = a0013, SW1 = 90, SW2 = 0, resp len = 37
12-08 16:31:43.561 D/use-Rlog/RLOG-RIL-LTE( 247): RILM_OEM_M2M_onRequest Msg id= 0xa0013
12-08 16:31:43.561 D/use-Rlog/RLOG-RILMM( 247): RILMM_SIM_SendResponseCDMA_onRequestComplete wl- =1
12-08 16:31:43.561 D/use-Rlog/RLOG-RILMM( 247): RILMM_SIM_SendResponseCDMA_onRequestComplete -
12-08 16:31:43.561 I/use-Rlog/RLOG-RIL-MOD( 247): onReqComp: Ch7 process reqCode = 28
12-08 16:31:43.561 I/use-Rlog/RLOG-RIL-MX( 247): Ch7 > 0432AT+CRSM=178,28456,11,4,5,,3F007FFF,,,a0000003431002f310ffff89020000ff
12-08 16:31:43.561 I/use-Rlog/RLOG-RIL-MX( 247):
12-08 16:31:43.569 D/use-Rlog/RLOG-RIL-LTE( 247): RILM_OEM_SIM_SendSimDrvResponse_Callback +
12-08 16:31:43.569 D/use-Rlog/RLOG-RIL-LTE( 247): RILM_OEM_SIM_SendSimDrvResponse_Callback -
12-08 16:31:43.570 D/use-Rlog/RLOG-RIL-LTE( 247): RILM_OEM_SIM_Async_SendCRLAEvent +
12-08 16:31:43.570 D/use-Rlog/RLOG-RILMM( 247): RILMM_Main_OEM_onUnsolicitedResponse Rx UNSOL_OEM_HOOKRAW (1a0004) from LTE
12-08 16:31:43.570 D/use-Rlog/RLOG-RILMM( 247): RILMM_Main_OEM_onUnsolicitedResponse wl+ =18
12-08 16:31:43.570 D/use-Rlog/RLOG-RILMM( 247): RILMM_SIM_Oem_onUnsolicitedResponse +
12-08 16:31:43.570 D/use-Rlog/RLOG-RILMM( 247): RILMM_SIM_Oem_onUnsolicitedResponse Unsol OEM HOOKRAW msg id: 1a0004
12-08 16:31:43.570 D/use-Rlog/RLOG-RILMM( 247): RILMM_MAIN_send_request Sending Request with token = 803
12-08 16:31:43.570 I/use-Rlog/RLOG-RIL-MAIN( 247): onReq: reqCode = 59, dataLen = 26
12-08 16:31:43.570 D/use-Rlog/RLOG-RILMM( 247): RILMM_SIM_Oem_onUnsolicitedResponse -
12-08 16:31:43.570 D/use-Rlog/RLOG-RIL-LTE( 247): RILM_OEM_SIM_Async_SendCRLAEvent -
12-08 16:31:43.604 I/use-Rlog/RLOG-RIL-MX( 247): Read Ch7 << 0432+CRSM=144,0,0000000000
12-08 16:31:43.605 D/use-Rlog/RLOG-RILMM( 247): RILMM_SIM_Send_onRequestComplete_to_Apps +
12-08 16:31:43.605 D/use-Rlog/RLOG-RILMM( 247): RILMM_SIM_Send_onRequestComplete_to_Apps -
12-08 16:31:43.605 I/use-Rlog/RLOG-RIL-MOD( 247): onReqComp: Ch7 process reqCode = 59
12-08 16:31:43.605 I/use-Rlog/RLOG-RIL-MX( 247): Ch7 > 0433AT+CRSM=178,28422,16,4,63,,3F007FFF,,1290116903
12-08 16:31:43.605 I/use-Rlog/RLOG-RIL-MX( 247):
12-08 16:31:43.605 D/RILJ ( 2509): [3746]< SIM_IO IccIoResponse sw1:0x90 sw2:0x0 [SUB0]
12-08 16:31:43.606 D/RILJ ( 2509): [3747]> iccIO: SIM_IO 0xb2 0x6f28 path: 3F007FFF,12,4,5 aid: a0000003431002f310ffff89020000ff [SUB0]
12-08 16:31:43.608 D/use-Rlog/RLOG-RILMM( 247): RILMM_SIM_SimIO_onRequest +
12-08 16:31:43.608 D/use-Rlog/RLOG-RILMM( 247): RILMM_SIM_SimIO_onRequest Reading aid from SIM_IO Req
12-08 16:31:43.608 D/use-Rlog/RLOG-RILMM( 247): RILMM_SIM_SimIO_onRequest Sending req to CDMA Modem- RIL_VERSION: 6
12-08 16:31:43.608 D/use-Rlog/RLOG-RILMM( 247): RILMM_MAIN_send_request Sending Request with token = 804
12-08 16:31:43.608 I/use-Rlog/RLOG-RIL-MAIN( 247): onReq: reqCode = 28, dataLen = 36
12-08 16:31:43.608 D/use-Rlog/RLOG-RILMM( 247): RILMM_SIM_SimIO_onRequest -
12-08 16:31:43.657 I/use-Rlog/RLOG-RIL-MX( 247): Read Ch7 << 0433+CRSM=144,0,800103a406830101950108800158a40683010a9501088401d4a40683010a950108800140a40683010a950108ffffffffffffffffffffffffffffffffffffff
12-08 16:31:43.658 I/use-Rlog/RLOG-RIL-ICC( 247): pCRSM: +CRSM=144,0,800103a406830101950108800158a40683010a9501088401d4a40683010a950108800140a40683010a950108ffffffffffffffffffffffffffffffffffffff
12-08 16:31:43.658 D/use-Rlog/RLOG-RILMM( 247): RILMM_SIM_SendResponseCDMA_onRequestComplete +
12-08 16:31:43.658 D/use-Rlog/RLOG-RILMM( 247): RILMM_SIM_SendResponseCDMA_onRequestComplete LTE OEM msg id 655379, RIL_Errno 0
12-08 16:31:43.658 D/use-Rlog/RLOG-RILMM( 247): RILMM_SIM_SendResponseCDMA_onRequestComplete Responselen 68
12-08 16:31:43.658 D/use-Rlog/RLOG-RILMM( 247): RILMM_MAIN_send_request Sending Request with token = 805
12-08 16:31:43.658 D/use-Rlog/RLOG-RIL-LTE( 247): RILM_SIM_OEM_HookRaw_onRequest Msg id = 0xa0013
12-08 16:31:43.658 D/use-Rlog/RLOG-RIL-LTE( 247): RILM_OEM_onRequest Msg id= 0xa0013,
12-08 16:31:43.658 D/use-Rlog/RLOG-RIL-LTE( 247): RILM_OEM_SIM_onRequest Msg id= 0xa0013
12-08 16:31:43.658 D/use-Rlog/RLOG-RIL-LTE( 247): RILM_OEM_SIM_SendCRSM_Or_CRLAResponse_onRequest Message id = a0013, SW1 = 90, SW2 = 0, resp len = 63
12-08 16:31:43.658 D/use-Rlog/RLOG-RIL-LTE( 247): RILM_OEM_M2M_onRequest Msg id= 0xa0013
12-08 16:31:43.658 D/use-Rlog/RLOG-RILMM( 247): RILMM_SIM_SendResponseCDMA_onRequestComplete wl- =1
12-08 16:31:43.658 D/use-Rlog/RLOG-RILMM( 247): RILMM_SIM_SendResponseCDMA_onRequestComplete -
12-08 16:31:43.658 I/use-Rlog/RLOG-RIL-MOD( 247): onReqComp: Ch7 process reqCode = 28
12-08 16:31:43.659 I/use-Rlog/RLOG-RIL-MX( 247): Ch7 > 0434AT+CRSM=178,28456,12,4,5,,3F007FFF,,,a0000003431002f310ffff89020000ff
12-08 16:31:43.659 I/use-Rlog/RLOG-RIL-MX( 247):
12-08 16:31:43.668 D/use-Rlog/RLOG-RIL-LTE( 247): RILM_OEM_SIM_SendSimDrvResponse_Callback +
12-08 16:31:43.668 D/use-Rlog/RLOG-RIL-LTE( 247): RILM_OEM_SIM_SendSimDrvResponse_Callback -
12-08 16:31:43.669 D/use-Rlog/RLOG-RIL-LTE( 247): RILM_OEM_SIM_Async_SendCRSMEvent +
12-08 16:31:43.669 D/use-Rlog/RLOG-RILMM( 247): RILMM_Main_OEM_onUnsolicitedResponse Rx UNSOL_OEM_HOOKRAW (1a0003) from LTE
12-08 16:31:43.669 D/use-Rlog/RLOG-RILMM( 247): RILMM_Main_OEM_onUnsolicitedResponse wl+ =18
12-08 16:31:43.669 D/use-Rlog/RLOG-RILMM( 247): RILMM_SIM_Oem_onUnsolicitedResponse +
12-08 16:31:43.669 D/use-Rlog/RLOG-RILMM( 247): RILMM_SIM_Oem_onUnsolicitedResponse Unsol OEM HOOKRAW msg id: 1a0003
12-08 16:31:43.669 D/use-Rlog/RLOG-RILMM( 247): RILMM_MAIN_send_request Sending Request with token = 806
12-08 16:31:43.669 I/use-Rlog/RLOG-RIL-MAIN( 247): onReq: reqCode = 59, dataLen = 22
12-08 16:31:43.669 D/use-Rlog/RLOG-RILMM( 247): RILMM_SIM_Oem_onUnsolicitedResponse -
12-08 16:31:43.669 D/use-Rlog/RLOG-RIL-LTE( 247): RILM_OEM_SIM_Async_SendCRSMEvent -
12-08 16:31:43.699 I/use-Rlog/RLOG-RIL-MX( 247): Read Ch7 << 0434+CRSM=144,0,0000000000
12-08 16:31:43.699 D/use-Rlog/RLOG-RILMM( 247): RILMM_SIM_Send_onRequestComplete_to_Apps +
12-08 16:31:43.699 D/use-Rlog/RLOG-RILMM( 247): RILMM_SIM_Send_onRequestComplete_to_Apps -
12-08 16:31:43.699 I/use-Rlog/RLOG-RIL-MOD( 247): onReqComp: Ch7 process reqCode = 59
12-08 16:31:43.699 I/use-Rlog/RLOG-RIL-MX( 247): Ch7 > 0435AT+CRSM=164,12258,0,4,2,2FE2,3F00
12-08 16:31:43.699 I/use-Rlog/RLOG-RIL-MX( 247):
12-08 16:31:43.700 D/RILJ ( 2509): [3747]< SIM_IO IccIoResponse sw1:0x90 sw2:0x0 [SUB0]
12-08 16:31:43.700 D/RILJ ( 2509): [3748]> iccIO: SIM_IO 0xb2 0x6f28 path: 3F007FFF,13,4,5 aid: a0000003431002f310ffff89020000ff [SUB0]
12-08 16:31:43.702 D/use-Rlog/RLOG-RILMM( 247): RILMM_SIM_SimIO_onRequest +
12-08 16:31:43.702 D/use-Rlog/RLOG-RILMM( 247): RILMM_SIM_SimIO_onRequest Reading aid from SIM_IO Req
12-08 16:31:43.702 D/use-Rlog/RLOG-RILMM( 247): RILMM_SIM_SimIO_onRequest Sending req to CDMA Modem- RIL_VERSION: 6
12-08 16:31:43.702 D/use-Rlog/RLOG-RILMM( 247): RILMM_MAIN_send_request Sending Request with token = 807
12-08 16:31:43.702 I/use-Rlog/RLOG-RIL-MAIN( 247): onReq: reqCode = 28, dataLen = 36
12-08 16:31:43.702 D/use-Rlog/RLOG-RILMM( 247): RILMM_SIM_SimIO_onRequest -
12-08 16:31:43.762 I/use-Rlog/RLOG-RIL-MX( 247): Read Ch7 << 0435+CRSM=144,0,621d8202412183022fe2a503c001408a01058b032f06038002000a8102001c
12-08 16:31:43.762 I/use-Rlog/RLOG-RIL-ICC( 247): pCRSM: +CRSM=144,0,621d8202412183022fe2a503c001408a01058b032f06038002000a8102001c
12-08 16:31:43.762 D/use-Rlog/RLOG-RILMM( 247): RILMM_SIM_SendResponseCDMA_onRequestComplete +
12-08 16:31:43.762 D/use-Rlog/RLOG-RILMM( 247): RILMM_SIM_SendResponseCDMA_onRequestComplete LTE OEM msg id 655378, RIL_Errno 0
12-08 16:31:43.762 D/use-Rlog/RLOG-RILMM( 247): RILMM_SIM_SendResponseCDMA_onRequestComplete Responselen 36
12-08 16:31:43.762 D/use-Rlog/RLOG-RILMM( 247): RILMM_MAIN_send_request Sending Request with token = 808
12-08 16:31:43.762 D/use-Rlog/RLOG-RIL-LTE( 247): RILM_SIM_OEM_HookRaw_onRequest Msg id = 0xa0012
12-08 16:31:43.762 D/use-Rlog/RLOG-RIL-LTE( 247): RILM_OEM_onRequest Msg id= 0xa0012,
12-08 16:31:43.762 D/use-Rlog/RLOG-RIL-LTE( 247): RILM_OEM_SIM_onRequest Msg id= 0xa0012
12-08 16:31:43.762 D/use-Rlog/RLOG-RIL-LTE( 247): RILM_OEM_SIM_SendCRSM_Or_CRLAResponse_onRequest Message id = a0012, SW1 = 90, SW2 = 0, resp len = 31
12-08 16:31:43.762 D/use-Rlog/RLOG-RIL-LTE( 247): RILM_OEM_M2M_onRequest Msg id= 0xa0012
12-08 16:31:43.762 D/use-Rlog/RLOG-RILMM( 247): RILMM_SIM_SendResponseCDMA_onRequestComplete wl- =1
12-08 16:31:43.762 D/use-Rlog/RLOG-RILMM( 247): RILMM_SIM_SendResponseCDMA_onRequestComplete -
12-08 16:31:43.762 I/use-Rlog/RLOG-RIL-MOD( 247): onReqComp: Ch7 process reqCode = 28
12-08 16:31:43.763 I/use-Rlog/RLOG-RIL-MX( 247): Ch7 > 0436AT+CRSM=178,28456,13,4,5,,3F007FFF,,,a0000003431002f310ffff89020000ff
12-08 16:31:43.763 I/use-Rlog/RLOG-RIL-MX( 247):
12-08 16:31:43.771 D/use-Rlog/RLOG-RIL-LTE( 247): RILM_OEM_SIM_SendSimDrvResponse_Callback +
12-08 16:31:43.771 D/use-Rlog/RLOG-RIL-LTE( 247): RILM_OEM_SIM_SendSimDrvResponse_Callback -
12-08 16:31:43.772 D/use-Rlog/RLOG-RIL-LTE( 247): RILM_OEM_SIM_Async_SendCRLAEvent +
12-08 16:31:43.772 D/use-Rlog/RLOG-RILMM( 247): RILMM_Main_OEM_onUnsolicitedResponse Rx UNSOL_OEM_HOOKRAW (1a0004) from LTE
12-08 16:31:43.772 D/use-Rlog/RLOG-RILMM( 247): RILMM_Main_OEM_onUnsolicitedResponse wl+ =18
12-08 16:31:43.772 D/use-Rlog/RLOG-RILMM( 247): RILMM_SIM_Oem_onUnsolicitedResponse +
12-08 16:31:43.772 D/use-Rlog/RLOG-RILMM( 247): RILMM_SIM_Oem_onUnsolicitedResponse Unsol OEM HOOKRAW msg id: 1a0004
12-08 16:31:43.772 D/use-Rlog/RLOG-RILMM( 247): RILMM_MAIN_send_request Sending Request with token = 809
12-08 16:31:43.772 I/use-Rlog/RLOG-RIL-MAIN( 247): onReq: reqCode = 59, dataLen = 28
12-08 16:31:43.772 D/use-Rlog/RLOG-RILMM( 247): RILMM_SIM_Oem_onUnsolicitedResponse -
12-08 16:31:43.772 D/use-Rlog/RLOG-RIL-LTE( 247): RILM_OEM_SIM_Async_SendCRLAEvent -
12-08 16:31:43.837 I/use-Rlog/RLOG-RIL-MX( 247): Read Ch7 << 0436+CRSM=144,0,0000000000
12-08 16:31:43.838 D/use-Rlog/RLOG-RILMM( 247): RILMM_SIM_Send_onRequestComplete_to_Apps +
12-08 16:31:43.838 D/use-Rlog/RLOG-RILMM( 247): RILMM_SIM_Send_onRequestComplete_to_Apps -
12-08 16:31:43.838 I/use-Rlog/RLOG-RIL-MOD( 247): onReqComp: Ch7 process reqCode = 59
12-08 16:31:43.838 I/use-Rlog/RLOG-RIL-MX( 247): Ch7 > 0437AT+CRSM=164,28618,0,4,2,6FCA,3F007FFF,,1290116903
12-08 16:31:43.838 I/use-Rlog/RLOG-RIL-MX( 247):
12-08 16:31:43.838 D/RILJ ( 2509): [3748]< SIM_IO IccIoResponse sw1:0x90 sw2:0x0 [SUB0]
12-08 16:31:43.838 D/RILJ ( 2509): [3749]> iccIO: SIM_IO 0xb2 0x6f28 path: 3F007FFF,14,4,5 aid: a0000003431002f310ffff89020000ff [SUB0]
12-08 16:31:43.874 D/use-Rlog/RLOG-RILMM( 247): RILMM_SIM_SimIO_onRequest +
12-08 16:31:43.874 D/use-Rlog/RLOG-RILMM( 247): RILMM_SIM_SimIO_onRequest Reading aid from SIM_IO Req
12-08 16:31:43.874 D/use-Rlog/RLOG-RILMM( 247): RILMM_SIM_SimIO_onRequest Sending req to CDMA Modem- RIL_VERSION: 6
12-08 16:31:43.874 D/use-Rlog/RLOG-RILMM( 247): RILMM_MAIN_send_request Sending Request with token = 810
12-08 16:31:43.874 I/use-Rlog/RLOG-RIL-MAIN( 247): onReq: reqCode = 28, dataLen = 36
12-08 16:31:43.874 D/use-Rlog/RLOG-RILMM( 247): RILMM_SIM_SimIO_onRequest -
12-08 16:31:43.881 I/use-Rlog/RLOG-RIL-MX( 247): Read Ch7 << 0437+CRSM=144,0,62228205422100060183026fcaa503c001008a01058b036f0610800200068102001a8800
12-08 16:31:43.881 I/use-Rlog/RLOG-RIL-ICC( 247): pCRSM: +CRSM=144,0,62228205422100060183026fcaa503c001008a01058b036f0610800200068102001a8800
12-08 16:31:43.881 D/use-Rlog/RLOG-RILMM( 247): RILMM_SIM_SendResponseCDMA_onRequestComplete +
12-08 16:31:43.881 D/use-Rlog/RLOG-RILMM( 247): RILMM_SIM_SendResponseCDMA_onRequestComplete LTE OEM msg id 655379, RIL_Errno 0
12-08 16:31:43.881 D/use-Rlog/RLOG-RILMM( 247): RILMM_SIM_SendResponseCDMA_onRequestComplete Responselen 41
12-08 16:31:43.881 D/use-Rlog/RLOG-RILMM( 247): RILMM_MAIN_send_request Sending Request with token = 811
12-08 16:31:43.882 D/use-Rlog/RLOG-RIL-LTE( 247): RILM_SIM_OEM_HookRaw_onRequest Msg id = 0xa0013
12-08 16:31:43.882 D/use-Rlog/RLOG-RIL-LTE( 247): RILM_OEM_onRequest Msg id= 0xa0013,
12-08 16:31:43.882 D/use-Rlog/RLOG-RIL-LTE( 247): RILM_OEM_SIM_onRequest Msg id= 0xa0013
12-08 16:31:43.882 D/use-Rlog/RLOG-RIL-LTE( 247): RILM_OEM_SIM_SendCRSM_Or_CRLAResponse_onRequest Message id = a0013, SW1 = 90, SW2 = 0, resp len = 36
12-08 16:31:43.882 D/use-Rlog/RLOG-RIL-LTE( 247): RILM_OEM_M2M_onRequest Msg id= 0xa0013
12-08 16:31:43.882 D/use-Rlog/RLOG-RILMM( 247): RILMM_SIM_SendResponseCDMA_onRequestComplete wl- =1
12-08 16:31:43.882 D/use-Rlog/RLOG-RILMM( 247): RILMM_SIM_SendResponseCDMA_onRequestComplete -
12-08 16:31:43.882 I/use-Rlog/RLOG-RIL-MOD( 247): onReqComp: Ch7 process reqCode = 28
12-08 16:31:43.882 I/use-Rlog/RLOG-RIL-MX( 247): Ch7 > 0438AT+CRSM=178,28456,14,4,5,,3F007FFF,,,a0000003431002f310ffff89020000ff
12-08 16:31:43.882 I/use-Rlog/RLOG-RIL-MX( 247):
12-08 16:31:43.890 D/use-Rlog/RLOG-RIL-LTE( 247): RILM_OEM_SIM_SendSimDrvResponse_Callback +
12-08 16:31:43.890 D/use-Rlog/RLOG-RIL-LTE( 247): RILM_OEM_SIM_SendSimDrvResponse_Callback -
12-08 16:31:43.890 D/use-Rlog/RLOG-RIL-LTE( 247): RILM_OEM_SIM_Async_SendCRLAEvent +
12-08 16:31:43.890 D/use-Rlog/RLOG-RILMM( 247): RILMM_Main_OEM_onUnsolicitedResponse Rx UNSOL_OEM_HOOKRAW (1a0004) from LTE
12-08 16:31:43.890 D/use-Rlog/RLOG-RILMM( 247): RILMM_Main_OEM_onUnsolicitedResponse wl+ =18
12-08 16:31:43.890 D/use-Rlog/RLOG-RILMM( 247): RILMM_SIM_Oem_onUnsolicitedResponse +
12-08 16:31:43.890 D/use-Rlog/RLOG-RILMM( 247): RILMM_SIM_Oem_onUnsolicitedResponse Unsol OEM HOOKRAW msg id: 1a0004
12-08 16:31:43.890 D/use-Rlog/RLOG-RILMM( 247): RILMM_MAIN_send_request Sending Request with token = 812
12-08 16:31:43.890 I/use-Rlog/RLOG-RIL-MAIN( 247): onReq: reqCode = 59, dataLen = 26
12-08 16:31:43.890 D/use-Rlog/RLOG-RILMM( 247): RILMM_SIM_Oem_onUnsolicitedResponse -
12-08 16:31:43.890 D/use-Rlog/RLOG-RIL-LTE( 247): RILM_OEM_SIM_Async_SendCRLAEvent -
12-08 16:31:43.923 I/use-Rlog/RLOG-RIL-MX( 247): Read Ch7 << 0438+CRSM=144,0,0000000000
12-08 16:31:43.923 D/use-Rlog/RLOG-RILMM( 247): RILMM_SIM_Send_onRequestComplete_to_Apps +
12-08 16:31:43.923 D/use-Rlog/RLOG-RILMM( 247): RILMM_SIM_Send_onRequestComplete_to_Apps -
12-08 16:31:43.923 I/use-Rlog/RLOG-RIL-MOD( 247): onReqComp: Ch7 process reqCode = 59
12-08 16:31:43.923 I/use-Rlog/RLOG-RIL-MX( 247): Ch7 > 0439AT+CRSM=178,28618,1,4,6,,3F007FFF,,1290116903
12-08 16:31:43.923 I/use-Rlog/RLOG-RIL-MX( 247):
12-08 16:31:43.924 D/RILJ ( 2509): [3749]< SIM_IO IccIoResponse sw1:0x90 sw2:0x0 [SUB0]
12-08 16:31:43.924 D/RILJ ( 2509): [3750]> iccIO: SIM_IO 0xb2 0x6f28 path: 3F007FFF,15,4,5 aid: a0000003431002f310ffff89020000ff [SUB0]
12-08 16:31:43.926 D/use-Rlog/RLOG-RILMM( 247): RILMM_SIM_SimIO_onRequest +
12-08 16:31:43.926 D/use-Rlog/RLOG-RILMM( 247): RILMM_SIM_SimIO_onRequest Reading aid from SIM_IO Req
12-08 16:31:43.926 D/use-Rlog/RLOG-RILMM( 247): RILMM_SIM_SimIO_onRequest Sending req to CDMA Modem- RIL_VERSION: 6
12-08 16:31:43.926 D/use-Rlog/RLOG-RILMM( 247): RILMM_MAIN_send_request Sending Request with token = 813
12-08 16:31:43.926 I/use-Rlog/RLOG-RIL-MAIN( 247): onReq: reqCode = 28, dataLen = 36
12-08 16:31:43.926 D/use-Rlog/RLOG-RILMM( 247): RILMM_SIM_SimIO_onRequest -
12-08 16:31:43.989 I/use-Rlog/RLOG-RIL-MX( 247): Read Ch7 << 0439+CRSM=144,0,000000000000
12-08 16:31:43.990 I/use-Rlog/RLOG-RIL-ICC( 247): pCRSM: +CRSM=144,0,000000000000
12-08 16:31:43.990 D/use-Rlog/RLOG-RILMM( 247): RILMM_SIM_SendResponseCDMA_onRequestComplete +
12-08 16:31:43.990 D/use-Rlog/RLOG-RILMM( 247): RILMM_SIM_SendResponseCDMA_onRequestComplete LTE OEM msg id 655379, RIL_Errno 0
12-08 16:31:43.990 D/use-Rlog/RLOG-RILMM( 247): RILMM_SIM_SendResponseCDMA_onRequestComplete Responselen 11
12-08 16:31:43.990 D/use-Rlog/RLOG-RILMM( 247): RILMM_MAIN_send_request Sending Request with token = 814
12-08 16:31:43.990 D/use-Rlog/RLOG-RIL-LTE( 247): RILM_SIM_OEM_HookRaw_onRequest Msg id = 0xa0013
12-08 16:31:43.990 D/use-Rlog/RLOG-RIL-LTE( 247): RILM_OEM_onRequest Msg id= 0xa0013,
12-08 16:31:43.990 D/use-Rlog/RLOG-RIL-LTE( 247): RILM_OEM_SIM_onRequest Msg id= 0xa0013
12-08 16:31:43.990 D/use-Rlog/RLOG-RIL-LTE( 247): RILM_OEM_SIM_SendCRSM_Or_CRLAResponse_onRequest Message id = a0013, SW1 = 90, SW2 = 0, resp len = 6
12-08 16:31:43.990 D/use-Rlog/RLOG-RIL-LTE( 247): RILM_OEM_M2M_onRequest Msg id= 0xa0013
12-08 16:31:43.990 D/use-Rlog/RLOG-RILMM( 247): RILMM_SIM_SendResponseCDMA_onRequestComplete wl- =1
12-08 16:31:43.990 D/use-Rlog/RLOG-RILMM( 247): RILMM_SIM_SendResponseCDMA_onRequestComplete -
12-08 16:31:43.990 I/use-Rlog/RLOG-RIL-MOD( 247): onReqComp: Ch7 process reqCode = 28
12-08 16:31:43.990 I/use-Rlog/RLOG-RIL-MX( 247): Ch7 > 0440AT+CRSM=178,28456,15,4,5,,3F007FFF,,,a0000003431002f310ffff89020000ff
12-08 16:31:43.990 I/use-Rlog/RLOG-RIL-MX( 247):
12-08 16:31:44.014 D/use-Rlog/RLOG-RIL-LTE( 247): RILM_OEM_SIM_SendSimDrvResponse_Callback +
12-08 16:31:44.014 D/use-Rlog/RLOG-RIL-LTE( 247): RILM_OEM_SIM_SendSimDrvResponse_Callback -
12-08 16:31:44.014 D/use-Rlog/RLOG-RIL-LTE( 247): RILM_SIM_ReadFileReq_Callback +
12-08 16:31:44.014 D/use-Rlog/RLOG-RIL-LTE( 247): RILM_SIM_ReadFileReq_Callback result = 0, failure_cause = 4, file_type = 2, record_size = 6, file_size = 6, num_records = 1, data_length = 6, SW1 = 90, SW2 = 0
12-08 16:31:44.014 D/use-Rlog/RLOG-RILMM( 247): RILMM_SIM_Send_onRequestComplete_to_Apps +
12-08 16:31:44.014 D/use-Rlog/RLOG-RILMM( 247): RILMM_SIM_Send_onRequestComplete_to_Apps -
12-08 16:31:44.014 D/use-Rlog/RLOG-RIL-LTE( 247): RILM_SIM_ReadFileReq_Callback -
12-08 16:31:44.015 D/use-Rlog/RLOG-RIL-LTE( 247): RILM_SIM_ReadFileReq_Callback +
12-08 16:31:44.015 D/RILJ ( 2509): [3732]< SIM_IO IccIoResponse sw1:0x90 sw2:0x0 [SUB0]
12-08 16:31:44.015 D/use-Rlog/RLOG-RIL-LTE( 247): RILM_SIM_ReadFileReq_Callback result = 0, failure_cause = 4, file_type = 2, record_size = 20, file_size = 100, num_records = 1, data_length = 20, SW1 = 90, SW2 = 0
12-08 16:31:44.015 D/use-Rlog/RLOG-RILMM( 247): RILMM_SIM_Send_onRequestComplete_to_Apps +
12-08 16:31:44.015 D/use-Rlog/RLOG-RILMM( 247): RILMM_SIM_Send_onRequestComplete_to_Apps -
12-08 16:31:44.015 D/SIMRecords( 2509): [SIMRecords] EF_MWIS : 000000000000
12-08 16:31:44.015 D/use-Rlog/RLOG-RIL-LTE( 247): RILM_SIM_ReadFileReq_Callback -
12-08 16:31:44.015 D/SIMRecords( 2509): [SIMRecords] onRecordLoaded 7 requested: true
12-08 16:31:44.015 D/use-Rlog/RLOG-RIL-LTE( 247): RILM_SIM_ReadFileReq_Callback +
12-08 16:31:44.015 D/use-Rlog/RLOG-RIL-LTE( 247): RILM_SIM_ReadFileReq_Callback result = 0, failure_cause = 4, file_type = 1, record_size = 0, file_size = 11, num_records = 0, data_length = 11, SW1 = 90, SW2 = 0
12-08 16:31:44.015 D/use-Rlog/RLOG-RILMM( 247): RILMM_SIM_Send_onRequestComplete_to_Apps +
12-08 16:31:44.015 D/use-Rlog/RLOG-RILMM( 247): RILMM_SIM_Send_onRequestComplete_to_Apps -
12-08 16:31:44.017 D/RILJ ( 2509): [3735]< SIM_IO IccIoResponse sw1:0x90 sw2:0x0 [SUB0]
12-08 16:31:44.018 D/RILJ ( 2509): [3736]< SIM_IO IccIoResponse sw1:0x90 sw2:0x0 [SUB0]
12-08 16:31:44.018 D/use-Rlog/RLOG-RIL-LTE( 247): RILM_SIM_ReadFileReq_Callback -
12-08 16:31:44.018 D/use-Rlog/RLOG-RIL-LTE( 247): RILM_SIM_ReadFileReq_Callback +
12-08 16:31:44.018 D/SIMRecords( 2509): [SIMRecords] onRecordLoaded 6 requested: true
12-08 16:31:44.018 D/use-Rlog/RLOG-RIL-LTE( 247): RILM_SIM_ReadFileReq_Callback result = 0, failure_cause = 4, file_type = 1, record_size = 0, file_size = 8, num_records = 0, data_length = 8, SW1 = 90, SW2 = 0
12-08 16:31:44.018 D/use-Rlog/RLOG-RILMM( 247): RILMM_SIM_Send_onRequestComplete_to_Apps +
12-08 16:31:44.018 D/RILJ ( 2509): [3737]< SIM_IO IccIoResponse sw1:0x90 sw2:0x0 [SUB0]
12-08 16:31:44.018 D/use-Rlog/RLOG-RILMM( 247): RILMM_SIM_Send_onRequestComplete_to_Apps -
12-08 16:31:44.018 D/use-Rlog/RLOG-RIL-LTE( 247): RILM_SIM_ReadFileReq_Callback -
12-08 16:31:44.019 D/use-Rlog/RLOG-RIL-LTE( 247): RILM_SIM_ReadFileReq_Callback +
12-08 16:31:44.019 D/use-Rlog/RLOG-RIL-LTE( 247): RILM_SIM_ReadFileReq_Callback result = 0, failure_cause = 4, file_type = 1, record_size = 0, file_size = 8, num_records = 0, data_length = 8, SW1 = 90, SW2 = 0
12-08 16:31:44.019 D/use-Rlog/RLOG-RILMM( 247): RILMM_SIM_Send_onRequestComplete_to_Apps +
12-08 16:31:44.019 D/use-Rlog/RLOG-RILMM( 247): RILMM_SIM_Send_onRequestComplete_to_Apps -
12-08 16:31:44.019 D/use-Rlog/RLOG-RIL-LTE( 247): RILM_SIM_ReadFileReq_Callback -
12-08 16:31:44.019 D/use-Rlog/RLOG-RIL-LTE( 247): RILM_SIM_ReadFileReq_Callback +
12-08 16:31:44.019 D/use-Rlog/RLOG-RIL-LTE( 247): RILM_SIM_ReadFileReq_Callback result = 0, failure_cause = 4, file_type = 1, record_size = 0, file_size = 6, num_records = 0, data_length = 6, SW1 = 90, SW2 = 0
12-08 16:31:44.019 D/use-Rlog/RLOG-RILMM( 247): RILMM_SIM_Send_onRequestComplete_to_Apps +
12-08 16:31:44.019 D/use-Rlog/RLOG-RILMM( 247): RILMM_SIM_Send_onRequestComplete_to_Apps -
12-08 16:31:44.019 D/use-Rlog/RLOG-RIL-LTE( 247): RILM_SIM_ReadFileReq_Callback -
12-08 16:31:44.019 D/use-Rlog/RLOG-RIL-LTE( 247): RILM_SIM_ReadFileReq_Callback +
12-08 16:31:44.019 D/use-Rlog/RLOG-RIL-LTE( 247): RILM_SIM_ReadFileReq_Callback result = 0, failure_cause = 4, file_type = 1, record_size = 0, file_size = 6, num_records = 0, data_length = 6, SW1 = 90, SW2 = 0
12-08 16:31:44.019 D/use-Rlog/RLOG-RILMM( 247): RILMM_SIM_Send_onRequestComplete_to_Apps +
12-08 16:31:44.019 D/use-Rlog/RLOG-RILMM( 247): RILMM_SIM_Send_onRequestComplete_to_Apps -
12-08 16:31:44.019 D/use-Rlog/RLOG-RIL-LTE( 247): RILM_SIM_ReadFileReq_Callback -
12-08 16:31:44.019 D/use-Rlog/RLOG-RIL-LTE( 247): RILM_SIM_GetFileInfoReq_Callback +
12-08 16:31:44.020 D/use-Rlog/RLOG-RIL-LTE( 247): RILM_SIM_GetFileInfoReq_Callback operation_result = 1, failure_cause = 4, file_type = 1, record_size = 0 num_records = 0, file_size = 0, invalidate_status = 0, rw_allowed_when_invalidated = 0
12-08 16:31:44.020 D/use-Rlog/RLOG-RILMM( 247): RILMM_SIM_Send_onRequestComplete_to_Apps +
12-08 16:31:44.020 D/use-Rlog/RLOG-RILMM( 247): RILMM_SIM_Send_onRequestComplete_to_Apps -
12-08 16:31:44.020 D/use-Rlog/RLOG-RIL-LTE( 247): RILM_SIM_GetFileInfoReq_Callback -
12-08 16:31:44.020 D/RILJ ( 2509): [3738]< SIM_IO IccIoResponse sw1:0x90 sw2:0x0 [SUB0]
12-08 16:31:44.020 D/RILJ ( 2509): [3739]< SIM_IO IccIoResponse sw1:0x90 sw2:0x0 [SUB0]
12-08 16:31:44.020 D/RILJ ( 2509): [3740]< SIM_IO IccIoResponse sw1:0x90 sw2:0x0 [SUB0]
12-08 16:31:44.020 D/RILJ ( 2509): [3734]< SIM_IO IccIoResponse sw1:0x94 sw2:0x4 [SUB0]
12-08 16:31:44.021 D/SIMRecords( 2509): [SIMRecords] SST: UsimServiceTable[88]={ SDN, SDN_EXTENSION, OUTGOING_CALL_INFO, INCOMING_CALL_INFO, SM_STORAGE, SM_STATUS_REPORTS, SM_SERVICE_PARAMS, CAP_CONFIG_PARAMS_2, GROUP_ID_LEVEL_1, GROUP_ID_LEVEL_2, USER_PLMN_SELECT, MSISDN, GSM_ACCESS, DATA_DL_VIA_SMS_PP, CALL_CONTROL_BY_USIM, IGNORED_1, ENABLED_SERVICES_TABLE, GSM_SECURITY_CONTEXT, CPBCCH_INFO, INVESTIGATION_SCAN, OPERATOR_PLMN_SELECT, HPLMN_SELECT, EXTENSION_5, PLMN_NETWORK_NAME, OPERATOR_PLMN_LIST, MWI_STATUS, EQUIVALENT_HPLMN, TERMINAL_PROFILE_AFTER_UICC_ACTIVATION, LAST_RPLMN_SELECTION_INDICATION, HPLMN_DIRECT_ACCESS }
12-08 16:31:44.021 D/SIMRecords( 2509): [SIMRecords] onRecordLoaded 5 requested: true
12-08 16:31:44.021 D/SIMRecords( 2509): [SIMRecords] GID1: bae0000000000000
12-08 16:31:44.021 D/SIMRecords( 2509): [SIMRecords] onRecordLoaded 4 requested: true
12-08 16:31:44.021 D/SIMRecords( 2509): [SIMRecords] GID2: ffffffffffffffff
12-08 16:31:44.021 D/SIMRecords( 2509): [SIMRecords] onRecordLoaded 3 requested: true
12-08 16:31:44.021 D/SIMRecords( 2509): [SIMRecords] EF_LI LOADED
12-08 16:31:44.021 D/SIMRecords( 2509): [SIMRecords] EF_LI=656e6573ffff
12-08 16:31:44.021 D/SIMRecords( 2509): [SIMRecords] onRecordLoaded 2 requested: true
12-08 16:31:44.021 D/SIMRecords( 2509): [SIMRecords] EF_PL LOADED
12-08 16:31:44.021 D/SIMRecords( 2509): [SIMRecords] EF_PL=656e6573ffff
12-08 16:31:44.021 D/SIMRecords( 2509): [SIMRecords] onRecordLoaded 1 requested: true
12-08 16:31:44.021 D/RILJ ( 2509): [3751]> iccIO: SIM_IO 0xc0 0x6f18 path: 3F007FFF,0,0,15 aid: A0000000871002F310FFFF89080000FF [SUB0]
12-08 16:31:44.023 D/SIMRecords( 2509): [SIMRecords] onRecordLoaded 1 requested: true
12-08 16:31:44.023 D/use-Rlog/RLOG-RILMM( 247): RILMM_SIM_SimIO_onRequest +
12-08 16:31:44.024 D/use-Rlog/RLOG-RILMM( 247): RILMM_SIM_SimIO_onRequest Reading aid from SIM_IO Req
12-08 16:31:44.024 D/use-Rlog/RLOG-RILMM( 247): RILMM_SIM_SimIO_onRequest Sending req to LTE Modem- RIL_VERSION: 6
12-08 16:31:44.024 D/use-Rlog/RLOG-RILMM( 247): RILMM_SIM_SendRequesttoLTE +
12-08 16:31:44.024 D/use-Rlog/RLOG-RILMM( 247): RILMM_MAIN_send_request Sending Request with token = 815
12-08 16:31:44.024 D/use-Rlog/RLOG-RIL-LTE( 247): RILM_SIM_SimIO_onRequest +
12-08 16:31:44.024 D/use-Rlog/RLOG-RIL-LTE( 247): RILM_SIM_SimIO_onRequest Reading aid from SIM_IO Request
12-08 16:31:44.024 D/use-Rlog/RLOG-RIL-LTE( 247): is_input_ril_sim_io_valid is_input_ril_sim_io_valid = 0
12-08 16:31:44.024 D/use-Rlog/RLOG-RIL-LTE( 247): RILM_SIM_SimIO_onRequest Received AID. RIL_VERSION: 6
12-08 16:31:44.024 D/use-Rlog/RLOG-RIL-LTE( 247): RILM_SIM_SimIO_onRequest -
12-08 16:31:44.024 D/use-Rlog/RLOG-RILMM( 247): RILMM_SIM_SendRequesttoLTE -
12-08 16:31:44.024 D/use-Rlog/RLOG-RILMM( 247): RILMM_SIM_SimIO_onRequest -
12-08 16:31:44.032 D/use-Rlog/RLOG-RIL-LTE( 247): RILM_SIM_IO_OpenExplicitReq_Callback +
12-08 16:31:44.032 D/use-Rlog/RLOG-RIL-LTE( 247): RILM_SIM_IO_OpenExplicitReq_Callback OpenExplicitReq result = 0, file_descriptor = 22
12-08 16:31:44.032 D/use-Rlog/RLOG-RIL-LTE( 247): perform_io_command perform_io_command 192
12-08 16:31:44.032 D/use-Rlog/RLOG-RIL-LTE( 247): RILM_SIM_IO_OpenExplicitReq_Callback -
12-08 16:31:44.033 I/use-Rlog/RLOG-RIL-MX( 247): Read Ch7 << 0440+CRSM=144,0,0000000000
12-08 16:31:44.033 D/use-Rlog/RLOG-RILMM( 247): RILMM_SIM_Send_onRequestComplete_to_Apps +
12-08 16:31:44.033 D/use-Rlog/RLOG-RILMM( 247): RILMM_SIM_Send_onRequestComplete_to_Apps -
12-08 16:31:44.034 D/RILJ ( 2509): [3750]< SIM_IO IccIoResponse sw1:0x90 sw2:0x0 [SUB0]
12-08 16:31:44.034 D/RILJ ( 2509): [3752]> iccIO: SIM_IO 0xb2 0x6f28 path: 3F007FFF,16,4,5 aid: a0000003431002f310ffff89020000ff [SUB0]
12-08 16:31:44.036 D/use-Rlog/RLOG-RILMM( 247): RILMM_SIM_SimIO_onRequest +
12-08 16:31:44.036 D/use-Rlog/RLOG-RILMM( 247): RILMM_SIM_SimIO_onRequest Reading aid from SIM_IO Req
12-08 16:31:44.036 D/use-Rlog/RLOG-RILMM( 247): RILMM_SIM_SimIO_onRequest Sending req to CDMA Modem- RIL_VERSION: 6
12-08 16:31:44.036 D/use-Rlog/RLOG-RILMM( 247): RILMM_MAIN_send_request Sending Request with token = 816
12-08 16:31:44.036 I/use-Rlog/RLOG-RIL-MAIN( 247): onReq: reqCode = 28, dataLen = 36
12-08 16:31:44.036 D/use-Rlog/RLOG-RILMM( 247): RILMM_SIM_SimIO_onRequest -
12-08 16:31:44.036 I/use-Rlog/RLOG-RIL-MX( 247): Ch7 > 0441AT+CRSM=178,28456,16,4,5,,3F007FFF,,,a0000003431002f310ffff89020000ff
12-08 16:31:44.036 I/use-Rlog/RLOG-RIL-MX( 247):
12-08 16:31:44.038 D/use-Rlog/RLOG-RIL-LTE( 247): RILM_SIM_GetFileInfoReq_Callback +
12-08 16:31:44.038 D/use-Rlog/RLOG-RIL-LTE( 247): RILM_SIM_GetFileInfoReq_Callback operation_result = 1, failure_cause = 4, file_type = 1, record_size = 0 num_records = 0, file_size = 0, invalidate_status = 0, rw_allowed_when_invalidated = 0
12-08 16:31:44.038 D/use-Rlog/RLOG-RILMM( 247): RILMM_SIM_Send_onRequestComplete_to_Apps +
12-08 16:31:44.038 D/use-Rlog/RLOG-RILMM( 247): RILMM_SIM_Send_onRequestComplete_to_Apps -
12-08 16:31:44.038 D/use-Rlog/RLOG-RIL-LTE( 247): RILM_SIM_GetFileInfoReq_Callback -
12-08 16:31:44.039 D/RILJ ( 2509): [3751]< SIM_IO IccIoResponse sw1:0x94 sw2:0x4 [SUB0]
12-08 16:31:44.040 D/SIMRecords( 2509): [SIMRecords] No SPN loaded in either CHPS or 3GPP
12-08 16:31:44.040 D/SIMRecords( 2509): [SIMRecords] onRecordLoaded 0 requested: true
12-08 16:31:44.040 D/SIMRecords( 2509): [SIMRecords] record load complete
12-08 16:31:44.050 D/SIMRecords( 2509): [SIMRecords] EF_CFIS and EF_CFF not valid. callForwardingEnabled=-1
12-08 16:31:44.050 D/SIMRecords( 2509): [SIMRecords] onAllRecordsLoaded set 'gsm.sim.operator.numeric' to operator='311480'
12-08 16:31:44.050 D/SIMRecords( 2509): [SIMRecords] update icc_operator_numeric=311480
12-08 16:31:44.051 D/TelephonyManager( 2509): setTelephonyProperty: success phoneId=0 property=gsm.sim.operator.numeric value: 311480 propVal=311480
12-08 16:31:44.052 D/SubscriptionController( 2509): [setMccMnc]+ mcc/mnc:311/480 subId:1
12-08 16:31:44.074 I/use-Rlog/RLOG-RIL-MX( 247): Read Ch7 << 0441+CRSM=144,0,0000000000
